CRAN Package Check Results for Package HandTill2001

Last updated on 2015-05-23 06:46:45.

Flavor Version Tinstall Tcheck Ttotal Status Flags
r-devel-linux-x86_64-debian-clang 0.2-9 0.63 13.60 14.23 NOTE
r-devel-linux-x86_64-debian-gcc 0.2-9 0.77 13.60 14.37 NOTE
r-devel-linux-x86_64-fedora-clang 0.2-9 27.89 NOTE
r-devel-linux-x86_64-fedora-gcc 0.2-9 26.17 NOTE
r-devel-osx-x86_64-clang 0.2-9 33.49 NOTE
r-devel-windows-ix86+x86_64 0.2-9 3.00 24.00 27.00 NOTE
r-patched-linux-x86_64 0.2-9 0.63 13.37 14.00 NOTE
r-patched-solaris-sparc 0.2-9 188.30 NOTE
r-patched-solaris-x86 0.2-9 40.80 NOTE
r-release-linux-x86_64 0.2-9 0.80 13.34 14.15 NOTE
r-release-osx-x86_64-mavericks 0.2-9 NOTE
r-release-osx-x86_64-snowleopard 0.2-9 NOTE
r-release-windows-ix86+x86_64 0.2-9 4.00 24.00 28.00 NOTE
r-oldrel-windows-ix86+x86_64 0.2-9 3.00 27.00 30.00 NOTE

Check Details

Version: 0.2-9
Check: dependencies in R code
Result: NOTE
    Package in Depends field not imported from: ‘methods’
     These packages need to be imported from (in the NAMESPACE file)
     for when this namespace is loaded but not attached.
Flavors: r-devel-linux-x86_64-debian-clang, r-devel-linux-x86_64-debian-gcc, r-devel-linux-x86_64-fedora-clang, r-devel-linux-x86_64-fedora-gcc, r-devel-osx-x86_64-clang, r-devel-windows-ix86+x86_64, r-patched-linux-x86_64, r-patched-solaris-sparc, r-patched-solaris-x86, r-release-linux-x86_64, r-release-osx-x86_64-mavericks, r-release-osx-x86_64-snowleopard, r-release-windows-ix86+x86_64, r-oldrel-windows-ix86+x86_64