CRAN Package Check Results for Package HandTill2001

Last updated on 2015-04-19 23:49:15.

Flavor Version Tinstall Tcheck Ttotal Status Flags
r-devel-linux-x86_64-debian-clang 0.2-9 0.66 13.38 14.04 NOTE
r-devel-linux-x86_64-debian-gcc 0.2-9 0.64 14.02 14.66 NOTE
r-devel-linux-x86_64-fedora-clang 0.2-9 27.52 NOTE
r-devel-linux-x86_64-fedora-gcc 0.2-9 28.26 NOTE
r-devel-osx-x86_64-clang 0.2-9 36.12 NOTE
r-devel-windows-ix86+x86_64 0.2-9 3.00 22.00 25.00 NOTE
r-patched-linux-x86_64 0.2-9 0.64 13.12 13.76 NOTE
r-patched-solaris-sparc 0.2-9 205.10 NOTE
r-patched-solaris-x86 0.2-9 40.10 NOTE
r-release-linux-x86_64 0.2-9 0.64 13.50 14.13 NOTE
r-release-osx-x86_64-mavericks 0.2-9 NOTE
r-release-osx-x86_64-snowleopard 0.2-9 NOTE
r-release-windows-ix86+x86_64 0.2-9 2.00 22.00 24.00 NOTE
r-oldrel-windows-ix86+x86_64 0.2-9 2.00 22.00 24.00 NOTE

Check Details

Version: 0.2-9
Check: dependencies in R code
Result: NOTE
    Package in Depends field not imported from: ‘methods’
     These packages need to be imported from (in the NAMESPACE file)
     for when this namespace is loaded but not attached.
Flavors: r-devel-linux-x86_64-debian-clang, r-devel-linux-x86_64-debian-gcc, r-devel-linux-x86_64-fedora-clang, r-devel-linux-x86_64-fedora-gcc, r-devel-osx-x86_64-clang, r-devel-windows-ix86+x86_64, r-patched-linux-x86_64, r-patched-solaris-sparc, r-patched-solaris-x86, r-release-linux-x86_64, r-release-osx-x86_64-mavericks, r-release-osx-x86_64-snowleopard, r-release-windows-ix86+x86_64, r-oldrel-windows-ix86+x86_64

Version: 0.2-9
Check: Rd cross-references
Result: NOTE
    Package unavailable to check Rd xrefs: ‘pROC’
Flavor: r-release-osx-x86_64-mavericks