CRAN Package Check Results for Package HandTill2001

Last updated on 2015-03-06 21:48:22.

Flavor Version Tinstall Tcheck Ttotal Status Flags
r-devel-linux-x86_64-debian-clang 0.2-9 0.63 13.31 13.94 NOTE
r-devel-linux-x86_64-debian-gcc 0.2-9 0.62 13.08 13.70 NOTE
r-devel-linux-x86_64-fedora-clang 0.2-9 27.20 NOTE
r-devel-linux-x86_64-fedora-gcc 0.2-9 26.06 NOTE
r-devel-osx-x86_64-clang 0.2-9 33.87 NOTE
r-devel-windows-ix86+x86_64 0.2-9 4.00 23.00 27.00 NOTE
r-patched-linux-x86_64 0.2-9 0.91 14.83 15.74 NOTE
r-patched-solaris-sparc 0.2-9 219.90 NOTE
r-patched-solaris-x86 0.2-9 46.30 NOTE
r-release-linux-ix86 0.2-9 1.10 30.38 31.48 NOTE
r-release-linux-x86_64 0.2-9 0.73 14.53 15.26 NOTE
r-release-osx-x86_64-mavericks 0.2-9 NOTE
r-release-osx-x86_64-snowleopard 0.2-9 OK
r-release-windows-ix86+x86_64 0.2-9 4.00 26.00 30.00 NOTE
r-oldrel-windows-ix86+x86_64 0.2-9 4.00 29.00 33.00 NOTE

Check Details

Version: 0.2-9
Check: dependencies in R code
Result: NOTE
    Package in Depends field not imported from: ‘methods’
     These packages need to be imported from (in the NAMESPACE file)
     for when this namespace is loaded but not attached.
Flavors: r-devel-linux-x86_64-debian-clang, r-devel-linux-x86_64-debian-gcc, r-devel-linux-x86_64-fedora-clang, r-devel-linux-x86_64-fedora-gcc, r-devel-osx-x86_64-clang, r-devel-windows-ix86+x86_64, r-patched-linux-x86_64, r-patched-solaris-sparc, r-patched-solaris-x86

Version: 0.2-9
Check: dependencies in R code
Result: NOTE
    Package in Depends field not imported from: ‘methods’
     These packages need to be imported from (in the NAMESPACE file)
     for when this namespace is loaded but not attached.
    See the information on DESCRIPTION files in the chapter ‘Creating R
    packages’ of the ‘Writing R Extensions’ manual.
Flavors: r-release-linux-ix86, r-release-linux-x86_64, r-release-osx-x86_64-mavericks, r-release-windows-ix86+x86_64, r-oldrel-windows-ix86+x86_64