CRAN Package Check Results for Package HandTill2001

Last updated on 2014-09-02 08:47:16.

Flavor Version Tinstall Tcheck Ttotal Status Flags
r-devel-linux-x86_64-debian-clang 0.2-9 0.72 13.12 13.84 NOTE
r-devel-linux-x86_64-debian-gcc 0.2-9 0.66 13.61 14.27 NOTE
r-devel-linux-x86_64-fedora-clang 0.2-9 29.02 NOTE
r-devel-linux-x86_64-fedora-gcc 0.2-9 27.96 NOTE
r-devel-osx-x86_64-clang 0.2-9 33.73 NOTE
r-devel-windows-ix86+x86_64 0.2-9 2.00 24.00 26.00 NOTE
r-patched-linux-x86_64 0.2-9 0.73 13.70 14.43 NOTE
r-patched-solaris-sparc 0.2-9 213.70 NOTE
r-patched-solaris-x86 0.2-9 46.60 NOTE
r-release-linux-ix86 0.2-9 1.07 30.56 31.63 NOTE
r-release-linux-x86_64 0.2-9 0.74 14.14 14.88 NOTE
r-release-osx-x86_64-mavericks 0.2-9 NOTE
r-release-osx-x86_64-snowleopard 0.2-9 OK
r-release-windows-ix86+x86_64 0.2-9 3.00 24.00 27.00 NOTE
r-oldrel-windows-ix86+x86_64 0.2-9 4.00 25.00 29.00 NOTE

Check Details

Version: 0.2-9
Check: dependencies in R code
Result: NOTE
    Package in Depends field not imported from: ‘methods’
     These packages need to be imported from (in the NAMESPACE file)
     for when this namespace is loaded but not attached.
    See the information on DESCRIPTION files in the chapter ‘Creating R
    packages’ of the ‘Writing R Extensions’ manual.
Flavors: r-devel-linux-x86_64-debian-clang, r-devel-linux-x86_64-debian-gcc, r-devel-linux-x86_64-fedora-clang, r-devel-linux-x86_64-fedora-gcc, r-devel-osx-x86_64-clang, r-devel-windows-ix86+x86_64, r-patched-linux-x86_64, r-patched-solaris-sparc, r-patched-solaris-x86, r-release-linux-ix86, r-release-linux-x86_64, r-release-osx-x86_64-mavericks, r-release-windows-ix86+x86_64, r-oldrel-windows-ix86+x86_64