CRAN Package Check Results for Package HandTill2001

Last updated on 2014-10-30 23:47:18.

Flavor Version Tinstall Tcheck Ttotal Status Flags
r-devel-linux-x86_64-debian-clang 0.2-9 0.73 14.18 14.91 NOTE
r-devel-linux-x86_64-debian-gcc 0.2-9 0.66 14.32 14.98 NOTE
r-devel-linux-x86_64-fedora-clang 0.2-9 30.41 NOTE
r-devel-linux-x86_64-fedora-gcc 0.2-9 28.36 NOTE
r-devel-osx-x86_64-clang 0.2-9 36.22 NOTE
r-devel-windows-ix86+x86_64 0.2-9 3.00 23.00 26.00 NOTE
r-patched-linux-x86_64 0.2-9 0.70 14.12 14.82 NOTE
r-patched-solaris-sparc 0.2-9 213.70 NOTE
r-patched-solaris-x86 0.2-9 44.20 NOTE
r-release-linux-ix86 0.2-9 1.06 30.58 31.64 NOTE
r-release-linux-x86_64 0.2-9 1.08 14.71 15.80 NOTE
r-release-osx-x86_64-mavericks 0.2-9 NOTE
r-release-osx-x86_64-snowleopard 0.2-9 OK
r-release-windows-ix86+x86_64 0.2-9 2.00 26.00 28.00 NOTE
r-oldrel-windows-ix86+x86_64 0.2-9 3.00 26.00 29.00 NOTE

Check Details

Version: 0.2-9
Check: dependencies in R code
Result: NOTE
    Package in Depends field not imported from: ‘methods’
     These packages need to be imported from (in the NAMESPACE file)
     for when this namespace is loaded but not attached.
    See the information on DESCRIPTION files in the chapter ‘Creating R
    packages’ of the ‘Writing R Extensions’ manual.
Flavors: r-devel-linux-x86_64-debian-clang, r-devel-linux-x86_64-debian-gcc, r-devel-linux-x86_64-fedora-clang, r-devel-linux-x86_64-fedora-gcc, r-devel-osx-x86_64-clang, r-devel-windows-ix86+x86_64, r-patched-linux-x86_64, r-patched-solaris-sparc, r-patched-solaris-x86, r-release-linux-ix86, r-release-linux-x86_64, r-release-osx-x86_64-mavericks, r-release-windows-ix86+x86_64, r-oldrel-windows-ix86+x86_64