CRAN Package Check Results for Package HandTill2001

Last updated on 2014-04-17 21:47:48.

Flavor Version Tinstall Tcheck Ttotal Status Flags
r-devel-linux-x86_64-debian-clang 0.2-9 0.74 14.76 15.51 NOTE
r-devel-linux-x86_64-debian-gcc 0.2-9 0.81 14.56 15.37 NOTE
r-devel-linux-x86_64-fedora-clang 0.2-9 30.56 NOTE
r-devel-linux-x86_64-fedora-gcc 0.2-9 28.90 NOTE
r-devel-macosx-x86_64-clang 0.2-9 35.69 NOTE
r-devel-macosx-x86_64-gcc 0.2-9 NOTE
r-devel-windows-ix86+x86_64 0.2-9 2.00 25.00 27.00 NOTE
r-patched-linux-x86_64 0.2-9 0.74 14.44 15.18 NOTE
r-patched-solaris-sparc 0.2-9 172.80 NOTE
r-patched-solaris-x86 0.2-9 46.50 NOTE
r-release-linux-ix86 0.2-9 2.00 32.00 34.00 NOTE
r-release-linux-x86_64 0.2-9 0.74 14.28 15.02 NOTE
r-release-macosx-x86_64 0.2-9 OK
r-release-windows-ix86+x86_64 0.2-9 3.00 24.00 27.00 NOTE
r-oldrel-windows-ix86+x86_64 0.2-9 3.00 25.00 28.00 NOTE

Check Details

Version: 0.2-9
Check: dependencies in R code
Result: NOTE
    Package in Depends field not imported from: ‘methods’
     These packages need to be imported from (in the NAMESPACE file)
     for when this namespace is loaded but not attached.
    See the information on DESCRIPTION files in the chapter ‘Creating R
    packages’ of the ‘Writing R Extensions’ manual.
Flavors: r-devel-linux-x86_64-debian-clang, r-devel-linux-x86_64-debian-gcc, r-devel-linux-x86_64-fedora-clang, r-devel-linux-x86_64-fedora-gcc, r-devel-macosx-x86_64-clang, r-devel-macosx-x86_64-gcc, r-devel-windows-ix86+x86_64, r-patched-linux-x86_64, r-patched-solaris-sparc, r-patched-solaris-x86, r-release-linux-ix86, r-release-linux-x86_64, r-release-windows-ix86+x86_64, r-oldrel-windows-ix86+x86_64

Version: 0.2-9
Check: Rd cross-references
Result: NOTE
    Package unavailable to check Rd xrefs: ‘ROCR’
Flavor: r-devel-macosx-x86_64-gcc