CRAN Package Check Results for Package HandTill2001

Last updated on 2014-12-18 08:49:21.

Flavor Version Tinstall Tcheck Ttotal Status Flags
r-devel-linux-x86_64-debian-clang 0.2-9 0.69 14.06 14.76 NOTE
r-devel-linux-x86_64-debian-gcc 0.2-9 0.68 14.00 14.68 NOTE
r-devel-linux-x86_64-fedora-clang 0.2-9 30.45 NOTE
r-devel-linux-x86_64-fedora-gcc 0.2-9 29.37 NOTE
r-devel-osx-x86_64-clang 0.2-9 35.40 NOTE
r-devel-windows-ix86+x86_64 0.2-9 4.00 27.00 31.00 NOTE
r-patched-linux-x86_64 0.2-9 0.75 14.12 14.87 NOTE
r-patched-solaris-sparc 0.2-9 213.70 NOTE
r-patched-solaris-x86 0.2-9 45.80 NOTE
r-release-linux-ix86 0.2-9 0.98 29.08 30.06 NOTE
r-release-linux-x86_64 0.2-9 0.74 14.46 15.20 NOTE
r-release-osx-x86_64-mavericks 0.2-9 NOTE
r-release-osx-x86_64-snowleopard 0.2-9 OK
r-release-windows-ix86+x86_64 0.2-9 3.00 27.00 30.00 NOTE
r-oldrel-windows-ix86+x86_64 0.2-9 3.00 26.00 29.00 NOTE

Check Details

Version: 0.2-9
Check: dependencies in R code
Result: NOTE
    Package in Depends field not imported from: ‘methods’
     These packages need to be imported from (in the NAMESPACE file)
     for when this namespace is loaded but not attached.
    See the information on DESCRIPTION files in the chapter ‘Creating R
    packages’ of the ‘Writing R Extensions’ manual.
Flavors: r-devel-linux-x86_64-debian-clang, r-devel-linux-x86_64-debian-gcc, r-devel-linux-x86_64-fedora-clang, r-devel-linux-x86_64-fedora-gcc, r-devel-osx-x86_64-clang, r-devel-windows-ix86+x86_64, r-patched-linux-x86_64, r-patched-solaris-sparc, r-patched-solaris-x86, r-release-linux-ix86, r-release-linux-x86_64, r-release-osx-x86_64-mavericks, r-release-windows-ix86+x86_64, r-oldrel-windows-ix86+x86_64