CRAN Package Check Results for Package HapEstXXR

Last updated on 2015-04-18 17:50:49.

Flavor Version Tinstall Tcheck Ttotal Status Flags
r-devel-linux-x86_64-debian-clang 0.1-7 2.91 20.18 23.09 WARN
r-devel-linux-x86_64-debian-gcc 0.1-7 4.25 19.19 23.44 NOTE
r-devel-linux-x86_64-fedora-clang 0.1-7 41.70 WARN
r-devel-linux-x86_64-fedora-gcc 0.1-7 42.89 NOTE
r-devel-osx-x86_64-clang 0.1-7 40.33 WARN
r-patched-linux-x86_64 0.1-7 4.02 18.34 22.35 NOTE
r-patched-solaris-sparc 0.1-7 288.20 NOTE
r-patched-solaris-x86 0.1-7 59.10 NOTE
r-release-linux-x86_64 0.1-7 4.05 18.71 22.76 NOTE
r-release-osx-x86_64-mavericks 0.1-7 WARN
r-release-osx-x86_64-snowleopard 0.1-7 NOTE
r-release-windows-ix86+x86_64 0.1-7 17.00 40.00 57.00 NOTE
r-oldrel-windows-ix86+x86_64 0.1-7 22.00 39.00 61.00 OK

Check Details

Version: 0.1-7
Check: whether package can be installed
Result: WARN
    Found the following significant warnings:
     itegeppXXR.c:581:23: warning: format string is not a string literal (potentially insecure) [-Wformat-security]
Flavors: r-devel-linux-x86_64-debian-clang, r-devel-linux-x86_64-fedora-clang, r-devel-osx-x86_64-clang, r-release-osx-x86_64-mavericks

Version: 0.1-7
Check: DESCRIPTION meta-information
Result: NOTE
    Malformed Description field: should contain one or more complete sentences.
Flavors: r-devel-linux-x86_64-debian-clang, r-devel-linux-x86_64-debian-gcc, r-devel-linux-x86_64-fedora-clang, r-devel-linux-x86_64-fedora-gcc, r-devel-osx-x86_64-clang, r-patched-linux-x86_64, r-patched-solaris-sparc, r-patched-solaris-x86, r-release-linux-x86_64, r-release-osx-x86_64-mavericks, r-release-osx-x86_64-snowleopard, r-release-windows-ix86+x86_64