CRAN Package Check Results for Package HapEstXXR

Last updated on 2014-10-31 06:47:19.

Flavor Version Tinstall Tcheck Ttotal Status Flags
r-devel-linux-x86_64-debian-clang 0.1-6 2.87 19.40 22.28 WARN
r-devel-linux-x86_64-debian-gcc 0.1-6 4.11 18.42 22.53 WARN
r-devel-linux-x86_64-fedora-clang 0.1-6 42.60 WARN
r-devel-linux-x86_64-fedora-gcc 0.1-6 39.18 WARN
r-devel-osx-x86_64-clang 0.1-6 40.59 WARN
r-devel-windows-ix86+x86_64 0.1-6 21.00 34.00 55.00 WARN
r-patched-linux-x86_64 0.1-6 4.13 19.33 23.46 WARN
r-patched-solaris-sparc 0.1-6 282.40 NOTE
r-patched-solaris-x86 0.1-6 63.20 NOTE
r-release-linux-ix86 0.1-6 5.38 33.06 38.44 WARN
r-release-linux-x86_64 0.1-6 4.34 19.64 23.98 WARN
r-release-osx-x86_64-mavericks 0.1-6 NOTE
r-release-osx-x86_64-snowleopard 0.1-6 OK
r-release-windows-ix86+x86_64 0.1-6 31.00 36.00 67.00 WARN
r-oldrel-windows-ix86+x86_64 0.1-6 21.00 40.00 61.00 NOTE

Check Details

Version: 0.1-6
Check: whether package can be installed
Result: WARN
    Found the following significant warnings:
     HapRshort.c:847:22: warning: format string contains '\0' within the string body [-Wformat]
     HapRshort.c:854:61: warning: format string contains '\0' within the string body [-Wformat]
     HapRshort.c:871:61: warning: format string contains '\0' within the string body [-Wformat]
     HapRshort.c:1256:23: warning: format string contains '\0' within the string body [-Wformat]
     HapRshort.c:1258:38: warning: format string contains '\0' within the string body [-Wformat]
     HapRshort.c:1428:22: warning: format string contains '\0' within the string body [-Wformat]
     HapRshort.c:1432:28: warning: format string contains '\0' within the string body [-Wformat]
     haptdpnZR.c:573:23: warning: format string contains '\0' within the string body [-Wformat]
     haptdpnZR.c:577:23: warning: format string contains '\0' within the string body [-Wformat]
     haptdpnZR.c:596:23: warning: format string contains '\0' within the string body [-Wformat]
     haptdpnZR.c:599:23: warning: format string contains '\0' within the string body [-Wformat]
     haptdpnZR.c:627:23: warning: format string contains '\0' within the string body [-Wformat]
     haptdpnZR.c:630:23: warning: format string contains '\0' within the string body [-Wformat]
     haptdpnZR.c:820:22: warning: format string contains '\0' within the string body [-Wformat]
     haptdpnZR.c:824:61: warning: format string contains '\0' within the string body [-Wformat]
     haptdpnZR.c:837:61: warning: format string contains '\0' within the string body [-Wformat]
     haptdpnZR.c:1212:23: warning: format string contains '\0' within the string body [-Wformat]
     haptdpnZR.c:1214:38: warning: format string contains '\0' within the string body [-Wformat]
     haptdpnZR.c:1222:36: warning: format string contains '\0' within the string body [-Wformat]
     haptdpnZR.c:1264:35: warning: format string contains '\0' within the string body [-Wformat]
     haptdpnZR.c:1270:41: warning: format string contains '\0' within the string body [-Wformat]
     haptdpnZR.c:1275:35: warning: format string contains '\0' within the string body [-Wformat]
     haptdpnZR.c:1284:35: warning: format string contains '\0' within the string body [-Wformat]
     haptdpnZR.c:1381:22: warning: format string contains '\0' within the string body [-Wformat]
     haptdpnZR.c:1385:28: warning: format string contains '\0' within the string body [-Wformat]
     itegeppXXR.c:573:18: warning: format string contains '\0' within the string body [-Wformat]
     itegeppXXR.c:579:20: warning: format string contains '\0' within the string body [-Wformat]
     itegeppXXR.c:634:32: warning: format string contains '\0' within the string body [-Wformat]
     itegeppXXR.c:655:36: warning: format string contains '\0' within the string body [-Wformat]
     itegeppXXR.c:704:30: warning: format string contains '\0' within the string body [-Wformat]
     itegeppXXR.c:709:25: warning: format string contains '\0' within the string body [-Wformat]
     itegeppXXR.c:781:26: warning: format string contains '\0' within the string body [-Wformat]
     itegeppXXR.c:784:25: warning: format string contains '\0' within the string body [-Wformat]
Flavors: r-devel-linux-x86_64-debian-clang, r-devel-linux-x86_64-fedora-clang, r-devel-osx-x86_64-clang

Version: 0.1-6
Check: dependencies in R code
Result: NOTE
    Package in Depends field not imported from: ‘survival’
     These packages need to be imported from (in the NAMESPACE file)
     for when this namespace is loaded but not attached.
    See the information on DESCRIPTION files in the chapter ‘Creating R
    packages’ of the ‘Writing R Extensions’ manual.
Flavors: r-devel-linux-x86_64-debian-clang, r-devel-linux-x86_64-debian-gcc, r-devel-linux-x86_64-fedora-clang, r-devel-linux-x86_64-fedora-gcc, r-devel-osx-x86_64-clang, r-devel-windows-ix86+x86_64, r-patched-linux-x86_64, r-patched-solaris-sparc, r-patched-solaris-x86, r-release-linux-ix86, r-release-linux-x86_64, r-release-osx-x86_64-mavericks, r-release-windows-ix86+x86_64, r-oldrel-windows-ix86+x86_64

Version: 0.1-6
Check: R code for possible problems
Result: NOTE
    single.snp.test.casecohort.prentice: no visible global function
     definition for ‘Surv’
    single.snp.test.casecohort.prentice: no visible global function
     definition for ‘coxph’
Flavors: r-devel-linux-x86_64-debian-clang, r-devel-linux-x86_64-debian-gcc, r-devel-linux-x86_64-fedora-clang, r-devel-linux-x86_64-fedora-gcc, r-devel-osx-x86_64-clang, r-devel-windows-ix86+x86_64, r-patched-linux-x86_64, r-patched-solaris-sparc, r-patched-solaris-x86

Version: 0.1-6
Check: compiled code
Result: NOTE
    File ‘HapEstXXR/libs/HapEstXXR.so’:
     Found ‘rand’, possibly from ‘rand’ (C)
     Object: ‘rng.o’
     Found ‘srand’, possibly from ‘srand’ (C)
     Object: ‘rng.o’
    
    Compiled code should not call entry points which might terminate R nor
    write to stdout/stderr instead of to the console, nor the C RNG.
    
    See ‘Writing portable packages’ in the ‘Writing R Extensions’ manual.
Flavors: r-devel-linux-x86_64-debian-clang, r-devel-linux-x86_64-debian-gcc, r-devel-linux-x86_64-fedora-clang, r-devel-linux-x86_64-fedora-gcc, r-patched-linux-x86_64, r-patched-solaris-sparc, r-patched-solaris-x86

Version: 0.1-6
Check: whether package can be installed
Result: WARN
    Found the following significant warnings:
     HapRshort.c:847:4: warning: embedded ‘\0’ in format [-Wformat-contains-nul]
     HapRshort.c:855:16: warning: embedded ‘\0’ in format [-Wformat-contains-nul]
     HapRshort.c:872:16: warning: embedded ‘\0’ in format [-Wformat-contains-nul]
     HapRshort.c:1256:2: warning: embedded ‘\0’ in format [-Wformat-contains-nul]
     HapRshort.c:1258:9: warning: embedded ‘\0’ in format [-Wformat-contains-nul]
     HapRshort.c:1428:5: warning: embedded ‘\0’ in format [-Wformat-contains-nul]
     HapRshort.c:1432:5: warning: embedded ‘\0’ in format [-Wformat-contains-nul]
     haptdpnZR.c:573:3: warning: embedded ‘\0’ in format [-Wformat-contains-nul]
     haptdpnZR.c:577:3: warning: embedded ‘\0’ in format [-Wformat-contains-nul]
     haptdpnZR.c:596:3: warning: embedded ‘\0’ in format [-Wformat-contains-nul]
     haptdpnZR.c:599:3: warning: embedded ‘\0’ in format [-Wformat-contains-nul]
     haptdpnZR.c:627:3: warning: embedded ‘\0’ in format [-Wformat-contains-nul]
     haptdpnZR.c:630:3: warning: embedded ‘\0’ in format [-Wformat-contains-nul]
     haptdpnZR.c:820:4: warning: embedded ‘\0’ in format [-Wformat-contains-nul]
     haptdpnZR.c:825:16: warning: embedded ‘\0’ in format [-Wformat-contains-nul]
     haptdpnZR.c:838:16: warning: embedded ‘\0’ in format [-Wformat-contains-nul]
     haptdpnZR.c:1212:2: warning: embedded ‘\0’ in format [-Wformat-contains-nul]
     haptdpnZR.c:1215:2: warning: embedded ‘\0’ in format [-Wformat-contains-nul]
     haptdpnZR.c:1222:7: warning: embedded ‘\0’ in format [-Wformat-contains-nul]
     haptdpnZR.c:1265:9: warning: embedded ‘\0’ in format [-Wformat-contains-nul]
     haptdpnZR.c:1271:19: warning: embedded ‘\0’ in format [-Wformat-contains-nul]
     haptdpnZR.c:1276:9: warning: embedded ‘\0’ in format [-Wformat-contains-nul]
     haptdpnZR.c:1285:9: warning: embedded ‘\0’ in format [-Wformat-contains-nul]
     haptdpnZR.c:1381:5: warning: embedded ‘\0’ in format [-Wformat-contains-nul]
     haptdpnZR.c:1385:5: warning: embedded ‘\0’ in format [-Wformat-contains-nul]
     itegeppXXR.c:573:4: warning: embedded ‘\0’ in format [-Wformat-contains-nul]
     itegeppXXR.c:579:2: warning: embedded ‘\0’ in format [-Wformat-contains-nul]
     itegeppXXR.c:634:9: warning: embedded ‘\0’ in format [-Wformat-contains-nul]
     itegeppXXR.c:655:7: warning: embedded ‘\0’ in format [-Wformat-contains-nul]
     itegeppXXR.c:704:11: warning: embedded ‘\0’ in format [-Wformat-contains-nul]
     itegeppXXR.c:709:7: warning: embedded ‘\0’ in format [-Wformat-contains-nul]
     itegeppXXR.c:781:7: warning: embedded ‘\0’ in format [-Wformat-contains-nul]
     itegeppXXR.c:784:7: warning: embedded ‘\0’ in format [-Wformat-contains-nul]
Flavors: r-devel-linux-x86_64-debian-gcc, r-devel-linux-x86_64-fedora-gcc, r-devel-windows-ix86+x86_64, r-patched-linux-x86_64, r-release-linux-ix86, r-release-linux-x86_64, r-release-windows-ix86+x86_64

Version: 0.1-6
Check: compiled code
Result: NOTE
    File ‘HapEstXXR/libs/HapEstXXR.so’:
     Found ‘_rand’, possibly from ‘rand’ (C)
     Object: ‘rng.o’
     Found ‘_srand’, possibly from ‘srand’ (C)
     Object: ‘rng.o’
    
    Compiled code should not call entry points which might terminate R nor
    write to stdout/stderr instead of to the console, nor the C RNG.
    
    See ‘Writing portable packages’ in the ‘Writing R Extensions’ manual.
Flavor: r-devel-osx-x86_64-clang

Version: 0.1-6
Check: compiled code
Result: NOTE
    File 'HapEstXXR/libs/i386/HapEstXXR.dll':
     Found 'rand', possibly from 'rand' (C)
     Object: 'rng.o'
     Found 'srand', possibly from 'srand' (C)
     Object: 'rng.o'
    File 'HapEstXXR/libs/x64/HapEstXXR.dll':
     Found 'rand', possibly from 'rand' (C)
     Object: 'rng.o'
     Found 'srand', possibly from 'srand' (C)
     Object: 'rng.o'
    
    Compiled code should not call entry points which might terminate R nor
    write to stdout/stderr instead of to the console, nor the C RNG.
    
    See 'Writing portable packages' in the 'Writing R Extensions' manual.
Flavor: r-devel-windows-ix86+x86_64