CRAN Package Check Results for Package HapEstXXR

Last updated on 2015-03-28 05:49:30.

Flavor Version Tinstall Tcheck Ttotal Status Flags
r-devel-linux-x86_64-debian-clang 0.1-7 3.05 19.24 22.29 WARN
r-devel-linux-x86_64-debian-gcc 0.1-7 4.06 18.74 22.80 NOTE
r-devel-linux-x86_64-fedora-clang 0.1-7 42.31 WARN
r-devel-linux-x86_64-fedora-gcc 0.1-7 40.54 NOTE
r-devel-osx-x86_64-clang 0.1-7 43.29 WARN
r-prerel-windows-ix86+x86_64 0.1-7 24.00 34.00 58.00 NOTE
r-prerel-linux-x86_64 0.1-7 4.02 18.48 22.50 NOTE
r-prerel-solaris-sparc 0.1-7 288.20 NOTE
r-prerel-solaris-x86 0.1-7 58.80 NOTE
r-release-linux-x86_64 0.1-7 4.23 20.58 24.81 OK
r-release-osx-x86_64-mavericks 0.1-7 WARN
r-release-osx-x86_64-snowleopard 0.1-7 OK
r-release-windows-ix86+x86_64 0.1-7 29.00 54.00 83.00 OK
r-oldrel-windows-ix86+x86_64 0.1-7 22.00 39.00 61.00 OK

Check Details

Version: 0.1-7
Check: whether package can be installed
Result: WARN
    Found the following significant warnings:
     itegeppXXR.c:581:23: warning: format string is not a string literal (potentially insecure) [-Wformat-security]
Flavors: r-devel-linux-x86_64-debian-clang, r-devel-linux-x86_64-fedora-clang, r-devel-osx-x86_64-clang, r-release-osx-x86_64-mavericks

Version: 0.1-7
Check: DESCRIPTION meta-information
Result: NOTE
    Malformed Description field: should contain one or more complete sentences.
Flavors: r-devel-linux-x86_64-debian-clang, r-devel-linux-x86_64-debian-gcc, r-devel-linux-x86_64-fedora-clang, r-devel-linux-x86_64-fedora-gcc, r-devel-osx-x86_64-clang, r-prerel-windows-ix86+x86_64, r-prerel-linux-x86_64, r-prerel-solaris-sparc, r-prerel-solaris-x86