CRAN Package Check Results for Package HapEstXXR

Last updated on 2015-05-23 17:48:43.

Flavor Version Tinstall Tcheck Ttotal Status Flags
r-devel-linux-x86_64-debian-clang 0.1-7 3.02 19.36 22.38 WARN
r-devel-linux-x86_64-debian-gcc 0.1-7 4.09 18.66 22.76 NOTE
r-devel-linux-x86_64-fedora-clang 0.1-7 42.80 WARN
r-devel-linux-x86_64-fedora-gcc 0.1-7 39.61 NOTE
r-devel-osx-x86_64-clang 0.1-7 39.75 WARN
r-devel-windows-ix86+x86_64 0.1-7 31.00 35.00 66.00 NOTE
r-patched-linux-x86_64 0.1-7 4.17 18.75 22.92 NOTE
r-patched-solaris-sparc 0.1-7 291.00 NOTE
r-patched-solaris-x86 0.1-7 59.50 NOTE
r-release-linux-x86_64 0.1-7 4.15 18.60 22.76 NOTE
r-release-osx-x86_64-mavericks 0.1-7 WARN
r-release-osx-x86_64-snowleopard 0.1-7 NOTE
r-release-windows-ix86+x86_64 0.1-7 17.00 40.00 57.00 NOTE
r-oldrel-windows-ix86+x86_64 0.1-7 29.00 54.00 83.00 OK

Check Details

Version: 0.1-7
Check: whether package can be installed
Result: WARN
    Found the following significant warnings:
     itegeppXXR.c:581:23: warning: format string is not a string literal (potentially insecure) [-Wformat-security]
Flavors: r-devel-linux-x86_64-debian-clang, r-devel-linux-x86_64-fedora-clang, r-devel-osx-x86_64-clang, r-release-osx-x86_64-mavericks

Version: 0.1-7
Check: DESCRIPTION meta-information
Result: NOTE
    Malformed Description field: should contain one or more complete sentences.
Flavors: r-devel-linux-x86_64-debian-clang, r-devel-linux-x86_64-debian-gcc, r-devel-linux-x86_64-fedora-clang, r-devel-linux-x86_64-fedora-gcc, r-devel-osx-x86_64-clang, r-devel-windows-ix86+x86_64, r-patched-linux-x86_64, r-patched-solaris-sparc, r-patched-solaris-x86, r-release-linux-x86_64, r-release-osx-x86_64-mavericks, r-release-osx-x86_64-snowleopard, r-release-windows-ix86+x86_64