CRAN Package Check Results for Package HapEstXXR

Last updated on 2014-12-23 01:49:03.

Flavor Version Tinstall Tcheck Ttotal Status Flags
r-devel-linux-x86_64-debian-clang 0.1-7 3.09 20.60 23.68 WARN
r-devel-linux-x86_64-debian-gcc 0.1-7 4.16 20.36 24.53 OK
r-devel-linux-x86_64-fedora-clang 0.1-7 47.57 WARN
r-devel-linux-x86_64-fedora-gcc 0.1-7 44.52 OK
r-devel-osx-x86_64-clang 0.1-7 44.23 WARN
r-devel-windows-ix86+x86_64 0.1-7 37.00 50.00 87.00 OK
r-patched-linux-x86_64 0.1-7 4.18 20.67 24.84 OK
r-patched-solaris-sparc 0.1-7 309.80 OK
r-patched-solaris-x86 0.1-7 65.40 OK
r-release-linux-ix86 0.1-7 5.23 28.46 33.68 OK
r-release-linux-x86_64 0.1-7 4.06 21.00 25.06 OK
r-release-osx-x86_64-mavericks 0.1-7 WARN
r-release-osx-x86_64-snowleopard 0.1-7 OK
r-release-windows-ix86+x86_64 0.1-7 18.00 38.00 56.00 OK
r-oldrel-windows-ix86+x86_64 0.1-7 20.00 46.00 66.00 OK

Check Details

Version: 0.1-7
Check: whether package can be installed
Result: WARN
    Found the following significant warnings:
     itegeppXXR.c:581:23: warning: format string is not a string literal (potentially insecure) [-Wformat-security]
Flavors: r-devel-linux-x86_64-debian-clang, r-devel-linux-x86_64-fedora-clang, r-devel-osx-x86_64-clang, r-release-osx-x86_64-mavericks