CRAN Package Check Results for Package HapEstXXR

Last updated on 2015-01-29 10:48:12.

Flavor Version Tinstall Tcheck Ttotal Status Flags
r-devel-linux-x86_64-debian-clang 0.1-7 2.91 19.38 22.30 WARN
r-devel-linux-x86_64-debian-gcc 0.1-7 4.36 19.48 23.84 OK
r-devel-linux-x86_64-fedora-clang 0.1-7 46.29 WARN
r-devel-linux-x86_64-fedora-gcc 0.1-7 43.37 OK
r-devel-osx-x86_64-clang 0.1-7 42.79 WARN
r-devel-windows-ix86+x86_64 0.1-7 25.00 35.00 60.00 OK
r-patched-linux-x86_64 0.1-7 4.16 20.63 24.79 OK
r-patched-solaris-sparc 0.1-7 309.90 OK
r-patched-solaris-x86 0.1-7 66.20 OK
r-release-linux-ix86 0.1-7 5.24 33.10 38.34 OK
r-release-linux-x86_64 0.1-7 4.13 20.57 24.70 OK
r-release-osx-x86_64-mavericks 0.1-7 WARN
r-release-osx-x86_64-snowleopard 0.1-7 OK
r-release-windows-ix86+x86_64 0.1-7 18.00 38.00 56.00 OK
r-oldrel-windows-ix86+x86_64 0.1-7 20.00 46.00 66.00 OK

Check Details

Version: 0.1-7
Check: whether package can be installed
Result: WARN
    Found the following significant warnings:
     itegeppXXR.c:581:23: warning: format string is not a string literal (potentially insecure) [-Wformat-security]
Flavors: r-devel-linux-x86_64-debian-clang, r-devel-linux-x86_64-fedora-clang, r-devel-osx-x86_64-clang, r-release-osx-x86_64-mavericks