CRAN Package Check Results for Package HapEstXXR

Last updated on 2014-11-22 10:53:02.

Flavor Version Tinstall Tcheck Ttotal Status Flags
r-devel-linux-x86_64-debian-clang 0.1-7 2.91 21.16 24.07 WARN
r-devel-linux-x86_64-debian-gcc 0.1-7 4.21 20.01 24.22 OK
r-devel-linux-x86_64-fedora-clang 0.1-7 51.52 WARN
r-devel-linux-x86_64-fedora-gcc 0.1-7 44.31 OK
r-devel-osx-x86_64-clang 0.1-7 43.43 WARN
r-devel-windows-ix86+x86_64 0.1-7 22.00 36.00 58.00 OK
r-patched-linux-x86_64 0.1-7 4.06 21.80 25.86 OK
r-patched-solaris-sparc 0.1-7 243.50 OK
r-patched-solaris-x86 0.1-7 66.00 OK
r-release-linux-ix86 0.1-7 5.46 28.56 34.02 OK
r-release-linux-x86_64 0.1-7 4.07 20.26 24.34 OK
r-release-osx-x86_64-mavericks 0.1-7 WARN
r-release-osx-x86_64-snowleopard 0.1-7 OK
r-release-windows-ix86+x86_64 0.1-7 18.00 38.00 56.00 OK
r-oldrel-windows-ix86+x86_64 0.1-7 20.00 46.00 66.00 OK

Check Details

Version: 0.1-7
Check: whether package can be installed
Result: WARN
    Found the following significant warnings:
     itegeppXXR.c:581:23: warning: format string is not a string literal (potentially insecure) [-Wformat-security]
Flavors: r-devel-linux-x86_64-debian-clang, r-devel-linux-x86_64-fedora-clang, r-devel-osx-x86_64-clang, r-release-osx-x86_64-mavericks