CRAN Package Check Results for Package HapEstXXR

Last updated on 2014-07-23 12:47:29.

Flavor Version Tinstall Tcheck Ttotal Status Flags
r-devel-linux-x86_64-debian-clang 0.1-6 2.58 18.88 21.47 NOTE
r-devel-linux-x86_64-debian-gcc 0.1-6 4.03 18.13 22.16 WARN
r-devel-linux-x86_64-fedora-clang 0.1-6 41.63 NOTE
r-devel-linux-x86_64-fedora-gcc 0.1-6 42.53 WARN
r-devel-osx-x86_64-clang 0.1-6 38.54 NOTE
r-devel-windows-ix86+x86_64 0.1-6 21.00 36.00 57.00 WARN
r-patched-linux-x86_64 0.1-6 4.03 18.37 22.40 WARN
r-patched-solaris-sparc 0.1-6 245.10 NOTE
r-patched-solaris-x86 0.1-6 61.10 NOTE
r-release-linux-ix86 0.1-6 5.36 25.75 31.11 WARN
r-release-linux-x86_64 0.1-6 4.05 18.64 22.68 WARN
r-release-osx-x86_64-mavericks 0.1-6 NOTE
r-release-osx-x86_64-snowleopard 0.1-6 OK
r-release-windows-ix86+x86_64 0.1-6 31.00 36.00 67.00 WARN
r-oldrel-windows-ix86+x86_64 0.1-6 21.00 40.00 61.00 NOTE

Check Details

Version: 0.1-6
Check: dependencies in R code
Result: NOTE
    Package in Depends field not imported from: ‘survival’
     These packages need to be imported from (in the NAMESPACE file)
     for when this namespace is loaded but not attached.
    See the information on DESCRIPTION files in the chapter ‘Creating R
    packages’ of the ‘Writing R Extensions’ manual.
Flavors: r-devel-linux-x86_64-debian-clang, r-devel-linux-x86_64-debian-gcc, r-devel-linux-x86_64-fedora-clang, r-devel-linux-x86_64-fedora-gcc, r-devel-osx-x86_64-clang, r-devel-windows-ix86+x86_64, r-patched-linux-x86_64, r-patched-solaris-sparc, r-patched-solaris-x86, r-release-linux-ix86, r-release-linux-x86_64, r-release-osx-x86_64-mavericks, r-release-windows-ix86+x86_64, r-oldrel-windows-ix86+x86_64

Version: 0.1-6
Check: whether package can be installed
Result: WARNING
    Found the following significant warnings:
     HapRshort.c:847:4: warning: embedded ‘\0’ in format [-Wformat-contains-nul]
     HapRshort.c:855:16: warning: embedded ‘\0’ in format [-Wformat-contains-nul]
     HapRshort.c:872:16: warning: embedded ‘\0’ in format [-Wformat-contains-nul]
     HapRshort.c:1256:2: warning: embedded ‘\0’ in format [-Wformat-contains-nul]
     HapRshort.c:1258:9: warning: embedded ‘\0’ in format [-Wformat-contains-nul]
     HapRshort.c:1428:5: warning: embedded ‘\0’ in format [-Wformat-contains-nul]
     HapRshort.c:1432:5: warning: embedded ‘\0’ in format [-Wformat-contains-nul]
     haptdpnZR.c:573:3: warning: embedded ‘\0’ in format [-Wformat-contains-nul]
     haptdpnZR.c:577:3: warning: embedded ‘\0’ in format [-Wformat-contains-nul]
     haptdpnZR.c:596:3: warning: embedded ‘\0’ in format [-Wformat-contains-nul]
     haptdpnZR.c:599:3: warning: embedded ‘\0’ in format [-Wformat-contains-nul]
     haptdpnZR.c:627:3: warning: embedded ‘\0’ in format [-Wformat-contains-nul]
     haptdpnZR.c:630:3: warning: embedded ‘\0’ in format [-Wformat-contains-nul]
     haptdpnZR.c:820:4: warning: embedded ‘\0’ in format [-Wformat-contains-nul]
     haptdpnZR.c:825:16: warning: embedded ‘\0’ in format [-Wformat-contains-nul]
     haptdpnZR.c:838:16: warning: embedded ‘\0’ in format [-Wformat-contains-nul]
     haptdpnZR.c:1212:2: warning: embedded ‘\0’ in format [-Wformat-contains-nul]
     haptdpnZR.c:1215:2: warning: embedded ‘\0’ in format [-Wformat-contains-nul]
     haptdpnZR.c:1222:7: warning: embedded ‘\0’ in format [-Wformat-contains-nul]
     haptdpnZR.c:1265:9: warning: embedded ‘\0’ in format [-Wformat-contains-nul]
     haptdpnZR.c:1271:19: warning: embedded ‘\0’ in format [-Wformat-contains-nul]
     haptdpnZR.c:1276:9: warning: embedded ‘\0’ in format [-Wformat-contains-nul]
     haptdpnZR.c:1285:9: warning: embedded ‘\0’ in format [-Wformat-contains-nul]
     haptdpnZR.c:1381:5: warning: embedded ‘\0’ in format [-Wformat-contains-nul]
     haptdpnZR.c:1385:5: warning: embedded ‘\0’ in format [-Wformat-contains-nul]
     itegeppXXR.c:573:4: warning: embedded ‘\0’ in format [-Wformat-contains-nul]
     itegeppXXR.c:579:2: warning: embedded ‘\0’ in format [-Wformat-contains-nul]
     itegeppXXR.c:634:9: warning: embedded ‘\0’ in format [-Wformat-contains-nul]
     itegeppXXR.c:655:7: warning: embedded ‘\0’ in format [-Wformat-contains-nul]
     itegeppXXR.c:704:11: warning: embedded ‘\0’ in format [-Wformat-contains-nul]
     itegeppXXR.c:709:7: warning: embedded ‘\0’ in format [-Wformat-contains-nul]
     itegeppXXR.c:781:7: warning: embedded ‘\0’ in format [-Wformat-contains-nul]
     itegeppXXR.c:784:7: warning: embedded ‘\0’ in format [-Wformat-contains-nul]
    See ‘/home/hornik/tmp/R.check/r-devel-gcc/Work/PKGS/HapEstXXR.Rcheck/00install.out’ for details.
Flavor: r-devel-linux-x86_64-debian-gcc

Version: 0.1-6
Check: whether package can be installed
Result: WARNING
    Found the following significant warnings:
     HapRshort.c:847:4: warning: embedded ‘\0’ in format [-Wformat-contains-nul]
     HapRshort.c:855:16: warning: embedded ‘\0’ in format [-Wformat-contains-nul]
     HapRshort.c:872:16: warning: embedded ‘\0’ in format [-Wformat-contains-nul]
     HapRshort.c:1256:2: warning: embedded ‘\0’ in format [-Wformat-contains-nul]
     HapRshort.c:1258:9: warning: embedded ‘\0’ in format [-Wformat-contains-nul]
     HapRshort.c:1428:5: warning: embedded ‘\0’ in format [-Wformat-contains-nul]
     HapRshort.c:1432:5: warning: embedded ‘\0’ in format [-Wformat-contains-nul]
     haptdpnZR.c:573:3: warning: embedded ‘\0’ in format [-Wformat-contains-nul]
     haptdpnZR.c:577:3: warning: embedded ‘\0’ in format [-Wformat-contains-nul]
     haptdpnZR.c:596:3: warning: embedded ‘\0’ in format [-Wformat-contains-nul]
     haptdpnZR.c:599:3: warning: embedded ‘\0’ in format [-Wformat-contains-nul]
     haptdpnZR.c:627:3: warning: embedded ‘\0’ in format [-Wformat-contains-nul]
     haptdpnZR.c:630:3: warning: embedded ‘\0’ in format [-Wformat-contains-nul]
     haptdpnZR.c:820:4: warning: embedded ‘\0’ in format [-Wformat-contains-nul]
     haptdpnZR.c:825:16: warning: embedded ‘\0’ in format [-Wformat-contains-nul]
     haptdpnZR.c:838:16: warning: embedded ‘\0’ in format [-Wformat-contains-nul]
     haptdpnZR.c:1212:2: warning: embedded ‘\0’ in format [-Wformat-contains-nul]
     haptdpnZR.c:1215:2: warning: embedded ‘\0’ in format [-Wformat-contains-nul]
     haptdpnZR.c:1222:7: warning: embedded ‘\0’ in format [-Wformat-contains-nul]
     haptdpnZR.c:1265:9: warning: embedded ‘\0’ in format [-Wformat-contains-nul]
     haptdpnZR.c:1271:19: warning: embedded ‘\0’ in format [-Wformat-contains-nul]
     haptdpnZR.c:1276:9: warning: embedded ‘\0’ in format [-Wformat-contains-nul]
     haptdpnZR.c:1285:9: warning: embedded ‘\0’ in format [-Wformat-contains-nul]
     haptdpnZR.c:1381:5: warning: embedded ‘\0’ in format [-Wformat-contains-nul]
     haptdpnZR.c:1385:5: warning: embedded ‘\0’ in format [-Wformat-contains-nul]
     itegeppXXR.c:573:4: warning: embedded ‘\0’ in format [-Wformat-contains-nul]
     itegeppXXR.c:579:2: warning: embedded ‘\0’ in format [-Wformat-contains-nul]
     itegeppXXR.c:634:9: warning: embedded ‘\0’ in format [-Wformat-contains-nul]
     itegeppXXR.c:655:7: warning: embedded ‘\0’ in format [-Wformat-contains-nul]
     itegeppXXR.c:704:11: warning: embedded ‘\0’ in format [-Wformat-contains-nul]
     itegeppXXR.c:709:7: warning: embedded ‘\0’ in format [-Wformat-contains-nul]
     itegeppXXR.c:781:7: warning: embedded ‘\0’ in format [-Wformat-contains-nul]
     itegeppXXR.c:784:7: warning: embedded ‘\0’ in format [-Wformat-contains-nul]
    See ‘/data/gannet/ripley/R/packages/tests-devel/HapEstXXR.Rcheck/00install.out’ for details.
Flavor: r-devel-linux-x86_64-fedora-gcc

Version: 0.1-6
Check: whether package can be installed
Result: WARNING
    Found the following significant warnings:
     HapRshort.c:847:4: warning: embedded '\0' in format [-Wformat-contains-nul]
     HapRshort.c:855:16: warning: embedded '\0' in format [-Wformat-contains-nul]
     HapRshort.c:872:16: warning: embedded '\0' in format [-Wformat-contains-nul]
     HapRshort.c:1256:2: warning: embedded '\0' in format [-Wformat-contains-nul]
     HapRshort.c:1258:9: warning: embedded '\0' in format [-Wformat-contains-nul]
     HapRshort.c:1428:5: warning: embedded '\0' in format [-Wformat-contains-nul]
     HapRshort.c:1432:5: warning: embedded '\0' in format [-Wformat-contains-nul]
     haptdpnZR.c:573:3: warning: embedded '\0' in format [-Wformat-contains-nul]
     haptdpnZR.c:577:3: warning: embedded '\0' in format [-Wformat-contains-nul]
     haptdpnZR.c:596:3: warning: embedded '\0' in format [-Wformat-contains-nul]
     haptdpnZR.c:599:3: warning: embedded '\0' in format [-Wformat-contains-nul]
     haptdpnZR.c:627:3: warning: embedded '\0' in format [-Wformat-contains-nul]
     haptdpnZR.c:630:3: warning: embedded '\0' in format [-Wformat-contains-nul]
     haptdpnZR.c:820:4: warning: embedded '\0' in format [-Wformat-contains-nul]
     haptdpnZR.c:825:16: warning: embedded '\0' in format [-Wformat-contains-nul]
     haptdpnZR.c:838:16: warning: embedded '\0' in format [-Wformat-contains-nul]
     haptdpnZR.c:1212:2: warning: embedded '\0' in format [-Wformat-contains-nul]
     haptdpnZR.c:1215:2: warning: embedded '\0' in format [-Wformat-contains-nul]
     haptdpnZR.c:1222:7: warning: embedded '\0' in format [-Wformat-contains-nul]
     haptdpnZR.c:1265:9: warning: embedded '\0' in format [-Wformat-contains-nul]
     haptdpnZR.c:1271:19: warning: embedded '\0' in format [-Wformat-contains-nul]
     haptdpnZR.c:1276:9: warning: embedded '\0' in format [-Wformat-contains-nul]
     haptdpnZR.c:1285:9: warning: embedded '\0' in format [-Wformat-contains-nul]
     haptdpnZR.c:1381:5: warning: embedded '\0' in format [-Wformat-contains-nul]
     haptdpnZR.c:1385:5: warning: embedded '\0' in format [-Wformat-contains-nul]
     itegeppXXR.c:573:4: warning: embedded '\0' in format [-Wformat-contains-nul]
     itegeppXXR.c:579:2: warning: embedded '\0' in format [-Wformat-contains-nul]
     itegeppXXR.c:634:9: warning: embedded '\0' in format [-Wformat-contains-nul]
     itegeppXXR.c:655:7: warning: embedded '\0' in format [-Wformat-contains-nul]
     itegeppXXR.c:704:11: warning: embedded '\0' in format [-Wformat-contains-nul]
     itegeppXXR.c:709:7: warning: embedded '\0' in format [-Wformat-contains-nul]
     itegeppXXR.c:781:7: warning: embedded '\0' in format [-Wformat-contains-nul]
     itegeppXXR.c:784:7: warning: embedded '\0' in format [-Wformat-contains-nul]
    See 'd:/Rcompile/CRANpkg/local/3.2/HapEstXXR.Rcheck/00install.out' for details.
Flavor: r-devel-windows-ix86+x86_64

Version: 0.1-6
Check: whether package can be installed
Result: WARNING
    Found the following significant warnings:
     HapRshort.c:847:4: warning: embedded ‘\0’ in format [-Wformat-contains-nul]
     HapRshort.c:855:16: warning: embedded ‘\0’ in format [-Wformat-contains-nul]
     HapRshort.c:872:16: warning: embedded ‘\0’ in format [-Wformat-contains-nul]
     HapRshort.c:1256:2: warning: embedded ‘\0’ in format [-Wformat-contains-nul]
     HapRshort.c:1258:9: warning: embedded ‘\0’ in format [-Wformat-contains-nul]
     HapRshort.c:1428:5: warning: embedded ‘\0’ in format [-Wformat-contains-nul]
     HapRshort.c:1432:5: warning: embedded ‘\0’ in format [-Wformat-contains-nul]
     haptdpnZR.c:573:3: warning: embedded ‘\0’ in format [-Wformat-contains-nul]
     haptdpnZR.c:577:3: warning: embedded ‘\0’ in format [-Wformat-contains-nul]
     haptdpnZR.c:596:3: warning: embedded ‘\0’ in format [-Wformat-contains-nul]
     haptdpnZR.c:599:3: warning: embedded ‘\0’ in format [-Wformat-contains-nul]
     haptdpnZR.c:627:3: warning: embedded ‘\0’ in format [-Wformat-contains-nul]
     haptdpnZR.c:630:3: warning: embedded ‘\0’ in format [-Wformat-contains-nul]
     haptdpnZR.c:820:4: warning: embedded ‘\0’ in format [-Wformat-contains-nul]
     haptdpnZR.c:825:16: warning: embedded ‘\0’ in format [-Wformat-contains-nul]
     haptdpnZR.c:838:16: warning: embedded ‘\0’ in format [-Wformat-contains-nul]
     haptdpnZR.c:1212:2: warning: embedded ‘\0’ in format [-Wformat-contains-nul]
     haptdpnZR.c:1215:2: warning: embedded ‘\0’ in format [-Wformat-contains-nul]
     haptdpnZR.c:1222:7: warning: embedded ‘\0’ in format [-Wformat-contains-nul]
     haptdpnZR.c:1265:9: warning: embedded ‘\0’ in format [-Wformat-contains-nul]
     haptdpnZR.c:1271:19: warning: embedded ‘\0’ in format [-Wformat-contains-nul]
     haptdpnZR.c:1276:9: warning: embedded ‘\0’ in format [-Wformat-contains-nul]
     haptdpnZR.c:1285:9: warning: embedded ‘\0’ in format [-Wformat-contains-nul]
     haptdpnZR.c:1381:5: warning: embedded ‘\0’ in format [-Wformat-contains-nul]
     haptdpnZR.c:1385:5: warning: embedded ‘\0’ in format [-Wformat-contains-nul]
     itegeppXXR.c:573:4: warning: embedded ‘\0’ in format [-Wformat-contains-nul]
     itegeppXXR.c:579:2: warning: embedded ‘\0’ in format [-Wformat-contains-nul]
     itegeppXXR.c:634:9: warning: embedded ‘\0’ in format [-Wformat-contains-nul]
     itegeppXXR.c:655:7: warning: embedded ‘\0’ in format [-Wformat-contains-nul]
     itegeppXXR.c:704:11: warning: embedded ‘\0’ in format [-Wformat-contains-nul]
     itegeppXXR.c:709:7: warning: embedded ‘\0’ in format [-Wformat-contains-nul]
     itegeppXXR.c:781:7: warning: embedded ‘\0’ in format [-Wformat-contains-nul]
     itegeppXXR.c:784:7: warning: embedded ‘\0’ in format [-Wformat-contains-nul]
    See ‘/home/hornik/tmp/R.check/r-patched-gcc/Work/PKGS/HapEstXXR.Rcheck/00install.out’ for details.
Flavor: r-patched-linux-x86_64

Version: 0.1-6
Check: whether package can be installed
Result: WARNING
    Found the following significant warnings:
     HapRshort.c:847:4: warning: embedded ‘\0’ in format [-Wformat-contains-nul]
     HapRshort.c:855:16: warning: embedded ‘\0’ in format [-Wformat-contains-nul]
     HapRshort.c:872:16: warning: embedded ‘\0’ in format [-Wformat-contains-nul]
     HapRshort.c:1256:2: warning: embedded ‘\0’ in format [-Wformat-contains-nul]
     HapRshort.c:1258:9: warning: embedded ‘\0’ in format [-Wformat-contains-nul]
     HapRshort.c:1428:5: warning: embedded ‘\0’ in format [-Wformat-contains-nul]
     HapRshort.c:1432:5: warning: embedded ‘\0’ in format [-Wformat-contains-nul]
     haptdpnZR.c:573:3: warning: embedded ‘\0’ in format [-Wformat-contains-nul]
     haptdpnZR.c:577:3: warning: embedded ‘\0’ in format [-Wformat-contains-nul]
     haptdpnZR.c:596:3: warning: embedded ‘\0’ in format [-Wformat-contains-nul]
     haptdpnZR.c:599:3: warning: embedded ‘\0’ in format [-Wformat-contains-nul]
     haptdpnZR.c:627:3: warning: embedded ‘\0’ in format [-Wformat-contains-nul]
     haptdpnZR.c:630:3: warning: embedded ‘\0’ in format [-Wformat-contains-nul]
     haptdpnZR.c:820:4: warning: embedded ‘\0’ in format [-Wformat-contains-nul]
     haptdpnZR.c:825:16: warning: embedded ‘\0’ in format [-Wformat-contains-nul]
     haptdpnZR.c:838:16: warning: embedded ‘\0’ in format [-Wformat-contains-nul]
     haptdpnZR.c:1212:2: warning: embedded ‘\0’ in format [-Wformat-contains-nul]
     haptdpnZR.c:1215:2: warning: embedded ‘\0’ in format [-Wformat-contains-nul]
     haptdpnZR.c:1222:7: warning: embedded ‘\0’ in format [-Wformat-contains-nul]
     haptdpnZR.c:1265:9: warning: embedded ‘\0’ in format [-Wformat-contains-nul]
     haptdpnZR.c:1271:19: warning: embedded ‘\0’ in format [-Wformat-contains-nul]
     haptdpnZR.c:1276:9: warning: embedded ‘\0’ in format [-Wformat-contains-nul]
     haptdpnZR.c:1285:9: warning: embedded ‘\0’ in format [-Wformat-contains-nul]
     haptdpnZR.c:1381:5: warning: embedded ‘\0’ in format [-Wformat-contains-nul]
     haptdpnZR.c:1385:5: warning: embedded ‘\0’ in format [-Wformat-contains-nul]
     itegeppXXR.c:573:4: warning: embedded ‘\0’ in format [-Wformat-contains-nul]
     itegeppXXR.c:579:2: warning: embedded ‘\0’ in format [-Wformat-contains-nul]
     itegeppXXR.c:634:9: warning: embedded ‘\0’ in format [-Wformat-contains-nul]
     itegeppXXR.c:655:7: warning: embedded ‘\0’ in format [-Wformat-contains-nul]
     itegeppXXR.c:704:11: warning: embedded ‘\0’ in format [-Wformat-contains-nul]
     itegeppXXR.c:709:7: warning: embedded ‘\0’ in format [-Wformat-contains-nul]
     itegeppXXR.c:781:7: warning: embedded ‘\0’ in format [-Wformat-contains-nul]
     itegeppXXR.c:784:7: warning: embedded ‘\0’ in format [-Wformat-contains-nul]
    See ‘/home/hornik/tmp/R.check/r-release-gcc/Work/PKGS/HapEstXXR.Rcheck/00install.out’ for details.
Flavors: r-release-linux-ix86, r-release-linux-x86_64

Version: 0.1-6
Check: whether package can be installed
Result: WARNING
    Found the following significant warnings:
     HapRshort.c:847:4: warning: embedded '\0' in format [-Wformat-contains-nul]
     HapRshort.c:855:16: warning: embedded '\0' in format [-Wformat-contains-nul]
     HapRshort.c:872:16: warning: embedded '\0' in format [-Wformat-contains-nul]
     HapRshort.c:1256:2: warning: embedded '\0' in format [-Wformat-contains-nul]
     HapRshort.c:1258:9: warning: embedded '\0' in format [-Wformat-contains-nul]
     HapRshort.c:1428:5: warning: embedded '\0' in format [-Wformat-contains-nul]
     HapRshort.c:1432:5: warning: embedded '\0' in format [-Wformat-contains-nul]
     haptdpnZR.c:573:3: warning: embedded '\0' in format [-Wformat-contains-nul]
     haptdpnZR.c:577:3: warning: embedded '\0' in format [-Wformat-contains-nul]
     haptdpnZR.c:596:3: warning: embedded '\0' in format [-Wformat-contains-nul]
     haptdpnZR.c:599:3: warning: embedded '\0' in format [-Wformat-contains-nul]
     haptdpnZR.c:627:3: warning: embedded '\0' in format [-Wformat-contains-nul]
     haptdpnZR.c:630:3: warning: embedded '\0' in format [-Wformat-contains-nul]
     haptdpnZR.c:820:4: warning: embedded '\0' in format [-Wformat-contains-nul]
     haptdpnZR.c:825:16: warning: embedded '\0' in format [-Wformat-contains-nul]
     haptdpnZR.c:838:16: warning: embedded '\0' in format [-Wformat-contains-nul]
     haptdpnZR.c:1212:2: warning: embedded '\0' in format [-Wformat-contains-nul]
     haptdpnZR.c:1215:2: warning: embedded '\0' in format [-Wformat-contains-nul]
     haptdpnZR.c:1222:7: warning: embedded '\0' in format [-Wformat-contains-nul]
     haptdpnZR.c:1265:9: warning: embedded '\0' in format [-Wformat-contains-nul]
     haptdpnZR.c:1271:19: warning: embedded '\0' in format [-Wformat-contains-nul]
     haptdpnZR.c:1276:9: warning: embedded '\0' in format [-Wformat-contains-nul]
     haptdpnZR.c:1285:9: warning: embedded '\0' in format [-Wformat-contains-nul]
     haptdpnZR.c:1381:5: warning: embedded '\0' in format [-Wformat-contains-nul]
     haptdpnZR.c:1385:5: warning: embedded '\0' in format [-Wformat-contains-nul]
     itegeppXXR.c:573:4: warning: embedded '\0' in format [-Wformat-contains-nul]
     itegeppXXR.c:579:2: warning: embedded '\0' in format [-Wformat-contains-nul]
     itegeppXXR.c:634:9: warning: embedded '\0' in format [-Wformat-contains-nul]
     itegeppXXR.c:655:7: warning: embedded '\0' in format [-Wformat-contains-nul]
     itegeppXXR.c:704:11: warning: embedded '\0' in format [-Wformat-contains-nul]
     itegeppXXR.c:709:7: warning: embedded '\0' in format [-Wformat-contains-nul]
     itegeppXXR.c:781:7: warning: embedded '\0' in format [-Wformat-contains-nul]
     itegeppXXR.c:784:7: warning: embedded '\0' in format [-Wformat-contains-nul]
    See 'd:/Rcompile/CRANpkg/local/3.1/HapEstXXR.Rcheck/00install.out' for details.
Flavor: r-release-windows-ix86+x86_64