CRAN Package Check Results for Package HapEstXXR

Last updated on 2014-04-19 05:47:45.

Flavor Version Tinstall Tcheck Ttotal Status Flags
r-devel-linux-x86_64-debian-clang 0.1-6 2.72 19.36 22.08 NOTE
r-devel-linux-x86_64-debian-gcc 0.1-6 3.97 19.60 23.57 NOTE
r-devel-linux-x86_64-fedora-clang 0.1-6 42.59 NOTE
r-devel-linux-x86_64-fedora-gcc 0.1-6 42.45 NOTE
r-devel-macosx-x86_64-clang 0.1-6 39.25 NOTE
r-devel-macosx-x86_64-gcc 0.1-6 NOTE
r-devel-windows-ix86+x86_64 0.1-6 22.00 44.00 66.00 NOTE
r-patched-linux-x86_64 0.1-6 3.95 19.77 23.72 NOTE
r-patched-solaris-sparc 0.1-6 245.10 NOTE
r-patched-solaris-x86 0.1-6 61.40 NOTE
r-release-linux-ix86 0.1-6 9.00 36.00 45.00 NOTE
r-release-linux-x86_64 0.1-6 4.09 19.35 23.44 NOTE
r-release-macosx-x86_64 0.1-6 OK
r-release-windows-ix86+x86_64 0.1-6 40.00 50.00 90.00 NOTE
r-oldrel-windows-ix86+x86_64 0.1-6 21.00 40.00 61.00 NOTE

Check Details

Version: 0.1-6
Check: dependencies in R code
Result: NOTE
    Package in Depends field not imported from: ‘survival’
     These packages need to be imported from (in the NAMESPACE file)
     for when this namespace is loaded but not attached.
    See the information on DESCRIPTION files in the chapter ‘Creating R
    packages’ of the ‘Writing R Extensions’ manual.
Flavors: r-devel-linux-x86_64-debian-clang, r-devel-linux-x86_64-debian-gcc, r-devel-linux-x86_64-fedora-clang, r-devel-linux-x86_64-fedora-gcc, r-devel-macosx-x86_64-clang, r-devel-macosx-x86_64-gcc, r-devel-windows-ix86+x86_64, r-patched-linux-x86_64, r-patched-solaris-sparc, r-patched-solaris-x86, r-release-linux-ix86, r-release-linux-x86_64, r-release-windows-ix86+x86_64, r-oldrel-windows-ix86+x86_64