CRAN Package Check Results for Package Haplin

Last updated on 2019-02-20 21:53:39 CET.

Flavor Version Tinstall Tcheck Ttotal Status Flags
r-devel-linux-x86_64-debian-clang 7.0.0 18.03 319.28 337.31 OK
r-devel-linux-x86_64-debian-gcc 7.0.0 14.46 234.02 248.48 OK
r-devel-linux-x86_64-fedora-clang 7.0.0 391.19 OK
r-devel-linux-x86_64-fedora-gcc 7.0.0 358.48 OK
r-devel-windows-ix86+x86_64 7.0.0 32.00 425.00 457.00 OK
r-patched-linux-x86_64 7.0.0 OK
r-patched-solaris-x86 7.0.0 469.00 OK
r-release-linux-x86_64 7.0.0 OK
r-release-windows-ix86+x86_64 7.0.0 19.00 388.00 407.00 OK
r-release-osx-x86_64 7.0.0 NOTE
r-oldrel-windows-ix86+x86_64 7.0.0 13.00 360.00 373.00 OK
r-oldrel-osx-x86_64 7.0.0 NOTE

Check Details

Version: 7.0.0
Check: package dependencies
Result: NOTE
    Package suggested but not available for checking: ‘Rmpi’
Flavors: r-release-osx-x86_64, r-oldrel-osx-x86_64