CRAN Package Check Results for Package Haplin

Last updated on 2014-04-24 23:48:04.

Flavor Version Tinstall Tcheck Ttotal Status Flags
r-devel-linux-x86_64-debian-clang 5.3 5.63 255.79 261.42 NOTE
r-devel-linux-x86_64-debian-gcc 5.3 5.54 68.08 73.61 NOTE
r-devel-linux-x86_64-fedora-clang 5.3 164.84 NOTE
r-devel-linux-x86_64-fedora-gcc 5.3 155.78 NOTE
r-devel-osx-x86_64-clang 5.3 128.58 NOTE
r-devel-osx-x86_64-gcc 5.3 NOTE
r-devel-windows-ix86+x86_64 5.3 21.00 88.00 109.00 NOTE
r-patched-linux-x86_64 5.3 5.36 66.56 71.92 NOTE
r-patched-solaris-sparc 5.3 675.50 NOTE
r-patched-solaris-x86 5.3 195.30 NOTE
r-release-linux-ix86 5.3 8.00 103.00 111.00 NOTE
r-release-linux-x86_64 5.3 5.55 66.81 72.36 NOTE
r-release-osx-x86_64-mavericks 5.3 WARN
r-release-osx-x86_64-snowleopard 5.3 ERROR
r-release-windows-ix86+x86_64 5.3 15.00 91.00 106.00 NOTE
r-oldrel-windows-ix86+x86_64 5.3 15.00 87.00 102.00 NOTE

Check Details

Version: 5.3
Check: package dependencies
Result: NOTE
    Depends: includes the non-default packages:
     ‘MASS’ ‘mgcv’ ‘parallel’ ‘GenABEL’ ‘DatABEL’ ‘tools’ ‘filehash’
    Adding so many packages to the search path is excessive and importing
    selectively is preferable.
Flavors: r-devel-linux-x86_64-debian-clang, r-devel-linux-x86_64-debian-gcc, r-devel-linux-x86_64-fedora-clang, r-devel-linux-x86_64-fedora-gcc, r-devel-osx-x86_64-clang, r-devel-osx-x86_64-gcc, r-devel-windows-ix86+x86_64, r-patched-linux-x86_64, r-patched-solaris-sparc, r-patched-solaris-x86, r-release-linux-ix86, r-release-linux-x86_64, r-release-osx-x86_64-mavericks, r-release-osx-x86_64-snowleopard, r-release-windows-ix86+x86_64

Version: 5.3
Check: dependencies in R code
Result: NOTE
    'library' or 'require' call to ‘filehash’ which was already attached by Depends.
     Please remove these calls from your code.
    Packages in Depends field not imported from:
     ‘DatABEL’ ‘GenABEL’ ‘MASS’ ‘filehash’ ‘mgcv’
     These packages need to be imported from (in the NAMESPACE file)
     for when this namespace is loaded but not attached.
    Unexported objects imported by ':::' calls:
     ‘parallel:::closeNode’ ‘parallel:::postNode’ ‘parallel:::recvResult’
     ‘parallel:::sendCall’
     See the note in ?`:::` about the use of this operator.
    See the information on DESCRIPTION files in the chapter ‘Creating R
    packages’ of the ‘Writing R Extensions’ manual.
Flavors: r-devel-linux-x86_64-debian-clang, r-devel-linux-x86_64-debian-gcc, r-devel-linux-x86_64-fedora-clang, r-devel-linux-x86_64-fedora-gcc, r-devel-osx-x86_64-clang, r-devel-osx-x86_64-gcc, r-devel-windows-ix86+x86_64, r-patched-linux-x86_64, r-patched-solaris-x86, r-release-linux-ix86, r-release-linux-x86_64, r-release-osx-x86_64-mavericks, r-release-windows-ix86+x86_64, r-oldrel-windows-ix86+x86_64

Version: 5.3
Check: PDF version of manual
Result: WARNING
    LaTeX errors when creating PDF version.
    This typically indicates Rd problems.
    LaTeX errors found:
    ! LaTeX Error: File `upquote.sty' not found.
    
    Type X to quit or <RETURN> to proceed,
    or enter new name. (Default extension: sty)
    
    9db122e/Rd2.tex:8: ==> Fatal error occurred, no output PDF file produced!
Flavor: r-release-osx-x86_64-mavericks

Version: 5.3
Check: whether package can be installed
Result: ERROR
    Installation failed.
    See ‘/Volumes/XT3/Builds/R-dev-web/QA/Simon/packages/snowleopard-x86_64/results/3.1/Haplin.Rcheck/00install.out’ for details.
Flavor: r-release-osx-x86_64-snowleopard