CRAN Package Check Results for Package Haplin

Last updated on 2019-04-21 17:02:54 CEST.

Flavor Version Tinstall Tcheck Ttotal Status Flags
r-devel-linux-x86_64-debian-clang 7.1.0 18.79 327.53 346.32 OK
r-devel-linux-x86_64-debian-gcc 7.1.0 17.09 243.67 260.76 OK
r-devel-linux-x86_64-fedora-clang 7.1.0 399.67 OK
r-devel-linux-x86_64-fedora-gcc 7.1.0 400.50 OK
r-devel-windows-ix86+x86_64 7.1.0 48.00 441.00 489.00 OK
r-patched-linux-x86_64 7.1.0 17.54 321.72 339.26 OK
r-patched-solaris-x86 7.1.0 491.50 OK
r-release-linux-x86_64 7.1.0 16.64 298.90 315.54 OK
r-release-windows-ix86+x86_64 7.0.0 23.00 322.00 345.00 OK
r-release-osx-x86_64 7.1.0 NOTE
r-oldrel-windows-ix86+x86_64 7.1.0 19.00 447.00 466.00 OK
r-oldrel-osx-x86_64 7.0.0 NOTE

Check Details

Version: 7.1.0
Check: package dependencies
Result: NOTE
    Package suggested but not available for checking: ‘Rmpi’
Flavor: r-release-osx-x86_64

Version: 7.0.0
Check: package dependencies
Result: NOTE
    Package suggested but not available for checking: ‘Rmpi’
Flavor: r-oldrel-osx-x86_64