CRAN Package Check Results for Package Haplin

Last updated on 2019-08-18 04:46:13 CEST.

Flavor Version Tinstall Tcheck Ttotal Status Flags
r-devel-linux-x86_64-debian-clang 7.1.0 19.33 323.22 342.55 NOTE
r-devel-linux-x86_64-debian-gcc 7.1.0 19.11 240.66 259.77 NOTE
r-devel-linux-x86_64-fedora-clang 7.1.0 395.40 NOTE
r-devel-linux-x86_64-fedora-gcc 7.1.0 381.25 NOTE
r-devel-windows-ix86+x86_64 7.1.0 47.00 422.00 469.00 OK
r-patched-linux-x86_64 7.1.0 18.61 317.86 336.47 OK
r-patched-solaris-x86 7.1.0 525.50 OK
r-release-linux-x86_64 7.1.0 17.65 317.35 335.00 OK
r-release-windows-ix86+x86_64 7.1.0 41.00 426.00 467.00 OK
r-release-osx-x86_64 7.1.0 NOTE
r-oldrel-windows-ix86+x86_64 7.1.0 33.00 406.00 439.00 OK
r-oldrel-osx-x86_64 7.1.0 NOTE

Check Details

Version: 7.1.0
Check: for non-standard things in the check directory
Result: NOTE
    Found the following files/directories:
     'exmpl_data_preproc_gen.RData' 'exmpl_data_preproc_gen.ffData'
     'exmpl_haplin_data_gen.RData' 'exmpl_haplin_data_gen.ffData'
     'exmpl_ped_data_gen.RData' 'exmpl_ped_data_gen.ffData'
     'exmpl_ped_data_part_gen.RData' 'exmpl_ped_data_part_gen.ffData'
     'gen_data_men_only_gen.RData' 'gen_data_men_only_gen.ffData'
     'my_data_part_gen.RData' 'my_data_part_gen.ffData'
     'poo_exmpl_data_preproc_gen.RData'
     'poo_exmpl_data_preproc_gen.ffData' 'poo_exmpl_data_read_gen.RData'
     'poo_exmpl_data_read_gen.ffData' 'trial_data_gen.RData'
     'trial_data_gen.ffData'
Flavors: r-devel-linux-x86_64-debian-clang, r-devel-linux-x86_64-debian-gcc, r-devel-linux-x86_64-fedora-clang, r-devel-linux-x86_64-fedora-gcc

Version: 7.1.0
Check: package dependencies
Result: NOTE
    Package suggested but not available for checking: ‘Rmpi’
Flavors: r-release-osx-x86_64, r-oldrel-osx-x86_64