Last updated on 2022-07-04 13:50:30 CEST.
Flavor | Version | Tinstall | Tcheck | Ttotal | Status | Flags |
---|---|---|---|---|---|---|
r-devel-linux-x86_64-debian-clang | 7.3.0 | 20.38 | 365.76 | 386.14 | OK | |
r-devel-linux-x86_64-debian-gcc | 7.3.0 | 20.28 | 263.63 | 283.91 | OK | |
r-devel-linux-x86_64-fedora-clang | 7.3.0 | 472.97 | OK | |||
r-devel-linux-x86_64-fedora-gcc | 7.3.0 | 457.86 | OK | |||
r-devel-windows-x86_64 | 7.3.0 | 55.00 | 404.00 | 459.00 | OK | |
r-patched-linux-x86_64 | 7.3.0 | 23.74 | 336.25 | 359.99 | OK | |
r-release-linux-x86_64 | 7.3.0 | 21.03 | 341.88 | 362.91 | OK | |
r-release-macos-arm64 | 7.3.0 | 138.00 | NOTE | |||
r-release-macos-x86_64 | 7.3.0 | 163.00 | NOTE | |||
r-release-windows-x86_64 | 7.3.0 | 35.00 | 412.00 | 447.00 | OK | |
r-oldrel-macos-arm64 | 7.3.0 | 140.00 | NOTE | |||
r-oldrel-macos-x86_64 | 7.3.0 | 162.00 | NOTE | |||
r-oldrel-windows-ix86+x86_64 | 7.3.0 | 49.00 | 465.00 | 514.00 | OK |
Version: 7.3.0
Check: package dependencies
Result: NOTE
Package suggested but not available for checking: ‘Rmpi’
Flavors: r-release-macos-arm64, r-release-macos-x86_64, r-oldrel-macos-arm64, r-oldrel-macos-x86_64