CRAN Package Check Results for Package HardyWeinberg

Last updated on 2017-10-18 08:48:13.

Flavor Version Tinstall Tcheck Ttotal Status Flags
r-devel-linux-x86_64-debian-clang 1.5.8 13.71 116.84 130.55 WARN
r-devel-linux-x86_64-debian-gcc 1.5.8 13.40 116.19 129.59 OK
r-devel-linux-x86_64-fedora-clang 1.5.8 265.94 WARN
r-devel-linux-x86_64-fedora-gcc 1.5.8 261.51 OK
r-devel-windows-ix86+x86_64 1.5.8 42.00 206.00 248.00 OK
r-patched-linux-x86_64 1.5.8 12.60 108.42 121.02 OK
r-patched-solaris-x86 1.5.8 305.00 OK
r-release-linux-x86_64 1.5.8 13.11 109.53 122.64 OK
r-release-windows-ix86+x86_64 1.5.8 58.00 273.00 331.00 OK
r-release-osx-x86_64 1.5.8 OK
r-oldrel-windows-ix86+x86_64 1.5.8 51.00 233.00 284.00 OK
r-oldrel-osx-x86_64 1.5.8 OK

Check Details

Version: 1.5.8
Check: whether package can be installed
Result: WARN
    Found the following significant warnings:
     SNPHWEX.cpp:50:31: warning: 'long long' is a C++11 extension [-Wc++11-long-long]
     SNPHWEX.cpp:51:65: warning: 'long long' is a C++11 extension [-Wc++11-long-long]
Flavors: r-devel-linux-x86_64-debian-clang, r-devel-linux-x86_64-fedora-clang