CRAN Package Check Results for Package HardyWeinberg

Last updated on 2017-12-13 01:54:42 CET.

Flavor Version Tinstall Tcheck Ttotal Status Flags
r-devel-linux-x86_64-debian-clang 1.5.8 17.36 173.98 191.34 WARN
r-devel-linux-x86_64-debian-gcc 1.5.8 14.21 133.64 147.85 OK
r-devel-linux-x86_64-fedora-clang 1.5.8 235.99 WARN
r-devel-linux-x86_64-fedora-gcc 1.5.8 OK
r-devel-windows-ix86+x86_64 1.5.8 56.00 237.00 293.00 OK
r-patched-linux-x86_64 1.5.8 16.41 187.68 204.09 OK
r-patched-solaris-x86 1.5.8 304.10 OK
r-release-linux-x86_64 1.5.8 17.14 184.82 201.96 OK
r-release-windows-ix86+x86_64 1.5.8 40.00 226.00 266.00 OK
r-release-osx-x86_64 1.5.8 OK
r-oldrel-windows-ix86+x86_64 1.5.8 35.00 290.00 325.00 OK
r-oldrel-osx-x86_64 1.5.8 OK

Check Details

Version: 1.5.8
Check: whether package can be installed
Result: WARN
    Found the following significant warnings:
     SNPHWEX.cpp:50:31: warning: 'long long' is a C++11 extension [-Wc++11-long-long]
     SNPHWEX.cpp:51:65: warning: 'long long' is a C++11 extension [-Wc++11-long-long]
Flavors: r-devel-linux-x86_64-debian-clang, r-devel-linux-x86_64-fedora-clang