CRAN Package Check Results for Package HardyWeinberg

Last updated on 2017-08-18 00:49:59.

Flavor Version Tinstall Tcheck Ttotal Status Flags
r-devel-linux-x86_64-debian-clang 1.5.8 13.81 114.13 127.94 WARN
r-devel-linux-x86_64-debian-gcc 1.5.8 13.21 109.36 122.57 OK
r-devel-linux-x86_64-fedora-clang 1.5.8 278.10 WARN
r-devel-linux-x86_64-fedora-gcc 1.5.8 273.25 OK
r-devel-windows-ix86+x86_64 1.5.8 42.00 196.00 238.00 OK
r-patched-linux-x86_64 1.5.8 13.01 111.82 124.83 OK
r-patched-solaris-x86 1.5.8 302.90 OK
r-release-linux-x86_64 1.5.8 12.79 110.34 123.13 OK
r-release-windows-ix86+x86_64 1.5.8 42.00 221.00 263.00 OK
r-release-osx-x86_64 1.5.8 OK
r-oldrel-windows-ix86+x86_64 1.5.8 41.00 286.00 327.00 OK
r-oldrel-osx-x86_64 1.5.8 OK

Check Details

Version: 1.5.8
Check: whether package can be installed
Result: WARN
    Found the following significant warnings:
     SNPHWEX.cpp:50:31: warning: 'long long' is a C++11 extension [-Wc++11-long-long]
     SNPHWEX.cpp:51:65: warning: 'long long' is a C++11 extension [-Wc++11-long-long]
Flavors: r-devel-linux-x86_64-debian-clang, r-devel-linux-x86_64-fedora-clang