CRAN Package Check Results for Package HardyWeinberg

Last updated on 2017-04-30 11:47:39.

Flavor Version Tinstall Tcheck Ttotal Status Flags
r-devel-linux-x86_64-debian-clang 1.5.7 9.89 118.13 128.01 WARN
r-devel-linux-x86_64-debian-gcc 1.5.7 9.27 114.33 123.60 OK
r-devel-linux-x86_64-fedora-clang 1.5.7 173.39 WARN --no-stop-on-test-error
r-devel-linux-x86_64-fedora-gcc 1.5.7 252.38 OK --no-stop-on-test-error
r-devel-windows-ix86+x86_64 1.5.7 49.00 292.00 341.00 OK
r-patched-linux-x86_64 1.5.7 8.68 115.74 124.43 OK
r-patched-solaris-sparc 1.5.7 1535.80 OK
r-patched-solaris-x86 1.5.7 302.30 OK
r-release-linux-x86_64 1.5.7 8.35 114.42 122.77 OK
r-release-windows-ix86+x86_64 1.5.7 55.00 302.00 357.00 OK
r-release-osx-x86_64 1.5.7 OK
r-oldrel-windows-ix86+x86_64 1.5.7 42.00 297.00 339.00 OK
r-oldrel-osx-x86_64 1.5.7 OK

Check Details

Version: 1.5.7
Check: whether package can be installed
Result: WARN
    Found the following significant warnings:
     SNPHWEX.cpp:50:31: warning: 'long long' is a C++11 extension [-Wc++11-long-long]
     SNPHWEX.cpp:51:65: warning: 'long long' is a C++11 extension [-Wc++11-long-long]
Flavor: r-devel-linux-x86_64-debian-clang

Version: 1.5.7
Flags: --no-stop-on-test-error
Check: whether package can be installed
Result: WARN
    Found the following significant warnings:
     SNPHWEX.cpp:50:31: warning: 'long long' is a C++11 extension [-Wc++11-long-long]
     SNPHWEX.cpp:51:65: warning: 'long long' is a C++11 extension [-Wc++11-long-long]
Flavor: r-devel-linux-x86_64-fedora-clang