CRAN Package Check Results for Package HardyWeinberg

Last updated on 2018-04-24 10:47:05 CEST.

Flavor Version Tinstall Tcheck Ttotal Status Flags
r-devel-linux-x86_64-debian-clang 1.5.9 26.35 160.25 186.60 OK
r-devel-linux-x86_64-debian-gcc 1.5.9 20.56 129.74 150.30 OK
r-devel-linux-x86_64-fedora-clang 1.5.9 243.12 WARN
r-devel-linux-x86_64-fedora-gcc 1.5.9 226.67 OK
r-devel-windows-ix86+x86_64 1.5.9 61.00 203.00 264.00 OK
r-patched-linux-x86_64 1.5.9 24.96 166.73 191.69 OK
r-patched-solaris-x86 1.5.9 312.60 OK
r-release-linux-x86_64 1.5.9 24.59 165.67 190.26 OK
r-release-windows-ix86+x86_64 1.5.9 61.00 203.00 264.00 OK
r-release-osx-x86_64 1.5.9 OK
r-oldrel-windows-ix86+x86_64 1.5.9 44.00 248.00 292.00 OK
r-oldrel-osx-x86_64 1.5.9 OK

Check Details

Version: 1.5.9
Check: whether package can be installed
Result: WARN
    Found the following significant warnings:
     SNPHWEX.cpp:50:31: warning: 'long long' is a C++11 extension [-Wc++11-long-long]
     SNPHWEX.cpp:51:65: warning: 'long long' is a C++11 extension [-Wc++11-long-long]
Flavor: r-devel-linux-x86_64-fedora-clang