CRAN Package Check Results for Package HardyWeinberg

Last updated on 2014-04-24 11:48:47.

Flavor Version Tinstall Tcheck Ttotal Status Flags
r-devel-linux-x86_64-debian-clang 1.5.2 1.73 29.60 31.33 NOTE
r-devel-linux-x86_64-debian-gcc 1.5.2 1.71 29.40 31.11 NOTE
r-devel-linux-x86_64-fedora-clang 1.5.2 63.46 NOTE
r-devel-linux-x86_64-fedora-gcc 1.5.2 62.29 NOTE
r-devel-osx-x86_64-clang 1.5.2 57.92 NOTE
r-devel-osx-x86_64-gcc 1.5.2 NOTE
r-devel-windows-ix86+x86_64 1.5.2 6.00 42.00 48.00 NOTE
r-patched-linux-x86_64 1.5.2 1.75 29.57 31.32 NOTE
r-patched-solaris-sparc 1.5.2 360.00 NOTE
r-patched-solaris-x86 1.5.2 78.70 NOTE
r-release-linux-ix86 1.5.2 3.00 52.00 55.00 NOTE
r-release-linux-x86_64 1.5.2 1.72 29.32 31.03 NOTE
r-release-osx-x86_64-mavericks 1.5.2 NOTE
r-release-osx-x86_64-snowleopard 1.5.2 OK
r-release-windows-ix86+x86_64 1.5.2 6.00 47.00 53.00 NOTE
r-oldrel-windows-ix86+x86_64 1.5.2 6.00 43.00 49.00 NOTE

Check Details

Version: 1.5.2
Check: dependencies in R code
Result: NOTE
    Package in Depends field not imported from: ‘mice’
     These packages need to be imported from (in the NAMESPACE file)
     for when this namespace is loaded but not attached.
    See the information on DESCRIPTION files in the chapter ‘Creating R
    packages’ of the ‘Writing R Extensions’ manual.
Flavors: r-devel-linux-x86_64-debian-clang, r-devel-linux-x86_64-debian-gcc, r-devel-linux-x86_64-fedora-clang, r-devel-linux-x86_64-fedora-gcc, r-devel-osx-x86_64-clang, r-devel-osx-x86_64-gcc, r-devel-windows-ix86+x86_64, r-patched-linux-x86_64, r-patched-solaris-sparc, r-patched-solaris-x86, r-release-linux-ix86, r-release-linux-x86_64, r-release-osx-x86_64-mavericks, r-release-windows-ix86+x86_64, r-oldrel-windows-ix86+x86_64