CRAN Package Check Results for Package HardyWeinberg

Last updated on 2018-06-24 09:49:05 CEST.

Flavor Version Tinstall Tcheck Ttotal Status Flags
r-devel-linux-x86_64-debian-clang 1.6.1 28.08 210.71 238.79 OK
r-devel-linux-x86_64-debian-gcc 1.6.1 23.30 163.35 186.65 OK
r-devel-linux-x86_64-fedora-clang 1.6.1 282.51 WARN
r-devel-linux-x86_64-fedora-gcc 1.6.1 267.61 OK
r-devel-windows-ix86+x86_64 1.6.1 58.00 265.00 323.00 OK
r-patched-linux-x86_64 1.6.1 28.56 190.12 218.68 OK
r-patched-solaris-x86 1.6.1 357.60 OK
r-release-linux-x86_64 1.6.1 28.81 188.41 217.22 OK
r-release-windows-ix86+x86_64 1.6.1 70.00 321.00 391.00 OK
r-release-osx-x86_64 1.6.1 OK
r-oldrel-windows-ix86+x86_64 1.6.1 49.00 5.00 54.00 ERROR
r-oldrel-osx-x86_64 1.6.1 OK

Check Details

Version: 1.6.1
Check: whether package can be installed
Result: WARN
    Found the following significant warnings:
     SNPHWEX.cpp:50:31: warning: 'long long' is a C++11 extension [-Wc++11-long-long]
     SNPHWEX.cpp:51:65: warning: 'long long' is a C++11 extension [-Wc++11-long-long]
Flavor: r-devel-linux-x86_64-fedora-clang

Version: 1.6.1
Check: whether package can be installed
Result: ERROR
    Installation failed.
Flavor: r-oldrel-windows-ix86+x86_64