CRAN Package Check Results for Package HardyWeinberg

Last updated on 2014-07-24 21:48:44.

Flavor Version Tinstall Tcheck Ttotal Status Flags
r-devel-linux-x86_64-debian-clang 1.5.2 1.66 28.10 29.76 NOTE
r-devel-linux-x86_64-debian-gcc 1.5.2 1.62 28.19 29.81 NOTE
r-devel-linux-x86_64-fedora-clang 1.5.2 64.39 NOTE
r-devel-linux-x86_64-fedora-gcc 1.5.2 61.47 NOTE
r-devel-osx-x86_64-clang 1.5.2 54.27 NOTE
r-devel-windows-ix86+x86_64 1.5.2 7.00 47.00 54.00 NOTE
r-patched-linux-x86_64 1.5.2 1.65 28.27 29.92 NOTE
r-patched-solaris-sparc 1.5.2 360.00 NOTE
r-patched-solaris-x86 1.5.2 78.70 NOTE
r-release-linux-ix86 1.5.2 2.32 38.00 40.32 NOTE
r-release-linux-x86_64 1.5.2 1.77 29.00 30.76 NOTE
r-release-osx-x86_64-mavericks 1.5.2 NOTE
r-release-osx-x86_64-snowleopard 1.5.2 OK
r-release-windows-ix86+x86_64 1.5.2 6.00 44.00 50.00 NOTE
r-oldrel-windows-ix86+x86_64 1.5.2 7.00 49.00 56.00 NOTE

Check Details

Version: 1.5.2
Check: dependencies in R code
Result: NOTE
    Package in Depends field not imported from: ‘mice’
     These packages need to be imported from (in the NAMESPACE file)
     for when this namespace is loaded but not attached.
    See the information on DESCRIPTION files in the chapter ‘Creating R
    packages’ of the ‘Writing R Extensions’ manual.
Flavors: r-devel-linux-x86_64-debian-clang, r-devel-linux-x86_64-debian-gcc, r-devel-linux-x86_64-fedora-clang, r-devel-linux-x86_64-fedora-gcc, r-devel-osx-x86_64-clang, r-devel-windows-ix86+x86_64, r-patched-linux-x86_64, r-patched-solaris-sparc, r-patched-solaris-x86, r-release-linux-ix86, r-release-linux-x86_64, r-release-osx-x86_64-mavericks, r-release-windows-ix86+x86_64, r-oldrel-windows-ix86+x86_64