CRAN Package Check Results for Package HardyWeinberg

Last updated on 2015-08-28 03:48:22.

Flavor Version Tinstall Tcheck Ttotal Status Flags
r-devel-linux-x86_64-debian-clang 1.5.5 1.48 102.31 103.79 NOTE
r-devel-linux-x86_64-debian-gcc 1.5.5 1.38 96.05 97.43 NOTE
r-devel-linux-x86_64-fedora-clang 1.5.5 200.95 NOTE
r-devel-linux-x86_64-fedora-gcc 1.5.5 187.09 NOTE
r-devel-osx-x86_64-clang 1.5.5 179.43 OK
r-devel-windows-ix86+x86_64 1.5.5 8.00 179.00 187.00 NOTE
r-patched-linux-x86_64 1.5.5 1.48 101.46 102.94 OK
r-patched-solaris-sparc 1.5.5 1470.90 OK
r-patched-solaris-x86 1.5.5 254.30 OK
r-release-linux-x86_64 1.5.5 1.60 101.46 103.05 OK
r-release-osx-x86_64-mavericks 1.5.5 OK
r-release-windows-ix86+x86_64 1.5.5 8.00 181.00 189.00 OK
r-oldrel-windows-ix86+x86_64 1.5.5 10.00 199.00 209.00 OK

Check Details

Version: 1.5.5
Check: R code for possible problems
Result: NOTE
    CombineChisquare: no visible global function definition for ‘var’
    CombineChisquare: no visible global function definition for ‘pt’
    CombineChisquare: no visible global function definition for ‘qt’
    DnegLow: no visible global function definition for ‘points’
    DnegUp: no visible global function definition for ‘points’
    DposLow: no visible global function definition for ‘points’
    DposUp: no visible global function definition for ‘points’
    HWAlrPlot: no visible global function definition for ‘par’
    HWAlrPlot: no visible global function definition for ‘plot’
    HWAlrPlot: no visible global function definition for ‘lines’
    HWChisq: no visible global function definition for ‘pchisq’
    HWChisqLowerl: no visible global function definition for ‘points’
    HWChisqUpperl: no visible global function definition for ‘points’
    HWClrPlot: no visible global function definition for ‘par’
    HWClrPlot: no visible global function definition for ‘plot’
    HWClrPlot: no visible global function definition for ‘lines’
    HWData: no visible global function definition for ‘runif’
    HWData: no visible global function definition for ‘rbeta’
    HWData: no visible global function definition for ‘rmultinom’
    HWGenotypePlot: no visible global function definition for ‘par’
    HWGenotypePlot: no visible global function definition for ‘plot’
    HWGenotypePlot: no visible global function definition for ‘lines’
    HWGenotypePlot: no visible global function definition for ‘points’
    HWIlrPlot: no visible global function definition for ‘par’
    HWIlrPlot: no visible global function definition for ‘plot’
    HWIlrPlot: no visible global function definition for ‘lines’
    HWLowercl: no visible global function definition for ‘points’
    HWLratio: no visible global function definition for ‘pchisq’
    HWQqplot: no visible global function definition for ‘quantile’
    HWQqplot: no visible global function definition for ‘plot’
    HWQqplot: no visible global function definition for ‘abline’
    HWQqplot: no visible global function definition for ‘points’
    HWTernaryPlot: no visible global function definition for ‘qchisq’
    HWTernaryPlot: no visible global function definition for ‘par’
    HWTernaryPlot: no visible global function definition for ‘plot’
    HWTernaryPlot: no visible global function definition for ‘polygon’
    HWTernaryPlot: no visible global function definition for ‘text’
    HWTernaryPlot: no visible global function definition for ‘lines’
    HWTernaryPlot: no visible global function definition for ‘points’
    HWUppercl: no visible global function definition for ‘points’
    UniqueGenotypeCounts: no visible global function definition for
     ‘aggregate’
    cutoff: no visible global function definition for ‘qchisq’
    mipvalue: no visible global function definition for ‘qnorm’
    mipvalue: no visible global function definition for ‘var’
    mipvalue: no visible global function definition for ‘pt’
    Undefined global functions or variables:
     abline aggregate lines par pchisq plot points polygon pt qchisq qnorm
     qt quantile rbeta rmultinom runif text var
    Consider adding
     importFrom("graphics", "abline", "lines", "par", "plot", "points",
     "polygon", "text")
     importFrom("stats", "aggregate", "pchisq", "pt", "qchisq", "qnorm",
     "qt", "quantile", "rbeta", "rmultinom", "runif", "var")
    to your NAMESPACE.
Flavors: r-devel-linux-x86_64-debian-clang, r-devel-linux-x86_64-debian-gcc, r-devel-linux-x86_64-fedora-clang, r-devel-linux-x86_64-fedora-gcc, r-devel-windows-ix86+x86_64