CRAN Package Check Results for Package HardyWeinberg

Last updated on 2017-06-28 18:46:49.

Flavor Version Tinstall Tcheck Ttotal Status Flags
r-devel-linux-x86_64-debian-clang 1.5.8 13.84 113.37 127.21 WARN
r-devel-linux-x86_64-debian-gcc 1.5.8 13.55 110.61 124.16 OK
r-devel-linux-x86_64-fedora-clang 1.5.8 262.25 WARN
r-devel-linux-x86_64-fedora-gcc 1.5.8 250.31 OK
r-devel-windows-ix86+x86_64 1.5.8 44.00 208.00 252.00 OK
r-patched-linux-x86_64 1.5.8 13.02 117.45 130.47 OK
r-patched-solaris-sparc 1.5.8 1532.20 OK
r-patched-solaris-x86 1.5.8 311.20 OK
r-release-linux-x86_64 1.5.8 12.87 112.49 125.37 OK
r-release-windows-ix86+x86_64 1.5.8 46.00 297.00 343.00 OK
r-release-osx-x86_64 1.5.8 OK
r-oldrel-windows-ix86+x86_64 1.5.8 60.00 284.00 344.00 OK
r-oldrel-osx-x86_64 1.5.8 OK

Check Details

Version: 1.5.8
Check: whether package can be installed
Result: WARN
    Found the following significant warnings:
     SNPHWEX.cpp:50:31: warning: 'long long' is a C++11 extension [-Wc++11-long-long]
     SNPHWEX.cpp:51:65: warning: 'long long' is a C++11 extension [-Wc++11-long-long]
Flavors: r-devel-linux-x86_64-debian-clang, r-devel-linux-x86_64-fedora-clang