CRAN Package Check Results for Package HeterFunctionalData

Last updated on 2022-10-03 00:50:55 CEST.

Flavor Version Tinstall Tcheck Ttotal Status Flags
r-devel-linux-x86_64-debian-clang 0.1.0 1.91 29.44 31.35 NOTE
r-devel-linux-x86_64-debian-gcc 0.1.0 2.31 22.39 24.70 NOTE
r-devel-linux-x86_64-fedora-clang 0.1.0 51.51 NOTE
r-devel-linux-x86_64-fedora-gcc 0.1.0 48.93 NOTE
r-devel-windows-x86_64 0.1.0 75.00 59.00 134.00 NOTE
r-patched-linux-x86_64 0.1.0 2.79 28.00 30.79 NOTE
r-release-linux-x86_64 0.1.0 2.05 27.98 30.03 NOTE
r-release-macos-arm64 0.1.0 18.00 NOTE
r-release-macos-x86_64 0.1.0 24.00 NOTE
r-release-windows-x86_64 0.1.0 8.00 51.00 59.00 NOTE
r-oldrel-macos-arm64 0.1.0 20.00 NOTE
r-oldrel-macos-x86_64 0.1.0 39.00 NOTE
r-oldrel-windows-ix86+x86_64 0.1.0 6.00 41.00 47.00 NOTE

Check Details

Version: 0.1.0
Check: LazyData
Result: NOTE
     'LazyData' is specified without a 'data' directory
Flavors: r-devel-linux-x86_64-debian-clang, r-devel-linux-x86_64-debian-gcc, r-devel-linux-x86_64-fedora-clang, r-devel-linux-x86_64-fedora-gcc, r-devel-windows-x86_64, r-patched-linux-x86_64, r-release-linux-x86_64, r-release-macos-arm64, r-release-macos-x86_64, r-release-windows-x86_64, r-oldrel-macos-arm64, r-oldrel-macos-x86_64, r-oldrel-windows-ix86+x86_64