Last updated on 2023-03-29 17:50:11 CEST.
Flavor | Version | Tinstall | Tcheck | Ttotal | Status | Flags |
---|---|---|---|---|---|---|
r-devel-linux-x86_64-debian-clang | 1.0.0 | 9.71 | 76.82 | 86.53 | OK | |
r-devel-linux-x86_64-debian-gcc | 1.0.0 | 7.78 | 59.80 | 67.58 | OK | |
r-devel-linux-x86_64-fedora-clang | 1.0.0 | 105.96 | OK | |||
r-devel-linux-x86_64-fedora-gcc | 1.0.0 | 116.81 | OK | |||
r-devel-windows-x86_64 | 1.0.0 | 18.00 | 109.00 | 127.00 | OK | |
r-patched-linux-x86_64 | 1.0.0 | 7.74 | 75.12 | 82.86 | OK | |
r-release-linux-x86_64 | 1.0.0 | 8.55 | 75.16 | 83.71 | OK | |
r-release-macos-arm64 | 1.0.0 | 5.00 | ERROR | |||
r-release-macos-x86_64 | 1.0.0 | 8.00 | ERROR | |||
r-release-windows-x86_64 | 1.0.0 | 23.00 | 112.00 | 135.00 | OK | |
r-oldrel-macos-arm64 | 1.0.0 | 9.00 | ERROR | |||
r-oldrel-macos-x86_64 | 1.0.0 | 11.00 | ERROR | |||
r-oldrel-windows-ix86+x86_64 | 1.0.0 | 20.00 | 103.00 | 123.00 | OK |
Version: 1.0.0
Check: package dependencies
Result: ERROR
Package required but not available: ‘fmrs’
See section ‘The DESCRIPTION file’ in the ‘Writing R Extensions’
manual.
Flavors: r-release-macos-arm64, r-release-macos-x86_64, r-oldrel-macos-arm64, r-oldrel-macos-x86_64