CRAN Package Check Results for Package HiCblock

Last updated on 2019-04-22 09:49:23 CEST.

Flavor Version Tinstall Tcheck Ttotal Status Flags
r-devel-linux-x86_64-debian-clang 1.4 29.97 262.23 292.20 OK
r-devel-linux-x86_64-debian-gcc 1.4 26.56 209.19 235.75 OK
r-devel-linux-x86_64-fedora-clang 1.4 359.34 OK
r-devel-linux-x86_64-fedora-gcc 1.4 384.14 OK
r-devel-windows-ix86+x86_64 1.4 68.00 308.00 376.00 OK
r-patched-linux-x86_64 1.4 27.80 259.06 286.86 OK
r-patched-solaris-x86 1.4 543.80 OK
r-release-linux-x86_64 1.4 20.08 250.58 270.66 OK
r-release-windows-ix86+x86_64 1.4 33.00 306.00 339.00 NOTE
r-release-osx-x86_64 1.4 ERROR
r-oldrel-windows-ix86+x86_64 1.4 32.00 303.00 335.00 OK
r-oldrel-osx-x86_64 1.4 OK

Check Details

Version: 1.4
Check: data for non-ASCII characters
Result: NOTE
     Error in .requirePackage(package) :
     unable to find required package 'HiTC'
     Calls: <Anonymous> ... getClass -> getClassDef -> .classEnv -> .requirePackage
     Execution halted
Flavor: r-release-windows-ix86+x86_64

Version: 1.4
Check: package dependencies
Result: ERROR
    Packages required but not available: ‘rtracklayer’ ‘HiTC’
    
    See section ‘The DESCRIPTION file’ in the ‘Writing R Extensions’
    manual.
Flavor: r-release-osx-x86_64