CRAN Package Check Results for Package HiCblock

Last updated on 2019-06-16 20:47:04 CEST.

Flavor Version Tinstall Tcheck Ttotal Status Flags
r-devel-linux-x86_64-debian-clang 1.4 27.52 259.81 287.33 OK
r-devel-linux-x86_64-debian-gcc 1.4 26.31 211.70 238.01 OK
r-devel-linux-x86_64-fedora-clang 1.4 360.75 OK
r-devel-linux-x86_64-fedora-gcc 1.4 353.01 OK
r-devel-windows-ix86+x86_64 1.4 75.00 251.00 326.00 OK
r-patched-linux-x86_64 1.4 29.49 259.23 288.72 OK
r-patched-solaris-x86 1.4 538.70 OK
r-release-linux-x86_64 1.4 27.67 257.02 284.69 OK
r-release-windows-ix86+x86_64 1.4 53.00 333.00 386.00 OK
r-release-osx-x86_64 1.4 ERROR
r-oldrel-windows-ix86+x86_64 1.4 26.00 305.00 331.00 OK
r-oldrel-osx-x86_64 1.4 ERROR

Check Details

Version: 1.4
Check: package dependencies
Result: ERROR
    Packages required but not available:
     'IRanges', 'GenomeInfoDb', 'GenomicRanges', 'rtracklayer', 'HiTC',
     'S4Vectors'
    
    See section ‘The DESCRIPTION file’ in the ‘Writing R Extensions’
    manual.
Flavor: r-release-osx-x86_64

Version: 1.4
Check: package dependencies
Result: ERROR
    Packages required but not available: ‘rtracklayer’ ‘HiTC’
    
    See section ‘The DESCRIPTION file’ in the ‘Writing R Extensions’
    manual.
Flavor: r-oldrel-osx-x86_64