CRAN Package Check Results for Package HiPLARM

Last updated on 2017-04-30 23:51:32.

Flavor Version Tinstall Tcheck Ttotal Status Flags
r-devel-linux-x86_64-debian-clang 0.1 2.89 37.42 40.31 WARN --install=fake
r-devel-linux-x86_64-debian-gcc 0.1 2.87 36.95 39.81 WARN --install=fake
r-devel-linux-x86_64-fedora-clang 0.1 84.01 WARN --install=fake --no-stop-on-test-error
r-devel-linux-x86_64-fedora-gcc 0.1 81.13 WARN --install=fake --no-stop-on-test-error
r-patched-linux-x86_64 0.1 2.83 37.34 40.17 NOTE --install=fake
r-release-linux-x86_64 0.1 2.87 38.92 41.79 NOTE --install=fake
r-release-osx-x86_64 0.1 ERROR
r-oldrel-osx-x86_64 0.1 ERROR

Check Details

Version: 0.1
Flags: --install=fake
Check: top-level files
Result: NOTE
    Non-standard files/directories found at top level:
     ‘InstallScript’ ‘Installation.html’
Flavors: r-devel-linux-x86_64-debian-clang, r-devel-linux-x86_64-debian-gcc, r-patched-linux-x86_64, r-release-linux-x86_64

Version: 0.1
Flags: --install=fake
Check: dependencies in R code
Result: NOTE
    Unexported object imported by a ':::' call: ‘Matrix:::copyClass’
     See the note in ?`:::` about the use of this operator.
Flavors: r-devel-linux-x86_64-debian-clang, r-devel-linux-x86_64-debian-gcc, r-patched-linux-x86_64, r-release-linux-x86_64

Version: 0.1
Flags: --install=fake
Check: R code for possible problems
Result: NOTE
    OptimiseChol2invDtr: no visible global function definition for ‘rnorm’
    OptimiseLU: no visible global function definition for ‘rnorm’
    OptimiseSolveDge: no visible global function definition for ‘rnorm’
    OptimiseSolveDgemat: no visible global function definition for ‘rnorm’
    OptimiseSolveDpoDge: no visible global function definition for ‘rnorm’
    OptimiseSolveDpomat: no visible global function definition for ‘rnorm’
    OptimiseSolveDtr: no visible global function definition for ‘rnorm’
    OptimiseSolveDtrmat: no visible global function definition for ‘rnorm’
    OptimisecrossprodDge: no visible global function definition for ‘rnorm’
    OptimisecrossprodDgeDge: no visible global function definition for
     ‘rnorm’
    OptimisecrossprodDgemat: no visible global function definition for
     ‘rnorm’
    OptimisedetDge: no visible global function definition for ‘rnorm’
    OptimisematmulDgeDge: no visible global function definition for ‘rnorm’
    OptimisematmulDgemat: no visible global function definition for ‘rnorm’
    OptimisematmulDtrDtr: no visible global function definition for ‘rnorm’
    OptimisematmulDtrmat: no visible global function definition for ‘rnorm’
    OptimisenormDge: no visible global function definition for ‘rnorm’
    OptimisercondDge: no visible global function definition for ‘rnorm’
    Undefined global functions or variables:
     rnorm
    Consider adding
     importFrom("stats", "rnorm")
    to your NAMESPACE file.
Flavors: r-devel-linux-x86_64-debian-clang, r-devel-linux-x86_64-debian-gcc, r-patched-linux-x86_64, r-release-linux-x86_64

Version: 0.1
Flags: --install=fake
Check: for code/documentation mismatches
Result: WARN
    Functions or methods with usage in documentation object 'chol' but not in code:
     chol
    
    Functions or methods with usage in documentation object 'crossprod' but not in code:
     crossprod
    
    Functions or methods with usage in documentation object 'lu' but not in code:
     lu
    
    Functions or methods with usage in documentation object 'tcrossprod' but not in code:
     tcrossprod
Flavors: r-devel-linux-x86_64-debian-clang, r-devel-linux-x86_64-debian-gcc

Version: 0.1
Flags: --install=fake
Check: compilation flags in Makevars
Result: NOTE
    Package has both ‘src/Makevars.in’ and ‘src/Makevars’.
    Installation with --no-configure' is unlikely to work. If you intended
    ‘src/Makevars’ to be used on Windows, rename it to ‘src/Makevars.win’
    otherwise remove it. If ‘configure’ created ‘src/Makevars’, you need a
    ‘cleanup’ script.
Flavors: r-devel-linux-x86_64-debian-clang, r-devel-linux-x86_64-debian-gcc, r-patched-linux-x86_64, r-release-linux-x86_64

Version: 0.1
Flags: --install=fake --no-stop-on-test-error
Check: top-level files
Result: NOTE
    Non-standard files/directories found at top level:
     ‘InstallScript’ ‘Installation.html’
Flavors: r-devel-linux-x86_64-fedora-clang, r-devel-linux-x86_64-fedora-gcc

Version: 0.1
Flags: --install=fake --no-stop-on-test-error
Check: dependencies in R code
Result: NOTE
    Unexported object imported by a ':::' call: ‘Matrix:::copyClass’
     See the note in ?`:::` about the use of this operator.
Flavors: r-devel-linux-x86_64-fedora-clang, r-devel-linux-x86_64-fedora-gcc

Version: 0.1
Flags: --install=fake --no-stop-on-test-error
Check: R code for possible problems
Result: NOTE
    OptimiseChol2invDtr: no visible global function definition for ‘rnorm’
    OptimiseLU: no visible global function definition for ‘rnorm’
    OptimiseSolveDge: no visible global function definition for ‘rnorm’
    OptimiseSolveDgemat: no visible global function definition for ‘rnorm’
    OptimiseSolveDpoDge: no visible global function definition for ‘rnorm’
    OptimiseSolveDpomat: no visible global function definition for ‘rnorm’
    OptimiseSolveDtr: no visible global function definition for ‘rnorm’
    OptimiseSolveDtrmat: no visible global function definition for ‘rnorm’
    OptimisecrossprodDge: no visible global function definition for ‘rnorm’
    OptimisecrossprodDgeDge: no visible global function definition for
     ‘rnorm’
    OptimisecrossprodDgemat: no visible global function definition for
     ‘rnorm’
    OptimisedetDge: no visible global function definition for ‘rnorm’
    OptimisematmulDgeDge: no visible global function definition for ‘rnorm’
    OptimisematmulDgemat: no visible global function definition for ‘rnorm’
    OptimisematmulDtrDtr: no visible global function definition for ‘rnorm’
    OptimisematmulDtrmat: no visible global function definition for ‘rnorm’
    OptimisenormDge: no visible global function definition for ‘rnorm’
    OptimisercondDge: no visible global function definition for ‘rnorm’
    Undefined global functions or variables:
     rnorm
    Consider adding
     importFrom("stats", "rnorm")
    to your NAMESPACE file.
Flavors: r-devel-linux-x86_64-fedora-clang, r-devel-linux-x86_64-fedora-gcc

Version: 0.1
Flags: --install=fake --no-stop-on-test-error
Check: for code/documentation mismatches
Result: WARN
    Functions or methods with usage in documentation object 'chol' but not in code:
     chol
    
    Functions or methods with usage in documentation object 'crossprod' but not in code:
     crossprod
    
    Functions or methods with usage in documentation object 'lu' but not in code:
     lu
    
    Functions or methods with usage in documentation object 'tcrossprod' but not in code:
     tcrossprod
Flavors: r-devel-linux-x86_64-fedora-clang, r-devel-linux-x86_64-fedora-gcc

Version: 0.1
Flags: --install=fake --no-stop-on-test-error
Check: compilation flags in Makevars
Result: NOTE
    Package has both ‘src/Makevars.in’ and ‘src/Makevars’.
    Installation with --no-configure' is unlikely to work. If you intended
    ‘src/Makevars’ to be used on Windows, rename it to ‘src/Makevars.win’
    otherwise remove it. If ‘configure’ created ‘src/Makevars’, you need a
    ‘cleanup’ script.
Flavors: r-devel-linux-x86_64-fedora-clang, r-devel-linux-x86_64-fedora-gcc

Version: 0.1
Check: whether package can be installed
Result: ERROR
    Installation failed.
Flavors: r-release-osx-x86_64, r-oldrel-osx-x86_64