CRAN Package Check Results for Package HiPLARM

Last updated on 2018-01-16 23:48:50 CET.

Flavor Version Tinstall Tcheck Ttotal Status Flags
r-release-osx-x86_64 0.1 ERROR

Check Details

Version: 0.1
Check: whether package can be installed
Result: ERROR
    Installation failed.
Flavor: r-release-osx-x86_64