CRAN Package Check Results for Package HiPLARM

Last updated on 2015-08-30 19:47:04.

Flavor Version Tinstall Tcheck Ttotal Status Flags
r-devel-linux-x86_64-debian-clang 0.1 3.30 35.59 38.90 NOTE --install=fake
r-devel-linux-x86_64-debian-gcc 0.1 3.85 35.02 38.87 NOTE --install=fake
r-devel-linux-x86_64-fedora-clang 0.1 75.40 NOTE --install=fake
r-devel-linux-x86_64-fedora-gcc 0.1 70.65 NOTE --install=fake
r-patched-linux-x86_64 0.1 3.07 37.54 40.60 NOTE --install=fake
r-release-linux-x86_64 0.1 3.13 38.02 41.15 NOTE --install=fake
r-release-osx-x86_64-mavericks 0.1 ERROR

Check Details

Version: 0.1
Flags: --install=fake
Check: top-level files
Result: NOTE
    Non-standard files/directories found at top level:
     ‘InstallScript’ ‘Installation.html’
Flavors: r-devel-linux-x86_64-debian-clang, r-devel-linux-x86_64-debian-gcc, r-devel-linux-x86_64-fedora-clang, r-devel-linux-x86_64-fedora-gcc, r-patched-linux-x86_64, r-release-linux-x86_64

Version: 0.1
Flags: --install=fake
Check: dependencies in R code
Result: NOTE
    Unexported object imported by a ':::' call: ‘Matrix:::copyClass’
     See the note in ?`:::` about the use of this operator.
Flavors: r-devel-linux-x86_64-debian-clang, r-devel-linux-x86_64-debian-gcc, r-devel-linux-x86_64-fedora-clang, r-devel-linux-x86_64-fedora-gcc, r-patched-linux-x86_64, r-release-linux-x86_64

Version: 0.1
Flags: --install=fake
Check: R code for possible problems
Result: NOTE
    OptimiseChol2invDtr: no visible global function definition for ‘rnorm’
    OptimiseLU: no visible global function definition for ‘rnorm’
    OptimiseSolveDge: no visible global function definition for ‘rnorm’
    OptimiseSolveDgemat: no visible global function definition for ‘rnorm’
    OptimiseSolveDpoDge: no visible global function definition for ‘rnorm’
    OptimiseSolveDpomat: no visible global function definition for ‘rnorm’
    OptimiseSolveDtr: no visible global function definition for ‘rnorm’
    OptimiseSolveDtrmat: no visible global function definition for ‘rnorm’
    OptimisecrossprodDge: no visible global function definition for ‘rnorm’
    OptimisecrossprodDgeDge: no visible global function definition for
     ‘rnorm’
    OptimisecrossprodDgemat: no visible global function definition for
     ‘rnorm’
    OptimisedetDge: no visible global function definition for ‘rnorm’
    OptimisematmulDgeDge: no visible global function definition for ‘rnorm’
    OptimisematmulDgemat: no visible global function definition for ‘rnorm’
    OptimisematmulDtrDtr: no visible global function definition for ‘rnorm’
    OptimisematmulDtrmat: no visible global function definition for ‘rnorm’
    OptimisenormDge: no visible global function definition for ‘rnorm’
    OptimisercondDge: no visible global function definition for ‘rnorm’
    Undefined global functions or variables:
     rnorm
    Consider adding
     importFrom("stats", "rnorm")
    to your NAMESPACE.
Flavors: r-devel-linux-x86_64-debian-clang, r-devel-linux-x86_64-debian-gcc, r-devel-linux-x86_64-fedora-clang, r-devel-linux-x86_64-fedora-gcc

Version: 0.1
Flags: --install=fake
Check: compilation flags in Makevars
Result: NOTE
    Package has both ‘src/Makevars.in’ and ‘src/Makevars’.
    Installation with --no-configure' is unlikely to work. If you intended
    ‘src/Makevars’ to be used on Windows, rename it to ‘src/Makevars.win’
    otherwise remove it. If ‘configure’ created ‘src/Makevars’, you need a
    ‘cleanup’ script.
Flavors: r-devel-linux-x86_64-debian-clang, r-devel-linux-x86_64-debian-gcc, r-devel-linux-x86_64-fedora-clang, r-devel-linux-x86_64-fedora-gcc, r-patched-linux-x86_64, r-release-linux-x86_64

Version: 0.1
Check: whether package can be installed
Result: ERROR
    Installation failed.
Flavor: r-release-osx-x86_64-mavericks