CRAN Package Check Results for Package HiPLARM

Last updated on 2017-10-22 22:48:49.

Flavor Version Tinstall Tcheck Ttotal Status Flags
r-release-osx-x86_64 0.1 ERROR

Check Details

Version: 0.1
Check: whether package can be installed
Result: ERROR
    Installation failed.
Flavor: r-release-osx-x86_64