CRAN Package Check Results for Package HiPLARM

Last updated on 2014-10-01 17:48:23.

Flavor Version Tinstall Tcheck Ttotal Status Flags
r-devel-linux-x86_64-debian-clang 0.1 3.82 43.49 47.32 NOTE --install=fake
r-devel-linux-x86_64-debian-gcc 0.1 3.71 41.80 45.50 NOTE --install=fake
r-devel-linux-x86_64-fedora-clang 0.1 104.05 NOTE --install=fake
r-devel-linux-x86_64-fedora-gcc 0.1 121.26 NOTE --install=fake
r-patched-linux-x86_64 0.1 3.93 44.62 48.55 NOTE --install=fake
r-release-linux-ix86 0.1 4.87 54.62 59.48 NOTE --install=fake
r-release-linux-x86_64 0.1 4.03 45.47 49.50 NOTE --install=fake
r-release-osx-x86_64-mavericks 0.1 ERROR
r-release-osx-x86_64-snowleopard 0.1 ERROR

Check Details

Version: 0.1
Flags: --install=fake
Check: top-level files
Result: NOTE
    Non-standard files/directories found at top level:
     ‘InstallScript’ ‘Installation.html’
Flavors: r-devel-linux-x86_64-debian-clang, r-devel-linux-x86_64-debian-gcc, r-devel-linux-x86_64-fedora-clang, r-devel-linux-x86_64-fedora-gcc, r-patched-linux-x86_64, r-release-linux-x86_64

Version: 0.1
Flags: --install=fake
Check: dependencies in R code
Result: NOTE
    Unexported object imported by a ':::' call: ‘Matrix:::copyClass’
     See the note in ?`:::` about the use of this operator.
    See the information on DESCRIPTION files in the chapter ‘Creating R
    packages’ of the ‘Writing R Extensions’ manual.
Flavors: r-devel-linux-x86_64-debian-clang, r-devel-linux-x86_64-debian-gcc, r-devel-linux-x86_64-fedora-clang, r-devel-linux-x86_64-fedora-gcc, r-patched-linux-x86_64, r-release-linux-ix86, r-release-linux-x86_64

Version: 0.1
Flags: --install=fake
Check: compilation flags in Makevars
Result: NOTE
    Package has both ‘src/Makevars.in’ and ‘src/Makevars’.
    Installation with --no-configure' is unlikely to work. If you intended
    ‘src/Makevars’ to be used on Windows, rename it to ‘src/Makevars.win’
    otherwise remove it. If ‘configure’ created ‘src/Makevars’, you need a
    ‘cleanup’ script.
Flavors: r-devel-linux-x86_64-debian-clang, r-devel-linux-x86_64-debian-gcc, r-devel-linux-x86_64-fedora-clang, r-devel-linux-x86_64-fedora-gcc, r-patched-linux-x86_64, r-release-linux-ix86, r-release-linux-x86_64

Version: 0.1
Check: whether package can be installed
Result: ERROR
    Installation failed.
Flavors: r-release-osx-x86_64-mavericks, r-release-osx-x86_64-snowleopard