CRAN Package Check Results for Package HiResTEC

Last updated on 2020-07-04 13:53:21 CEST.

Flavor Version Tinstall Tcheck Ttotal Status Flags
r-devel-linux-x86_64-debian-clang 0.59 7.72 48.08 55.80 OK
r-devel-linux-x86_64-debian-gcc 0.59 5.84 37.64 43.48 OK
r-devel-linux-x86_64-fedora-clang 0.59 74.84 OK
r-devel-linux-x86_64-fedora-gcc 0.59 64.74 OK
r-devel-windows-ix86+x86_64 0.59 21.00 101.00 122.00 OK
r-patched-linux-x86_64 0.59 8.34 48.14 56.48 OK
r-patched-solaris-x86 0.59 102.40 OK
r-release-linux-x86_64 0.59 7.52 47.61 55.13 OK
r-release-osx-x86_64 0.59 ERROR
r-release-windows-ix86+x86_64 0.59 14.00 78.00 92.00 OK
r-oldrel-osx-x86_64 0.59 OK
r-oldrel-windows-ix86+x86_64 0.59 28.00 131.00 159.00 OK

Check Details

Version: 0.59
Check: package dependencies
Result: ERROR
    Packages required but not available: 'InterpretMSSpectrum', 'Rdisop'
    
    See section ‘The DESCRIPTION file’ in the ‘Writing R Extensions’
    manual.
Flavor: r-release-osx-x86_64