CRAN Package Check Results for Package HiddenMarkov

Last updated on 2016-08-24 06:47:42.

Flavor Version Tinstall Tcheck Ttotal Status Flags
r-devel-linux-x86_64-debian-clang 1.8-4 1.67 42.50 44.17 WARN
r-devel-linux-x86_64-debian-gcc 1.8-4 1.65 40.66 42.31 WARN
r-devel-linux-x86_64-fedora-clang 1.8-4 80.22 WARN
r-devel-linux-x86_64-fedora-gcc 1.8-4 76.79 WARN
r-devel-osx-x86_64-clang 1.8-4 58.57 WARN
r-devel-windows-ix86+x86_64 1.8-4 12.00 103.00 115.00 OK
r-patched-linux-x86_64 1.8-4 1.61 40.64 42.25 OK
r-patched-solaris-sparc 1.8-4 477.80 OK
r-patched-solaris-x86 1.8-4 85.40 OK
r-release-linux-x86_64 1.8-4 1.63 40.40 42.03 OK
r-release-osx-x86_64-mavericks 1.8-4 OK
r-release-windows-ix86+x86_64 1.8-4 8.00 146.00 154.00 OK
r-oldrel-windows-ix86+x86_64 1.8-4 9.00 98.00 107.00 OK

Check Details

Version: 1.8-4
Check: whether package can be installed
Result: WARN
    Found the following significant warnings:
     Warning: GNU Extension: Symbol ‘m’ is used before it is typed at (1)
Flavors: r-devel-linux-x86_64-debian-clang, r-devel-linux-x86_64-debian-gcc, r-devel-linux-x86_64-fedora-clang, r-devel-linux-x86_64-fedora-gcc, r-devel-osx-x86_64-clang