CRAN Package Check Results for Package HiddenMarkov

Last updated on 2017-05-23 18:48:24.

Flavor Version Tinstall Tcheck Ttotal Status Flags
r-devel-linux-x86_64-debian-clang 1.8-7 1.71 41.46 43.17 NOTE
r-devel-linux-x86_64-debian-gcc 1.8-7 1.69 40.61 42.30 NOTE
r-devel-linux-x86_64-fedora-clang 1.8-7 90.77 NOTE --no-stop-on-test-error
r-devel-linux-x86_64-fedora-gcc 1.8-7 83.66 NOTE --no-stop-on-test-error
r-devel-windows-ix86+x86_64 1.8-7 20.00 152.00 172.00 OK
r-patched-linux-x86_64 1.8-7 1.80 40.65 42.45 NOTE
r-patched-solaris-sparc 1.8-7 495.60 OK
r-patched-solaris-x86 1.8-7 95.80 OK
r-release-linux-x86_64 1.8-7 1.70 40.73 42.43 NOTE
r-release-windows-ix86+x86_64 1.8-7 10.00 105.00 115.00 OK
r-release-osx-x86_64 1.8-7 OK
r-oldrel-windows-ix86+x86_64 1.8-7 8.00 113.00 121.00 OK
r-oldrel-osx-x86_64 1.8-7 OK

Check Details

Version: 1.8-7
Check: compiled code
Result: NOTE
    File ‘HiddenMarkov/libs/HiddenMarkov.so’:
     Found no calls to: ‘R_registerRoutines’, ‘R_useDynamicSymbols’
    
    It is good practice to register native routines and to disable symbol
    search.
    
    See ‘Writing portable packages’ in the ‘Writing R Extensions’ manual.
Flavors: r-devel-linux-x86_64-debian-clang, r-devel-linux-x86_64-debian-gcc, r-patched-linux-x86_64, r-release-linux-x86_64

Version: 1.8-7
Flags: --no-stop-on-test-error
Check: compiled code
Result: NOTE
    File ‘HiddenMarkov/libs/HiddenMarkov.so’:
     Found no calls to: ‘R_registerRoutines’, ‘R_useDynamicSymbols’
    
    It is good practice to register native routines and to disable symbol
    search.
    
    See ‘Writing portable packages’ in the ‘Writing R Extensions’ manual.
Flavors: r-devel-linux-x86_64-fedora-clang, r-devel-linux-x86_64-fedora-gcc