CRAN Package Check Results for Package HiddenMarkov

Last updated on 2017-02-27 23:03:31.

Flavor Version Tinstall Tcheck Ttotal Status Flags
r-devel-linux-x86_64-debian-clang 1.8-7 1.95 41.43 43.38 NOTE
r-devel-linux-x86_64-debian-gcc 1.8-7 1.97 41.63 43.60 NOTE
r-devel-linux-x86_64-fedora-clang 1.8-7 91.68 NOTE --no-stop-on-test-error
r-devel-linux-x86_64-fedora-gcc 1.8-7 86.60 NOTE --no-stop-on-test-error
r-devel-macos-x86_64-clang 1.8-7 62.99 NOTE --no-stop-on-test-error
r-devel-windows-ix86+x86_64 1.8-7 11.00 151.00 162.00 OK
r-patched-linux-x86_64 1.8-7 1.68 38.16 39.84 OK
r-patched-solaris-sparc 1.8-7 482.80 OK
r-patched-solaris-x86 1.8-7 88.50 OK
r-release-linux-x86_64 1.8-7 1.67 37.25 38.92 OK
r-release-osx-x86_64-mavericks 1.8-7 OK
r-release-windows-ix86+x86_64 1.8-7 8.00 113.00 121.00 OK
r-oldrel-windows-ix86+x86_64 1.8-7 11.00 110.00 121.00 OK

Check Details

Version: 1.8-7
Check: compiled code
Result: NOTE
    File ‘HiddenMarkov/libs/HiddenMarkov.so’:
     Found no calls to: ‘R_registerRoutines’, ‘R_useDynamicSymbols’
    
    It is good practice to register native routines and to disable symbol
    search.
    
    See ‘Writing portable packages’ in the ‘Writing R Extensions’ manual.
Flavors: r-devel-linux-x86_64-debian-clang, r-devel-linux-x86_64-debian-gcc

Version: 1.8-7
Flags: --no-stop-on-test-error
Check: compiled code
Result: NOTE
    File ‘HiddenMarkov/libs/HiddenMarkov.so’:
     Found no calls to: ‘R_registerRoutines’, ‘R_useDynamicSymbols’
    
    It is good practice to register native routines and to disable symbol
    search.
    
    See ‘Writing portable packages’ in the ‘Writing R Extensions’ manual.
Flavors: r-devel-linux-x86_64-fedora-clang, r-devel-linux-x86_64-fedora-gcc, r-devel-macos-x86_64-clang