CRAN Package Check Results for Package HiddenMarkov

Last updated on 2014-04-23 12:48:19.

Flavor Version Tinstall Tcheck Ttotal Status Flags
r-devel-linux-x86_64-debian-clang 1.7-0 1.61 44.63 46.24 OK
r-devel-linux-x86_64-debian-gcc 1.7-0 1.63 44.92 46.54 OK
r-devel-linux-x86_64-fedora-clang 1.7-0 93.05 OK
r-devel-linux-x86_64-fedora-gcc 1.7-0 90.52 OK
r-devel-osx-x86_64-clang 1.7-0 76.04 OK
r-devel-osx-x86_64-gcc 1.7-0 OK
r-devel-windows-ix86+x86_64 1.7-0 8.00 105.00 113.00 OK
r-patched-linux-x86_64 1.7-0 1.60 44.47 46.08 OK
r-patched-solaris-sparc 1.7-0 519.70 OK
r-patched-solaris-x86 1.7-0 102.70 OK
r-release-linux-ix86 1.7-0 3.00 72.00 75.00 OK
r-release-linux-x86_64 1.7-0 1.74 44.27 46.02 OK
r-release-osx-x86_64-mavericks 1.7-0 WARN
r-release-windows-ix86+x86_64 1.7-0 15.00 147.00 162.00 OK
r-oldrel-windows-ix86+x86_64 1.7-0 7.00 117.00 124.00 OK

Check Details

Version: 1.7-0
Check: PDF version of manual
Result: WARNING
    LaTeX errors when creating PDF version.
    This typically indicates Rd problems.
    LaTeX errors found:
    ! LaTeX Error: File `upquote.sty' not found.
    
    Type X to quit or <RETURN> to proceed,
    or enter new name. (Default extension: sty)
    
    5b86eb2/Rd2.tex:8: ==> Fatal error occurred, no output PDF file produced!
Flavor: r-release-osx-x86_64-mavericks