CRAN Package Check Results for Package HiddenMarkov

Last updated on 2014-08-20 21:47:27.

Flavor Version Tinstall Tcheck Ttotal Status Flags
r-devel-linux-x86_64-debian-clang 1.8-0 1.58 42.18 43.76 OK
r-devel-linux-x86_64-debian-gcc 1.8-0 1.63 40.26 41.88 OK
r-devel-linux-x86_64-fedora-clang 1.8-0 100.58 NOTE
r-devel-linux-x86_64-fedora-gcc 1.8-0 85.82 NOTE
r-devel-osx-x86_64-clang 1.8-0 71.47 NOTE
r-devel-windows-ix86+x86_64 1.8-0 8.00 103.00 111.00 OK
r-patched-linux-x86_64 1.8-0 1.73 43.60 45.33 OK
r-patched-solaris-sparc 1.8-0 496.40 OK
r-patched-solaris-x86 1.8-0 100.40 OK
r-release-linux-ix86 1.8-0 2.23 55.15 57.38 OK
r-release-linux-x86_64 1.8-0 1.60 42.75 44.35 OK
r-release-osx-x86_64-mavericks 1.8-0 OK
r-release-osx-x86_64-snowleopard 1.8-0 OK
r-release-windows-ix86+x86_64 1.8-0 8.00 99.00 107.00 OK
r-oldrel-windows-ix86+x86_64 1.8-0 8.00 121.00 129.00 OK

Check Details

Version: 1.8-0
Check: R code for possible problems
Result: NOTE
    BaumWelch.mmglmlong1: no visible global function definition for
     ‘clusterExport’
    BaumWelch.mmglmlong1: no visible global function definition for
     ‘clusterApply’
Flavors: r-devel-linux-x86_64-fedora-clang, r-devel-linux-x86_64-fedora-gcc, r-devel-osx-x86_64-clang