CRAN Package Check Results for Package HiddenMarkov

Last updated on 2017-04-26 09:47:38.

Flavor Version Tinstall Tcheck Ttotal Status Flags
r-devel-linux-x86_64-debian-clang 1.8-7 1.72 40.54 42.26 NOTE
r-devel-linux-x86_64-debian-gcc 1.8-7 1.80 40.44 42.24 NOTE
r-devel-linux-x86_64-fedora-clang 1.8-7 86.58 NOTE --no-stop-on-test-error
r-devel-linux-x86_64-fedora-gcc 1.8-7 83.97 NOTE --no-stop-on-test-error
r-devel-windows-ix86+x86_64 1.8-7 17.00 149.00 166.00 OK
r-patched-linux-x86_64 1.8-7 1.73 40.19 41.92 NOTE
r-patched-solaris-sparc 1.8-7 495.60 OK
r-patched-solaris-x86 1.8-7 92.30 OK
r-release-linux-x86_64 1.8-7 1.68 40.78 42.46 NOTE
r-release-windows-ix86+x86_64 1.8-7 10.00 105.00 115.00 OK
r-release-osx-x86_64 1.8-7 OK
r-oldrel-windows-ix86+x86_64 1.8-7 8.00 113.00 121.00 OK
r-oldrel-osx-x86_64 1.8-7 OK

Check Details

Version: 1.8-7
Check: compiled code
Result: NOTE
    File ‘HiddenMarkov/libs/HiddenMarkov.so’:
     Found no calls to: ‘R_registerRoutines’, ‘R_useDynamicSymbols’
    
    It is good practice to register native routines and to disable symbol
    search.
    
    See ‘Writing portable packages’ in the ‘Writing R Extensions’ manual.
Flavors: r-devel-linux-x86_64-debian-clang, r-devel-linux-x86_64-debian-gcc, r-patched-linux-x86_64, r-release-linux-x86_64

Version: 1.8-7
Flags: --no-stop-on-test-error
Check: compiled code
Result: NOTE
    File ‘HiddenMarkov/libs/HiddenMarkov.so’:
     Found no calls to: ‘R_registerRoutines’, ‘R_useDynamicSymbols’
    
    It is good practice to register native routines and to disable symbol
    search.
    
    See ‘Writing portable packages’ in the ‘Writing R Extensions’ manual.
Flavors: r-devel-linux-x86_64-fedora-clang, r-devel-linux-x86_64-fedora-gcc