CRAN Package Check Results for Package HierO

Last updated on 2019-08-18 04:46:13 CEST.

Flavor Version Tinstall Tcheck Ttotal Status Flags
r-devel-linux-x86_64-debian-clang 0.2 25.80 50.56 76.36 NOTE
r-devel-linux-x86_64-debian-gcc 0.2 17.63 40.15 57.78 NOTE
r-devel-linux-x86_64-fedora-clang 0.2 91.26 NOTE
r-devel-linux-x86_64-fedora-gcc 0.2 87.24 NOTE
r-devel-windows-ix86+x86_64 0.2 36.00 100.00 136.00 NOTE
r-patched-linux-x86_64 0.2 23.81 50.62 74.43 NOTE
r-patched-solaris-x86 0.2 124.00 NOTE
r-release-linux-x86_64 0.2 24.18 51.09 75.27 NOTE
r-release-windows-ix86+x86_64 0.2 32.00 73.00 105.00 NOTE
r-release-osx-x86_64 0.2 ERROR
r-oldrel-windows-ix86+x86_64 0.2 23.00 86.00 109.00 NOTE
r-oldrel-osx-x86_64 0.2 ERROR

Check Details

Version: 0.2
Check: package dependencies
Result: NOTE
    Package suggested but not available for checking: 'XMLRPC'
Flavors: r-devel-linux-x86_64-debian-clang, r-devel-linux-x86_64-debian-gcc, r-devel-windows-ix86+x86_64, r-patched-linux-x86_64, r-patched-solaris-x86, r-release-linux-x86_64, r-release-windows-ix86+x86_64, r-release-osx-x86_64, r-oldrel-windows-ix86+x86_64, r-oldrel-osx-x86_64

Version: 0.2
Check: R code for possible problems
Result: NOTE
    calcPower: no visible global function definition for 'pchisq'
    calcPower: no visible global function definition for 'qchisq'
    delta2 : K1: no visible global function definition for 'qnorm'
    delta2: no visible global function definition for 'qnorm'
    delta2: no visible global function definition for 'pnorm'
    delta2: no visible global function definition for 'dnorm'
    Undefined global functions or variables:
     dnorm pchisq pnorm qchisq qnorm
    Consider adding
     importFrom("stats", "dnorm", "pchisq", "pnorm", "qchisq", "qnorm")
    to your NAMESPACE file.
Flavors: r-devel-linux-x86_64-debian-clang, r-devel-linux-x86_64-debian-gcc, r-devel-linux-x86_64-fedora-clang, r-devel-linux-x86_64-fedora-gcc, r-devel-windows-ix86+x86_64, r-patched-linux-x86_64, r-patched-solaris-x86, r-release-linux-x86_64, r-release-windows-ix86+x86_64, r-oldrel-windows-ix86+x86_64

Version: 0.2
Check: whether package can be installed
Result: ERROR
    Installation failed.
Flavors: r-release-osx-x86_64, r-oldrel-osx-x86_64