CRAN Package Check Results for Package HierO

Last updated on 2019-02-17 18:46:50 CET.

Flavor Version Tinstall Tcheck Ttotal Status Flags
r-devel-linux-x86_64-debian-clang 0.2 24.03 51.12 75.15 NOTE
r-devel-linux-x86_64-debian-gcc 0.2 16.25 40.03 56.28 NOTE
r-devel-linux-x86_64-fedora-clang 0.2 91.86 NOTE
r-devel-linux-x86_64-fedora-gcc 0.2 87.21 NOTE
r-devel-windows-ix86+x86_64 0.2 19.00 79.00 98.00 NOTE
r-patched-linux-x86_64 0.2 16.52 44.90 61.42 NOTE
r-patched-solaris-x86 0.2 106.50 NOTE
r-release-linux-x86_64 0.2 NOTE
r-release-windows-ix86+x86_64 0.2 31.00 82.00 113.00 NOTE
r-release-osx-x86_64 0.2 ERROR
r-oldrel-windows-ix86+x86_64 0.2 18.00 91.00 109.00 NOTE
r-oldrel-osx-x86_64 0.2 ERROR

Check Details

Version: 0.2
Check: package dependencies
Result: NOTE
    Package suggested but not available for checking: ‘XMLRPC’
Flavors: r-devel-linux-x86_64-debian-clang, r-devel-linux-x86_64-debian-gcc, r-devel-windows-ix86+x86_64, r-patched-linux-x86_64, r-patched-solaris-x86, r-release-linux-x86_64, r-release-windows-ix86+x86_64, r-release-osx-x86_64, r-oldrel-osx-x86_64

Version: 0.2
Check: R code for possible problems
Result: NOTE
    calcPower: no visible global function definition for ‘pchisq’
    calcPower: no visible global function definition for ‘qchisq’
    delta2 : K1: no visible global function definition for ‘qnorm’
    delta2: no visible global function definition for ‘qnorm’
    delta2: no visible global function definition for ‘pnorm’
    delta2: no visible global function definition for ‘dnorm’
    Undefined global functions or variables:
     dnorm pchisq pnorm qchisq qnorm
    Consider adding
     importFrom("stats", "dnorm", "pchisq", "pnorm", "qchisq", "qnorm")
    to your NAMESPACE file.
Flavors: r-devel-linux-x86_64-debian-clang, r-devel-linux-x86_64-debian-gcc, r-devel-linux-x86_64-fedora-clang, r-devel-linux-x86_64-fedora-gcc, r-devel-windows-ix86+x86_64, r-patched-linux-x86_64, r-patched-solaris-x86, r-release-linux-x86_64, r-release-windows-ix86+x86_64, r-oldrel-windows-ix86+x86_64

Version: 0.2
Check: whether package can be installed
Result: ERROR
    Installation failed.
Flavors: r-release-osx-x86_64, r-oldrel-osx-x86_64