CRAN Package Check Results for Package HistData

Last updated on 2015-03-02 13:47:05.

Flavor Version Tinstall Tcheck Ttotal Status Flags
r-devel-linux-x86_64-debian-clang 0.7-5 0.97 13.68 14.65 OK
r-devel-linux-x86_64-debian-gcc 0.7-5 0.96 13.60 14.56 OK
r-devel-linux-x86_64-fedora-clang 0.7-5 29.51 OK
r-devel-linux-x86_64-fedora-gcc 0.7-5 28.57 OK
r-devel-osx-x86_64-clang 0.7-5 32.08 OK
r-devel-windows-ix86+x86_64 0.7-5 7.00 33.00 40.00 OK
r-patched-linux-x86_64 0.7-5 1.13 15.38 16.51 OK
r-patched-solaris-sparc 0.7-5 181.10 OK
r-patched-solaris-x86 0.7-5 46.80 OK
r-release-linux-ix86 0.7-5 1.94 20.62 22.56 OK
r-release-linux-x86_64 0.7-5 1.13 15.26 16.38 OK
r-release-osx-x86_64-mavericks 0.7-5 NOTE
r-release-osx-x86_64-snowleopard 0.7-5 OK
r-release-windows-ix86+x86_64 0.7-5 10.00 37.00 47.00 OK
r-oldrel-windows-ix86+x86_64 0.7-5 6.00 29.00 35.00 OK

Check Details

Version: 0.7-5
Check: Rd cross-references
Result: NOTE
    Package unavailable to check Rd xrefs: ‘agridat’
Flavor: r-release-osx-x86_64-mavericks