CRAN Package Check Results for Package HistData

Last updated on 2015-01-30 14:48:50.

Flavor Version Tinstall Tcheck Ttotal Status Flags
r-devel-linux-x86_64-debian-clang 0.7-5 1.43 11.92 13.34 OK
r-devel-linux-x86_64-debian-gcc 0.7-5 1.04 12.78 13.82 OK
r-devel-linux-x86_64-fedora-clang 0.7-5 29.27 OK
r-devel-linux-x86_64-fedora-gcc 0.7-5 28.21 OK
r-devel-osx-x86_64-clang 0.7-5 30.39 OK
r-devel-windows-ix86+x86_64 0.7-5 5.00 24.00 29.00 OK
r-patched-linux-x86_64 0.7-5 1.15 13.57 14.72 OK
r-patched-solaris-sparc 0.7-5 181.10 OK
r-patched-solaris-x86 0.7-5 41.20 OK
r-release-linux-ix86 0.7-5 1.52 18.08 19.61 OK
r-release-linux-x86_64 0.7-5 1.16 13.19 14.35 OK
r-release-osx-x86_64-mavericks 0.7-5 NOTE
r-release-osx-x86_64-snowleopard 0.7-5 OK
r-release-windows-ix86+x86_64 0.7-5 4.00 25.00 29.00 OK
r-oldrel-windows-ix86+x86_64 0.7-5 5.00 26.00 31.00 OK

Check Details

Version: 0.7-5
Check: Rd cross-references
Result: NOTE
    Package unavailable to check Rd xrefs: ‘agridat’
Flavor: r-release-osx-x86_64-mavericks