CRAN Package Check Results for Package HistData

Last updated on 2015-04-01 02:48:17.

Flavor Version Tinstall Tcheck Ttotal Status Flags
r-devel-linux-x86_64-debian-clang 0.7-5 1.16 13.88 15.04 OK
r-devel-linux-x86_64-debian-gcc 0.7-5 0.97 13.22 14.19 OK
r-devel-linux-x86_64-fedora-clang 0.7-5 29.71 OK
r-devel-linux-x86_64-fedora-gcc 0.7-5 28.13 OK
r-devel-osx-x86_64-clang 0.7-5 32.69 OK
r-prerel-windows-ix86+x86_64 0.7-5 5.00 24.00 29.00 OK
r-prerel-linux-x86_64 0.7-5 1.00 13.31 14.30 OK
r-prerel-solaris-sparc 0.7-5 195.60 OK
r-prerel-solaris-x86 0.7-5 39.70 OK
r-release-linux-x86_64 0.7-5 1.21 15.52 16.74 OK
r-release-osx-x86_64-mavericks 0.7-5 NOTE
r-release-osx-x86_64-snowleopard 0.7-5 OK
r-release-windows-ix86+x86_64 0.7-5 4.00 24.00 28.00 OK
r-oldrel-windows-ix86+x86_64 0.7-5 7.00 25.00 32.00 OK

Check Details

Version: 0.7-5
Check: Rd cross-references
Result: NOTE
    Package unavailable to check Rd xrefs: ‘agridat’
Flavor: r-release-osx-x86_64-mavericks