CRAN Package Check Results for Package HistData

Last updated on 2014-09-23 05:47:52.

Flavor Version Tinstall Tcheck Ttotal Status Flags
r-devel-linux-x86_64-debian-clang 0.7-5 1.13 18.37 19.50 WARN
r-devel-linux-x86_64-debian-gcc 0.7-5 0.99 16.87 17.86 WARN
r-devel-linux-x86_64-fedora-clang 0.7-5 31.39 WARN
r-devel-linux-x86_64-fedora-gcc 0.7-5 30.17 WARN
r-devel-osx-x86_64-clang 0.7-5 31.89 WARN
r-devel-windows-ix86+x86_64 0.7-5 4.00 23.00 27.00 OK
r-patched-linux-x86_64 0.7-5 1.14 12.74 13.88 OK
r-patched-solaris-sparc 0.7-5 169.20 WARN
r-patched-solaris-x86 0.7-5 44.90 WARN
r-release-linux-ix86 0.7-5 1.54 18.47 20.01 OK
r-release-linux-x86_64 0.7-5 1.33 15.98 17.31 WARN
r-release-osx-x86_64-mavericks 0.7-5 NOTE
r-release-osx-x86_64-snowleopard 0.7-5 OK
r-release-windows-ix86+x86_64 0.7-5 4.00 25.00 29.00 OK
r-oldrel-windows-ix86+x86_64 0.7-5 4.00 24.00 28.00 OK

Check Details

Version: 0.7-5
Check: Rd cross-references
Result: WARN
    Unknown package ‘Guerry’ in Rd xrefs
Flavors: r-devel-linux-x86_64-debian-clang, r-devel-linux-x86_64-debian-gcc, r-devel-linux-x86_64-fedora-clang, r-devel-linux-x86_64-fedora-gcc, r-devel-osx-x86_64-clang, r-patched-solaris-sparc, r-patched-solaris-x86, r-release-linux-x86_64

Version: 0.7-5
Check: Rd cross-references
Result: NOTE
    Package unavailable to check Rd xrefs: ‘agridat’
Flavor: r-release-osx-x86_64-mavericks