CRAN Package Check Results for Package HistData

Last updated on 2014-10-21 14:48:19.

Flavor Version Tinstall Tcheck Ttotal Status Flags
r-devel-linux-x86_64-debian-clang 0.7-5 1.66 13.16 14.82 OK
r-devel-linux-x86_64-debian-gcc 0.7-5 1.09 12.74 13.83 OK
r-devel-linux-x86_64-fedora-clang 0.7-5 29.25 OK
r-devel-linux-x86_64-fedora-gcc 0.7-5 28.29 OK
r-devel-osx-x86_64-clang 0.7-5 30.43 OK
r-devel-windows-ix86+x86_64 0.7-5 5.00 20.00 25.00 OK
r-patched-linux-x86_64 0.7-5 1.19 13.14 14.34 OK
r-patched-solaris-sparc 0.7-5 157.10 OK
r-patched-solaris-x86 0.7-5 40.60 OK
r-release-linux-ix86 0.7-5 1.54 18.20 19.74 OK
r-release-linux-x86_64 0.7-5 1.08 13.08 14.16 OK
r-release-osx-x86_64-mavericks 0.7-5 NOTE
r-release-osx-x86_64-snowleopard 0.7-5 OK
r-release-windows-ix86+x86_64 0.7-5 4.00 25.00 29.00 OK
r-oldrel-windows-ix86+x86_64 0.7-5 5.00 25.00 30.00 OK

Check Details

Version: 0.7-5
Check: Rd cross-references
Result: NOTE
    Package unavailable to check Rd xrefs: ‘agridat’
Flavor: r-release-osx-x86_64-mavericks