CRAN Package Check Results for Package HistData

Last updated on 2014-07-25 17:48:01.

Flavor Version Tinstall Tcheck Ttotal Status Flags
r-devel-linux-x86_64-debian-clang 0.7-5 1.49 12.81 14.30 OK
r-devel-linux-x86_64-debian-gcc 0.7-5 1.07 12.48 13.55 OK
r-devel-linux-x86_64-fedora-clang 0.7-5 30.28 OK
r-devel-linux-x86_64-fedora-gcc 0.7-5 27.71 OK
r-devel-osx-x86_64-clang 0.7-5 27.75 OK
r-devel-windows-ix86+x86_64 0.7-5 4.00 23.00 27.00 OK
r-patched-linux-x86_64 0.7-5 1.64 13.05 14.68 OK
r-patched-solaris-sparc 0.7-5 157.80 OK
r-patched-solaris-x86 0.7-5 39.30 OK
r-release-linux-ix86 0.7-5 1.52 19.01 20.53 OK
r-release-linux-x86_64 0.7-5 1.09 13.00 14.09 OK
r-release-osx-x86_64-mavericks 0.7-5 NOTE
r-release-osx-x86_64-snowleopard 0.7-5 OK
r-release-windows-ix86+x86_64 0.7-5 4.00 24.00 28.00 OK
r-oldrel-windows-ix86+x86_64 0.7-5 4.00 24.00 28.00 OK

Check Details

Version: 0.7-5
Check: Rd cross-references
Result: NOTE
    Package unavailable to check Rd xrefs: ‘agridat’
Flavor: r-release-osx-x86_64-mavericks