CRAN Package Check Results for Package HistData

Last updated on 2014-08-22 08:49:10.

Flavor Version Tinstall Tcheck Ttotal Status Flags
r-devel-linux-x86_64-debian-clang 0.7-5 1.14 12.43 13.58 OK
r-devel-linux-x86_64-debian-gcc 0.7-5 1.05 12.10 13.15 OK
r-devel-linux-x86_64-fedora-clang 0.7-5 28.46 OK
r-devel-linux-x86_64-fedora-gcc 0.7-5 27.11 OK
r-devel-osx-x86_64-clang 0.7-5 28.16 OK
r-devel-windows-ix86+x86_64 0.7-5 4.00 22.00 26.00 OK
r-patched-linux-x86_64 0.7-5 1.07 14.27 15.34 OK
r-patched-solaris-sparc 0.7-5 180.40 OK
r-patched-solaris-x86 0.7-5 38.30 OK
r-release-linux-ix86 0.7-5 1.52 18.23 19.76 OK
r-release-linux-x86_64 0.7-5 1.54 12.72 14.26 OK
r-release-osx-x86_64-mavericks 0.7-5 NOTE
r-release-osx-x86_64-snowleopard 0.7-5 OK
r-release-windows-ix86+x86_64 0.7-5 4.00 22.00 26.00 OK
r-oldrel-windows-ix86+x86_64 0.7-5 4.00 23.00 27.00 OK

Check Details

Version: 0.7-5
Check: Rd cross-references
Result: NOTE
    Package unavailable to check Rd xrefs: ‘agridat’
Flavor: r-release-osx-x86_64-mavericks