CRAN Package Check Results for Package HistData

Last updated on 2014-12-20 03:49:33.

Flavor Version Tinstall Tcheck Ttotal Status Flags
r-devel-linux-x86_64-debian-clang 0.7-5 1.10 13.19 14.29 OK
r-devel-linux-x86_64-debian-gcc 0.7-5 1.07 12.78 13.84 OK
r-devel-linux-x86_64-fedora-clang 0.7-5 29.38 OK
r-devel-linux-x86_64-fedora-gcc 0.7-5 27.10 OK
r-devel-osx-x86_64-clang 0.7-5 29.50 OK
r-devel-windows-ix86+x86_64 0.7-5 5.00 24.00 29.00 OK
r-patched-linux-x86_64 0.7-5 1.59 13.02 14.61 OK
r-patched-solaris-sparc 0.7-5 157.10 OK
r-patched-solaris-x86 0.7-5 41.50 OK
r-release-linux-ix86 0.7-5 1.52 17.88 19.40 OK
r-release-linux-x86_64 0.7-5 1.10 13.08 14.18 OK
r-release-osx-x86_64-mavericks 0.7-5 NOTE
r-release-osx-x86_64-snowleopard 0.7-5 OK
r-release-windows-ix86+x86_64 0.7-5 4.00 24.00 28.00 OK
r-oldrel-windows-ix86+x86_64 0.7-5 5.00 26.00 31.00 OK

Check Details

Version: 0.7-5
Check: Rd cross-references
Result: NOTE
    Package unavailable to check Rd xrefs: ‘agridat’
Flavor: r-release-osx-x86_64-mavericks