CRAN Package Check Results for Package HistData

Last updated on 2020-08-05 10:06:01 CEST.

Flavor Version Tinstall Tcheck Ttotal Status Flags
r-devel-linux-x86_64-debian-clang 0.8-6 2.81 49.35 52.16 OK
r-devel-linux-x86_64-debian-gcc 0.8-6 2.07 36.50 38.57 OK
r-devel-linux-x86_64-fedora-clang 0.8-6 66.22 NOTE
r-devel-linux-x86_64-fedora-gcc 0.8-6 58.57 OK
r-devel-windows-ix86+x86_64 0.8-6 11.00 71.00 82.00 OK
r-patched-linux-x86_64 0.8-6 2.50 46.76 49.26 OK
r-patched-solaris-x86 0.8-6 85.30 OK
r-release-linux-x86_64 0.8-6 2.75 46.52 49.27 OK
r-release-macos-x86_64 0.8-6 OK
r-release-windows-ix86+x86_64 0.8-6 11.00 75.00 86.00 OK
r-oldrel-macos-x86_64 0.8-6 OK
r-oldrel-windows-ix86+x86_64 0.8-6 6.00 55.00 61.00 OK

Check Details

Version: 0.8-6
Check: Rd cross-references
Result: NOTE
    Undeclared packages ‘Guerry’, ‘alr3’, ‘agridat’, ‘coin’ in Rd xrefs
Flavor: r-devel-linux-x86_64-fedora-clang