CRAN Package Check Results for Package HistData

Last updated on 2014-11-24 19:50:24.

Flavor Version Tinstall Tcheck Ttotal Status Flags
r-devel-linux-x86_64-debian-clang 0.7-5 1.08 12.76 13.84 OK
r-devel-linux-x86_64-debian-gcc 0.7-5 1.13 12.54 13.67 OK
r-devel-linux-x86_64-fedora-clang 0.7-5 32.42 OK
r-devel-linux-x86_64-fedora-gcc 0.7-5 28.04 OK
r-devel-osx-x86_64-clang 0.7-5 30.35 OK
r-devel-windows-ix86+x86_64 0.7-5 4.00 24.00 28.00 OK
r-patched-linux-x86_64 0.7-5 1.12 13.04 14.16 OK
r-patched-solaris-sparc 0.7-5 157.10 OK
r-patched-solaris-x86 0.7-5 40.90 OK
r-release-linux-ix86 0.7-5 1.58 17.84 19.41 OK
r-release-linux-x86_64 0.7-5 1.18 12.93 14.11 OK
r-release-osx-x86_64-mavericks 0.7-5 NOTE
r-release-osx-x86_64-snowleopard 0.7-5 OK
r-release-windows-ix86+x86_64 0.7-5 4.00 26.00 30.00 OK
r-oldrel-windows-ix86+x86_64 0.7-5 4.00 23.00 27.00 OK

Check Details

Version: 0.7-5
Check: Rd cross-references
Result: NOTE
    Package unavailable to check Rd xrefs: ‘agridat’
Flavor: r-release-osx-x86_64-mavericks