CRAN Package Check Results for Package HiveR

Last updated on 2016-06-25 08:46:41.

Flavor Version Tinstall Tcheck Ttotal Status Flags
r-devel-linux-x86_64-debian-gcc 0.2.55 3.97 104.79 108.76 OK
r-devel-linux-x86_64-fedora-clang 0.2.55 224.96 OK
r-devel-linux-x86_64-fedora-gcc 0.2.55 208.95 OK
r-devel-osx-x86_64-clang 0.2.55 184.30 OK
r-devel-windows-ix86+x86_64 0.2.55 13.00 232.00 245.00 OK
r-patched-linux-x86_64 0.2.55 3.94 106.83 110.77 OK
r-patched-solaris-sparc 0.2.55 381.70 OK --no-vignettes
r-patched-solaris-x86 0.2.55 251.20 OK
r-release-linux-x86_64 0.2.55 4.06 108.63 112.69 OK
r-release-osx-x86_64-mavericks 0.2.55 NOTE
r-release-windows-ix86+x86_64 0.2.55 13.00 227.00 240.00 OK
r-oldrel-windows-ix86+x86_64 0.2.55 15.00 242.00 257.00 OK

Check Details

Version: 0.2.55
Check: dependencies in R code
Result: NOTE
    Invalid MIT-MAGIC-COOKIE-1 keyInvalid MIT-MAGIC-COOKIE-1 key
Flavor: r-release-osx-x86_64-mavericks