CRAN Package Check Results for Package HiveR

Last updated on 2017-02-20 13:50:53.

Flavor Version Tinstall Tcheck Ttotal Status Flags
r-devel-linux-x86_64-debian-clang 0.2.55 4.12 116.26 120.39 OK
r-devel-linux-x86_64-debian-gcc 0.2.55 4.41 112.12 116.52 OK
r-devel-linux-x86_64-fedora-clang 0.2.55 262.19 OK --no-stop-on-test-error
r-devel-linux-x86_64-fedora-gcc 0.2.55 250.03 OK --no-stop-on-test-error
r-devel-macos-x86_64-clang 0.2.55 201.86 OK --no-stop-on-test-error
r-devel-windows-ix86+x86_64 0.2.55 12.00 250.00 262.00 OK
r-patched-linux-x86_64 0.2.55 3.76 106.36 110.12 OK
r-patched-solaris-sparc 0.2.55 378.80 OK --no-vignettes
r-patched-solaris-x86 0.2.55 249.50 OK
r-release-linux-x86_64 0.2.55 3.86 107.29 111.15 OK
r-release-osx-x86_64-mavericks 0.2.55 NOTE
r-release-windows-ix86+x86_64 0.2.55 9.00 179.00 188.00 OK
r-oldrel-windows-ix86+x86_64 0.2.55 10.00 206.00 216.00 OK

Check Details

Version: 0.2.55
Check: dependencies in R code
Result: NOTE
    Invalid MIT-MAGIC-COOKIE-1 keyInvalid MIT-MAGIC-COOKIE-1 key
Flavor: r-release-osx-x86_64-mavericks