CRAN Package Check Results for Package HiveR

Last updated on 2017-03-24 06:48:15.

Flavor Version Tinstall Tcheck Ttotal Status Flags
r-devel-linux-x86_64-debian-clang 0.2.55 4.36 113.96 118.32 OK
r-devel-linux-x86_64-debian-gcc 0.2.55 4.26 110.39 114.65 OK
r-devel-linux-x86_64-fedora-clang 0.2.55 268.71 OK --no-stop-on-test-error
r-devel-linux-x86_64-fedora-gcc 0.2.55 238.75 OK --no-stop-on-test-error
r-devel-macos-x86_64-clang 0.2.55 192.79 OK --no-stop-on-test-error
r-devel-windows-ix86+x86_64 0.2.55 10.00 188.00 198.00 OK
r-patched-linux-x86_64 0.2.55 4.00 109.31 113.30 OK
r-patched-solaris-sparc 0.2.55 407.30 OK --no-vignettes
r-patched-solaris-x86 0.2.55 266.30 OK
r-release-linux-x86_64 0.2.55 3.76 107.62 111.38 OK
r-release-osx-x86_64-mavericks 0.2.55 NOTE
r-release-windows-ix86+x86_64 0.2.55 14.00 192.00 206.00 OK
r-oldrel-windows-ix86+x86_64 0.2.55 13.00 239.00 252.00 OK

Check Details

Version: 0.2.55
Check: dependencies in R code
Result: NOTE
    Invalid MIT-MAGIC-COOKIE-1 keyInvalid MIT-MAGIC-COOKIE-1 key
Flavor: r-release-osx-x86_64-mavericks