CRAN Package Check Results for Package HiveR

Last updated on 2018-08-17 03:47:32 CEST.

Flavor Version Tinstall Tcheck Ttotal Status Flags
r-devel-linux-x86_64-debian-clang 0.3.42 8.92 208.43 217.35 OK
r-devel-linux-x86_64-debian-gcc 0.3.42 6.94 156.60 163.54 OK
r-devel-linux-x86_64-fedora-clang 0.3.42 260.81 OK
r-devel-linux-x86_64-fedora-gcc 0.3.42 254.04 OK
r-devel-windows-ix86+x86_64 0.3.42 16.00 275.00 291.00 OK
r-patched-linux-x86_64 0.3.42 8.09 196.82 204.91 OK
r-patched-solaris-x86 0.3.42 357.90 OK
r-release-linux-x86_64 0.3.42 7.25 197.53 204.78 OK
r-release-windows-ix86+x86_64 0.3.42 17.00 280.00 297.00 OK
r-release-osx-x86_64 0.3.42 OK
r-oldrel-windows-ix86+x86_64 0.3.42 16.00 305.00 321.00 OK
r-oldrel-osx-x86_64 0.3.42 WARN

Check Details

Version: 0.3.42
Check: re-building of vignette outputs
Result: WARN
    Error in re-building vignettes:
     ...
    Warning: running command 'kpsewhich framed.sty' had status 1
    Warning in test_latex_pkg("framed", system.file("misc", "framed.sty", package = "knitr")) :
     unable to find LaTeX package 'framed'; will use a copy from knitr
    Error in texi2dvi(file = file, pdf = TRUE, clean = clean, quiet = quiet, :
     Running 'texi2dvi' on 'HiveR.tex' failed.
    LaTeX errors:
    ! LaTeX Error: File `tufte-handout.cls' not found.
    
    Type X to quit or <RETURN> to proceed,
    or enter new name. (Default extension: cls)
    
    ! Emergency stop.
    <read *>
    
    l.9 \documentclass{tufte-handout}\usepackage
     []{graphicx}\usepackage[]{color}^^M
    ! ==> Fatal error occurred, no output PDF file produced!
    Calls: buildVignettes -> texi2pdf -> texi2dvi
    Execution halted
Flavor: r-oldrel-osx-x86_64