CRAN Package Check Results for Package HiveR

Last updated on 2016-07-30 23:47:31.

Flavor Version Tinstall Tcheck Ttotal Status Flags
r-devel-linux-x86_64-debian-clang 0.2.55 3.78 112.61 116.39 OK
r-devel-linux-x86_64-debian-gcc 0.2.55 3.76 111.86 115.62 OK
r-devel-linux-x86_64-fedora-clang 0.2.55 236.71 OK
r-devel-linux-x86_64-fedora-gcc 0.2.55 207.58 OK
r-devel-osx-x86_64-clang 0.2.55 182.08 OK
r-devel-windows-ix86+x86_64 0.2.55 9.00 196.00 205.00 OK
r-patched-linux-x86_64 0.2.55 3.86 113.20 117.06 OK
r-patched-solaris-sparc 0.2.55 381.70 OK --no-vignettes
r-patched-solaris-x86 0.2.55 245.10 OK
r-release-linux-x86_64 0.2.55 4.24 126.01 130.26 OK
r-release-osx-x86_64-mavericks 0.2.55 NOTE
r-release-windows-ix86+x86_64 0.2.55 13.00 188.00 201.00 OK
r-oldrel-windows-ix86+x86_64 0.2.55 14.00 199.00 213.00 OK

Check Details

Version: 0.2.55
Check: dependencies in R code
Result: NOTE
    Invalid MIT-MAGIC-COOKIE-1 keyInvalid MIT-MAGIC-COOKIE-1 key
Flavor: r-release-osx-x86_64-mavericks