CRAN Package Check Results for Package HiveR

Last updated on 2015-05-27 11:49:23.

Flavor Version Tinstall Tcheck Ttotal Status Flags
r-devel-linux-x86_64-debian-clang 0.2-28 4.54 140.79 145.33 OK
r-devel-linux-x86_64-debian-gcc 0.2-28 4.16 109.98 114.14 OK
r-devel-linux-x86_64-fedora-clang 0.2-28 240.98 OK
r-devel-linux-x86_64-fedora-gcc 0.2-28 221.81 OK
r-devel-osx-x86_64-clang 0.2-28 218.33 OK
r-devel-windows-ix86+x86_64 0.2-28 10.00 162.00 172.00 OK
r-patched-linux-x86_64 0.2-28 4.43 108.84 113.27 OK
r-patched-solaris-sparc 0.2-28 445.60 OK --no-vignettes
r-patched-solaris-x86 0.2-28 315.60 OK
r-release-linux-x86_64 0.2-28 4.33 108.60 112.93 OK
r-release-osx-x86_64-mavericks 0.2-28 OK
r-release-osx-x86_64-snowleopard 0.2-28 ERROR
r-release-windows-ix86+x86_64 0.2-28 10.00 154.00 164.00 OK
r-oldrel-windows-ix86+x86_64 0.2-28 12.00 199.00 211.00 OK

Check Details

Version: 0.2-28
Check: package dependencies
Result: ERROR
    Packages suggested but not available for checking:
     ‘ggplot2’ ‘knitr’ ‘bipartite’
    
    VignetteBuilder package required for checking but not installed: ‘knitr’
    
    Files named as vignettes but with no recognized vignette engine:
     ‘inst/doc/HiveR.Rnw’
    (Is a VignetteBuilder field missing?)
    
    See section ‘The DESCRIPTION file’ in the ‘Writing R Extensions’
    manual.
Flavor: r-release-osx-x86_64-snowleopard