CRAN Package Check Results for Package HiveR

Last updated on 2018-10-16 07:47:59 CEST.

Flavor Version Tinstall Tcheck Ttotal Status Flags
r-devel-linux-x86_64-debian-clang 0.3.42 8.94 207.14 216.08 OK
r-devel-linux-x86_64-debian-gcc 0.3.42 6.67 158.20 164.87 OK
r-devel-linux-x86_64-fedora-clang 0.3.42 262.36 OK
r-devel-linux-x86_64-fedora-gcc 0.3.42 253.18 OK
r-devel-windows-ix86+x86_64 0.3.42 20.00 286.00 306.00 OK
r-patched-linux-x86_64 0.3.42 6.32 199.58 205.90 OK
r-patched-solaris-x86 0.3.42 366.10 OK
r-release-linux-x86_64 0.3.42 8.18 201.37 209.55 OK
r-release-windows-ix86+x86_64 0.3.42 15.00 283.00 298.00 OK
r-release-osx-x86_64 0.3.42 OK
r-oldrel-windows-ix86+x86_64 0.3.42 21.00 296.00 317.00 OK
r-oldrel-osx-x86_64 0.3.42 WARN

Check Details

Version: 0.3.42
Check: re-building of vignette outputs
Result: WARN
    Error in re-building vignettes:
     ...
    Warning: running command 'kpsewhich framed.sty' had status 1
    Warning in test_latex_pkg("framed", system.file("misc", "framed.sty", package = "knitr")) :
     unable to find LaTeX package 'framed'; will use a copy from knitr
    Error in texi2dvi(file = file, pdf = TRUE, clean = clean, quiet = quiet, :
     Running 'texi2dvi' on 'HiveR.tex' failed.
    LaTeX errors:
    ! LaTeX Error: File `tufte-handout.cls' not found.
    
    Type X to quit or <RETURN> to proceed,
    or enter new name. (Default extension: cls)
    
    ! Emergency stop.
    <read *>
    
    l.9 \documentclass{tufte-handout}\usepackage
     []{graphicx}\usepackage[]{color}^^M
    ! ==> Fatal error occurred, no output PDF file produced!
    Calls: buildVignettes -> texi2pdf -> texi2dvi
    Execution halted
Flavor: r-oldrel-osx-x86_64