CRAN Package Check Results for Package HiveR

Last updated on 2014-07-25 10:51:59.

Flavor Version Tinstall Tcheck Ttotal Status Flags
r-devel-linux-x86_64-debian-clang 0.2-27 5.22 185.19 190.42 OK
r-devel-linux-x86_64-debian-gcc 0.2-27 5.33 179.90 185.23 OK
r-devel-linux-x86_64-fedora-clang 0.2-27 409.24 OK
r-devel-linux-x86_64-fedora-gcc 0.2-27 385.99 OK
r-devel-osx-x86_64-clang 0.2-27 348.55 OK
r-devel-windows-ix86+x86_64 0.2-27 11.00 273.00 284.00 OK
r-patched-linux-x86_64 0.2-27 5.16 184.66 189.82 OK
r-patched-solaris-sparc 0.2-27 454.00 OK --no-vignettes
r-patched-solaris-x86 0.2-27 532.30 OK
r-release-linux-ix86 0.2-27 6.62 236.29 242.91 OK
r-release-linux-x86_64 0.2-27 5.28 182.07 187.35 OK
r-release-osx-x86_64-mavericks 0.2-27 NOTE
r-release-osx-x86_64-snowleopard 0.2-27 OK
r-release-windows-ix86+x86_64 0.2-27 12.00 270.00 282.00 OK
r-oldrel-windows-ix86+x86_64 0.2-27 11.00 287.00 298.00 OK

Check Details

Version: 0.2-27
Check: re-building of vignette outputs
Result: NOTE
    Error in re-building vignettes:
     ...
    Warning: running command 'kpsewhich framed.sty' had status 1
    Warning in test_latex_pkg("framed", system.file("misc", "framed.sty", package = "knitr")) :
     unable to find LaTeX package 'framed'; will use a copy from knitr
    Error in texi2dvi(file = file, pdf = TRUE, clean = clean, quiet = quiet, :
     Running 'texi2dvi' on 'HiveR.tex' failed.
    LaTeX errors:
    ! LaTeX Error: File `tufte-handout.cls' not found.
    
    Type X to quit or <RETURN> to proceed,
    or enter new name. (Default extension: cls)
    
    est/HiveR/vignettes/HiveR.tex:9: ==> Fatal error occurred, no output PDF file
    produced!
    Calls: buildVignettes -> texi2pdf -> texi2dvi
    Execution halted
Flavor: r-release-osx-x86_64-mavericks