CRAN Package Check Results for Package HiveR

Last updated on 2014-04-21 01:48:05.

Flavor Version Tinstall Tcheck Ttotal Status Flags
r-devel-linux-x86_64-debian-clang 0.2-17 5.12 186.54 191.66 OK
r-devel-linux-x86_64-debian-gcc 0.2-17 5.62 187.91 193.52 OK
r-devel-linux-x86_64-fedora-clang 0.2-17 406.49 OK
r-devel-linux-x86_64-fedora-gcc 0.2-17 383.54 OK
r-devel-macosx-x86_64-clang 0.2-17 350.55 OK
r-devel-macosx-x86_64-gcc 0.2-17 ERROR
r-devel-windows-ix86+x86_64 0.2-17 11.00 271.00 282.00 OK
r-patched-linux-x86_64 0.2-17 5.09 187.03 192.12 OK
r-patched-solaris-sparc 0.2-17 446.30 OK --no-vignettes
r-patched-solaris-x86 0.2-17 525.50 OK
r-release-linux-ix86 OK
r-release-linux-x86_64 0.2-17 5.07 186.02 191.09 OK
r-release-macosx-x86_64 0.2-17 NOTE
r-release-windows-ix86+x86_64 0.2-17 14.00 271.00 285.00 OK
r-oldrel-windows-ix86+x86_64 0.2-17 10.00 293.00 303.00 OK

Check Details

Version: 0.2-17
Check: package dependencies
Result: NOTE
    Packages suggested but not available for checking:
     ‘ggplot2’ ‘knitr’ ‘bipartite’
    
    Files named as vignettes but with no recognized vignette engine:
     ‘inst/doc/HiveR.Rnw’
    (Is a VignetteBuilder field missing?)
Flavor: r-devel-macosx-x86_64-gcc

Version: 0.2-17
Check: examples
Result: ERROR
    Running examples in ‘HiveR-Ex.R’ failed
    The error most likely occurred in:
    
    > ### Name: adj2HPD
    > ### Title: Process an adjacency graph into a HivePlotData object
    > ### Aliases: adj2HPD
    > ### Keywords: utilities
    >
    > ### ** Examples
    >
    > ### Example 1: a bipartite network
    > ### Note: this first example has questionable scientific value!
    > ### The purpose is to show how to troubleshoot and
    > ### manipulate a HivePlotData object.
    >
    > require(bipartite)
    Loading required package: bipartite
    Warning in library(package, lib.loc = lib.loc, character.only = TRUE, logical.return = TRUE, :
     there is no package called ‘bipartite’
    > data(Safariland) # This is a bipartite network
    Warning in data(Safariland) : data set ‘Safariland’ not found
    >
    > # You may wish to do ?Safariland or ?Safari for background
    >
    > hive1 <- adj2HPD(Safariland, desc = "Safariland data set from bipartite")
    Error in adj2HPD(Safariland, desc = "Safariland data set from bipartite") :
     object 'Safariland' not found
    Execution halted
Flavor: r-devel-macosx-x86_64-gcc

Version: 0.2-17
Check: re-building of vignette outputs
Result: NOTE
    Error in re-building vignettes:
     ...
    Warning in hooks.a[[i]](before = before, options = options, envir = envir) :
     pdfcrop not installed or not in PATH
    Warning in rep(label.lty, length = n) :
     'x' is NULL so the result will be NULL
    Warning in hooks.a[[i]](before = before, options = options, envir = envir) :
     pdfcrop not installed or not in PATH
    Warning in rep(label.lty, length = n) :
     'x' is NULL so the result will be NULL
    Warning in hooks.a[[i]](before = before, options = options, envir = envir) :
     pdfcrop not installed or not in PATH
    Warning in hooks.a[[i]](before = before, options = options, envir = envir) :
     pdfcrop not installed or not in PATH
    Warning in hooks.a[[i]](before = before, options = options, envir = envir) :
     pdfcrop not installed or not in PATH
    Error in texi2dvi(file = file, pdf = TRUE, clean = clean, quiet = quiet, :
     Running 'texi2dvi' on 'HiveR.tex' failed.
    LaTeX errors:
    ! LaTeX Error: File `xifthen.sty' not found.
    
    Type X to quit or <RETURN> to proceed,
    or enter new name. (Default extension: sty)
    
    ./tufte-common.def:14: ==> Fatal error occurred, no output PDF file produced!
    Calls: buildVignettes -> texi2pdf -> texi2dvi
    Execution halted
Flavor: r-release-macosx-x86_64