CRAN Package Check Results for Package HiveR

Last updated on 2016-10-01 12:47:49.

Flavor Version Tinstall Tcheck Ttotal Status Flags
r-devel-linux-x86_64-debian-clang 0.2.55 4.40 117.67 122.07 OK
r-devel-linux-x86_64-debian-gcc 0.2.55 4.51 115.16 119.66 OK
r-devel-linux-x86_64-fedora-clang 0.2.55 271.72 OK
r-devel-linux-x86_64-fedora-gcc 0.2.55 237.78 OK
r-devel-macos-x86_64-clang 0.2.55 180.34 OK
r-devel-windows-ix86+x86_64 0.2.55 10.00 231.00 241.00 OK
r-patched-linux-x86_64 0.2.55 3.96 114.22 118.18 OK
r-patched-solaris-sparc 0.2.55 381.70 OK --no-vignettes
r-patched-solaris-x86 0.2.55 246.00 OK
r-release-linux-x86_64 0.2.55 3.69 114.40 118.10 OK
r-release-osx-x86_64-mavericks 0.2.55 NOTE
r-release-windows-ix86+x86_64 0.2.55 8.00 190.00 198.00 OK
r-oldrel-windows-ix86+x86_64 0.2.55 14.00 233.00 247.00 OK

Check Details

Version: 0.2.55
Check: dependencies in R code
Result: NOTE
    Invalid MIT-MAGIC-COOKIE-1 keyInvalid MIT-MAGIC-COOKIE-1 key
Flavor: r-release-osx-x86_64-mavericks