CRAN Package Check Results for Package HiveR

Last updated on 2016-12-10 07:47:27.

Flavor Version Tinstall Tcheck Ttotal Status Flags
r-devel-linux-x86_64-debian-clang 0.2.55 4.56 123.93 128.49 OK
r-devel-linux-x86_64-debian-gcc 0.2.55 4.38 118.46 122.83 OK
r-devel-linux-x86_64-fedora-clang 0.2.55 262.63 OK --no-stop-on-test-error
r-devel-linux-x86_64-fedora-gcc 0.2.55 244.46 OK --no-stop-on-test-error
r-devel-macos-x86_64-clang 0.2.55 196.69 OK --no-stop-on-test-error
r-devel-windows-ix86+x86_64 0.2.55 10.00 193.00 203.00 OK
r-patched-linux-x86_64 0.2.55 3.73 112.79 116.52 OK
r-patched-solaris-sparc 0.2.55 381.70 OK --no-vignettes
r-patched-solaris-x86 0.2.55 248.50 OK
r-release-linux-x86_64 0.2.55 4.26 116.69 120.95 OK
r-release-osx-x86_64-mavericks 0.2.55 NOTE
r-release-windows-ix86+x86_64 0.2.55 9.00 185.00 194.00 OK
r-oldrel-windows-ix86+x86_64 0.2.55 12.00 239.00 251.00 OK

Check Details

Version: 0.2.55
Check: dependencies in R code
Result: NOTE
    Invalid MIT-MAGIC-COOKIE-1 keyInvalid MIT-MAGIC-COOKIE-1 key
Flavor: r-release-osx-x86_64-mavericks