CRAN Package Check Results for Package HiveR

Last updated on 2018-06-21 13:46:41 CEST.

Flavor Version Tinstall Tcheck Ttotal Status Flags
r-devel-linux-x86_64-debian-clang 0.3.42 9.33 189.53 198.86 OK
r-devel-linux-x86_64-debian-gcc 0.3.42 6.94 155.12 162.06 OK
r-devel-linux-x86_64-fedora-clang 0.3.42 267.08 OK
r-devel-linux-x86_64-fedora-gcc 0.3.42 259.67 OK
r-devel-windows-ix86+x86_64 0.3.42 17.00 283.00 300.00 OK
r-patched-linux-x86_64 0.3.42 6.07 197.07 203.14 OK
r-patched-solaris-x86 0.3.42 355.90 OK
r-release-linux-x86_64 0.3.42 7.03 194.12 201.15 OK
r-release-windows-ix86+x86_64 0.3.42 16.00 207.00 223.00 OK
r-release-osx-x86_64 0.3.42 OK
r-oldrel-windows-ix86+x86_64 0.3.42 12.00 209.00 221.00 OK
r-oldrel-osx-x86_64 0.3.42 WARN

Check Details

Version: 0.3.42
Check: re-building of vignette outputs
Result: WARN
    Error in re-building vignettes:
     ...
    Warning: running command 'kpsewhich framed.sty' had status 1
    Warning in test_latex_pkg("framed", system.file("misc", "framed.sty", package = "knitr")) :
     unable to find LaTeX package 'framed'; will use a copy from knitr
    Error in texi2dvi(file = file, pdf = TRUE, clean = clean, quiet = quiet, :
     Running 'texi2dvi' on 'HiveR.tex' failed.
    LaTeX errors:
    ! LaTeX Error: File `tufte-handout.cls' not found.
    
    Type X to quit or <RETURN> to proceed,
    or enter new name. (Default extension: cls)
    
    ! Emergency stop.
    <read *>
    
    l.9 \documentclass{tufte-handout}\usepackage
     []{graphicx}\usepackage[]{color}^^M
    ! ==> Fatal error occurred, no output PDF file produced!
    Calls: buildVignettes -> texi2pdf -> texi2dvi
    Execution halted
Flavor: r-oldrel-osx-x86_64