CRAN Package Check Results for Package HiveR

Last updated on 2016-08-29 00:46:59.

Flavor Version Tinstall Tcheck Ttotal Status Flags
r-devel-linux-x86_64-debian-clang 0.2.55 3.81 114.56 118.36 OK
r-devel-linux-x86_64-debian-gcc 0.2.55 3.76 111.25 115.01 OK
r-devel-linux-x86_64-fedora-clang 0.2.55 246.73 OK
r-devel-linux-x86_64-fedora-gcc 0.2.55 234.31 OK
r-devel-osx-x86_64-clang 0.2.55 181.89 OK
r-devel-windows-ix86+x86_64 0.2.55 12.00 242.00 254.00 OK
r-patched-linux-x86_64 0.2.55 3.77 111.80 115.57 OK
r-patched-solaris-sparc 0.2.55 381.70 OK --no-vignettes
r-patched-solaris-x86 0.2.55 244.20 OK
r-release-linux-x86_64 0.2.55 4.12 113.76 117.88 OK
r-release-osx-x86_64-mavericks 0.2.55 NOTE
r-release-windows-ix86+x86_64 0.2.55 19.00 234.00 253.00 OK
r-oldrel-windows-ix86+x86_64 0.2.55 12.00 229.00 241.00 OK

Check Details

Version: 0.2.55
Check: dependencies in R code
Result: NOTE
    Invalid MIT-MAGIC-COOKIE-1 keyInvalid MIT-MAGIC-COOKIE-1 key
Flavor: r-release-osx-x86_64-mavericks