CRAN Package Check Results for Package HiveR

Last updated on 2017-10-20 06:48:50.

Flavor Version Tinstall Tcheck Ttotal Status Flags
r-devel-linux-x86_64-debian-clang 0.3.42 5.93 147.22 153.14 OK
r-devel-linux-x86_64-debian-gcc 0.3.42 4.89 137.30 142.19 OK
r-devel-linux-x86_64-fedora-clang 0.3.42 296.82 OK
r-devel-linux-x86_64-fedora-gcc 0.3.42 297.34 OK
r-devel-windows-ix86+x86_64 0.3.42 15.00 287.00 302.00 OK
r-patched-linux-x86_64 0.3.42 5.81 144.72 150.53 OK
r-patched-solaris-x86 0.3.42 349.10 OK
r-release-linux-x86_64 0.3.42 5.51 142.53 148.04 OK
r-release-windows-ix86+x86_64 0.3.42 15.00 287.00 302.00 OK
r-release-osx-x86_64 0.3.42 WARN
r-oldrel-windows-ix86+x86_64 0.3.42 15.00 278.00 293.00 OK
r-oldrel-osx-x86_64 0.3.42 OK

Check Details

Version: 0.3.42
Check: re-building of vignette outputs
Result: WARN
    Error in re-building vignettes:
     ...
    Warning: running command 'kpsewhich framed.sty' had status 1
    Warning in test_latex_pkg("framed", system.file("misc", "framed.sty", package = "knitr")) :
     unable to find LaTeX package 'framed'; will use a copy from knitr
    Error in texi2dvi(file = file, pdf = TRUE, clean = clean, quiet = quiet, :
     Running 'texi2dvi' on 'HiveR.tex' failed.
    LaTeX errors:
    ! LaTeX Error: File `tufte-handout.cls' not found.
    
    Type X to quit or <RETURN> to proceed,
    or enter new name. (Default extension: cls)
    
    ! Emergency stop.
    <read *>
    
    l.9 \documentclass{tufte-handout}\usepackage
     []{graphicx}\usepackage[]{color}^^M
    ! ==> Fatal error occurred, no output PDF file produced!
    Calls: buildVignettes -> texi2pdf -> texi2dvi
    Execution halted
Flavor: r-release-osx-x86_64