CRAN Package Check Results for Package HiveR

Last updated on 2014-12-21 09:51:28.

Flavor Version Tinstall Tcheck Ttotal Status Flags
r-devel-linux-x86_64-debian-clang 0.2-27 4.82 195.64 200.46 NOTE
r-devel-linux-x86_64-debian-gcc 0.2-27 4.49 185.19 189.68 NOTE
r-devel-linux-x86_64-fedora-clang 0.2-27 408.59 NOTE
r-devel-linux-x86_64-fedora-gcc 0.2-27 350.34 NOTE
r-devel-osx-x86_64-clang 0.2-27 365.99 NOTE
r-devel-windows-ix86+x86_64 0.2-27 12.00 264.00 276.00 NOTE
r-patched-linux-x86_64 0.2-27 5.67 190.43 196.10 NOTE
r-patched-solaris-sparc 0.2-27 460.60 NOTE --no-vignettes
r-patched-solaris-x86 0.2-27 528.20 NOTE
r-release-linux-ix86 0.2-27 6.51 249.89 256.40 NOTE
r-release-linux-x86_64 0.2-27 5.66 190.94 196.60 NOTE
r-release-osx-x86_64-mavericks 0.2-27 NOTE
r-release-osx-x86_64-snowleopard 0.2-27 OK
r-release-windows-ix86+x86_64 0.2-27 16.00 273.00 289.00 NOTE
r-oldrel-windows-ix86+x86_64 0.2-27 12.00 298.00 310.00 OK

Check Details

Version: 0.2-27
Check: R code for possible problems
Result: NOTE
    animateHive: no visible global function definition for ‘open3d’
    animateHive: no visible global function definition for ‘rgl.cur’
    animateHive: no visible global function definition for ‘rgl.bringtotop’
    drawHiveSpline: no visible global function definition for ‘lines3d’
    plot3dHive: no visible global function definition for ‘bg3d’
    plot3dHive: no visible global function definition for ‘segments3d’
    plot3dHive: no visible global function definition for ‘spheres3d’
    plot3dHive: no visible global function definition for ‘text3d’
    sumHPD: no visible global function definition for ‘xtable’
    sumHPD: no visible global function definition for ‘align<-’
Flavors: r-devel-linux-x86_64-debian-clang, r-devel-linux-x86_64-debian-gcc, r-devel-linux-x86_64-fedora-clang, r-devel-linux-x86_64-fedora-gcc, r-devel-osx-x86_64-clang, r-devel-windows-ix86+x86_64, r-patched-linux-x86_64, r-patched-solaris-x86, r-release-linux-ix86, r-release-linux-x86_64, r-release-windows-ix86+x86_64

Version: 0.2-27
Flags: --no-vignettes
Check: R code for possible problems
Result: NOTE
    animateHive: no visible global function definition for ‘open3d’
    animateHive: no visible global function definition for ‘rgl.cur’
    animateHive: no visible global function definition for ‘rgl.bringtotop’
    drawHiveSpline: no visible global function definition for ‘lines3d’
    plot3dHive: no visible global function definition for ‘bg3d’
    plot3dHive: no visible global function definition for ‘segments3d’
    plot3dHive: no visible global function definition for ‘spheres3d’
    plot3dHive: no visible global function definition for ‘text3d’
    sumHPD: no visible global function definition for ‘xtable’
    sumHPD: no visible global function definition for ‘align<-’
Flavor: r-patched-solaris-sparc

Version: 0.2-27
Check: re-building of vignette outputs
Result: NOTE
    Error in re-building vignettes:
     ...
    Warning: running command 'kpsewhich framed.sty' had status 1
    Warning in test_latex_pkg("framed", system.file("misc", "framed.sty", package = "knitr")) :
     unable to find LaTeX package 'framed'; will use a copy from knitr
    Error in texi2dvi(file = file, pdf = TRUE, clean = clean, quiet = quiet, :
     Running 'texi2dvi' on 'HiveR.tex' failed.
    LaTeX errors:
    ! LaTeX Error: File `tufte-handout.cls' not found.
    
    Type X to quit or <RETURN> to proceed,
    or enter new name. (Default extension: cls)
    
    est/HiveR/vignettes/HiveR.tex:9: ==> Fatal error occurred, no output PDF file
    produced!
    Calls: buildVignettes -> texi2pdf -> texi2dvi
    Execution halted
Flavor: r-release-osx-x86_64-mavericks