CRAN Package Check Results for Package HiveR

Last updated on 2016-05-31 05:47:30.

Flavor Version Tinstall Tcheck Ttotal Status Flags
r-devel-linux-x86_64-debian-gcc 0.2.55 4.06 103.17 107.24 OK
r-devel-linux-x86_64-fedora-clang 0.2.55 223.23 OK
r-devel-linux-x86_64-fedora-gcc 0.2.55 212.73 OK
r-devel-osx-x86_64-clang 0.2.55 247.09 OK
r-devel-windows-ix86+x86_64 0.2.55 10.00 192.00 202.00 OK
r-patched-linux-x86_64 0.2.55 3.98 105.31 109.29 OK
r-patched-solaris-sparc 0.2.55 379.90 OK --no-vignettes
r-patched-solaris-x86 0.2.55 252.90 OK
r-release-linux-x86_64 0.2.55 3.88 105.17 109.04 OK
r-release-osx-x86_64-mavericks 0.2.55 NOTE
r-release-windows-ix86+x86_64 0.2.55 12.00 203.00 215.00 OK
r-oldrel-windows-ix86+x86_64 0.2.55 10.00 192.00 202.00 OK

Check Details

Version: 0.2.55
Check: dependencies in R code
Result: NOTE
    Invalid MIT-MAGIC-COOKIE-1 keyInvalid MIT-MAGIC-COOKIE-1 key
Flavor: r-release-osx-x86_64-mavericks