CRAN Package Check Results for Package HiveR

Last updated on 2017-01-16 17:49:14.

Flavor Version Tinstall Tcheck Ttotal Status Flags
r-devel-linux-x86_64-debian-clang 0.2.55 4.60 122.19 126.80 OK
r-devel-linux-x86_64-debian-gcc 0.2.55 4.15 117.34 121.49 OK
r-devel-linux-x86_64-fedora-clang 0.2.55 267.21 OK --no-stop-on-test-error
r-devel-linux-x86_64-fedora-gcc 0.2.55 260.96 OK --no-stop-on-test-error
r-devel-macos-x86_64-clang 0.2.55 193.96 OK --no-stop-on-test-error
r-devel-windows-ix86+x86_64 0.2.55 14.00 204.00 218.00 OK
r-patched-linux-x86_64 0.2.55 4.01 115.20 119.21 OK
r-patched-solaris-sparc 0.2.55 378.80 OK --no-vignettes
r-patched-solaris-x86 0.2.55 246.90 OK
r-release-linux-x86_64 0.2.55 3.78 116.19 119.97 OK
r-release-osx-x86_64-mavericks 0.2.55 NOTE
r-release-windows-ix86+x86_64 0.2.55 14.00 189.00 203.00 OK
r-oldrel-windows-ix86+x86_64 0.2.55 10.00 205.00 215.00 OK

Check Details

Version: 0.2.55
Check: dependencies in R code
Result: NOTE
    Invalid MIT-MAGIC-COOKIE-1 keyInvalid MIT-MAGIC-COOKIE-1 key
Flavor: r-release-osx-x86_64-mavericks