CRAN Package Check Results for Package HiveR

Last updated on 2017-06-25 06:47:31.

Flavor Version Tinstall Tcheck Ttotal Status Flags
r-devel-linux-x86_64-debian-clang 0.2.55 4.38 120.06 124.44 OK
r-devel-linux-x86_64-debian-gcc 0.2.55 4.41 111.84 116.26 OK
r-devel-linux-x86_64-fedora-clang 0.2.55 277.54 OK
r-devel-linux-x86_64-fedora-gcc 0.2.55 242.40 OK
r-devel-windows-ix86+x86_64 0.2.55 10.00 248.00 258.00 OK
r-patched-linux-x86_64 0.2.55 4.14 115.10 119.24 OK
r-patched-solaris-sparc 0.2.55 407.30 OK --no-vignettes
r-patched-solaris-x86 0.2.55 271.30 OK
r-release-linux-x86_64 0.2.55 4.32 113.66 117.98 OK
r-release-windows-ix86+x86_64 0.2.55 16.00 260.00 276.00 OK
r-release-osx-x86_64 0.2.55 WARN
r-oldrel-windows-ix86+x86_64 0.2.55 12.00 245.00 257.00 OK
r-oldrel-osx-x86_64 0.2.55 NOTE

Check Details

Version: 0.2.55
Check: re-building of vignette outputs
Result: WARN
    Error in re-building vignettes:
     ...
    Warning: running command 'kpsewhich framed.sty' had status 1
    Warning in test_latex_pkg("framed", system.file("misc", "framed.sty", package = "knitr")) :
     unable to find LaTeX package 'framed'; will use a copy from knitr
    Error in texi2dvi(file = file, pdf = TRUE, clean = clean, quiet = quiet, :
     Running 'texi2dvi' on 'HiveR.tex' failed.
    LaTeX errors:
    ! LaTeX Error: File `tufte-handout.cls' not found.
    
    Type X to quit or <RETURN> to proceed,
    or enter new name. (Default extension: cls)
    
    ! Emergency stop.
    <read *>
    
    l.9 \documentclass{tufte-handout}\usepackage
     []{graphicx}\usepackage[]{color}^^M
    ! ==> Fatal error occurred, no output PDF file produced!
    Calls: buildVignettes -> texi2pdf -> texi2dvi
    Execution halted
Flavor: r-release-osx-x86_64

Version: 0.2.55
Check: dependencies in R code
Result: NOTE
    Invalid MIT-MAGIC-COOKIE-1 keyInvalid MIT-MAGIC-COOKIE-1 key
Flavor: r-oldrel-osx-x86_64