CRAN Package Check Results for Package Hmisc

Last updated on 2015-09-04 06:48:06.

Flavor Version Tinstall Tcheck Ttotal Status Flags
r-devel-linux-x86_64-debian-clang 3.16-0 5.81 121.38 127.19 NOTE
r-devel-linux-x86_64-debian-gcc 3.16-0 6.07 123.38 129.44 NOTE
r-devel-linux-x86_64-fedora-clang 3.16-0 225.85 NOTE
r-devel-linux-x86_64-fedora-gcc 3.16-0 217.81 NOTE
r-devel-osx-x86_64-clang 3.16-0 201.42 NOTE
r-devel-windows-ix86+x86_64 3.16-0 27.00 211.00 238.00 NOTE
r-patched-linux-x86_64 3.16-0 6.32 120.22 126.53 NOTE
r-patched-solaris-sparc 3.16-0 1453.00 NOTE
r-patched-solaris-x86 3.16-0 279.10 NOTE
r-release-linux-x86_64 3.16-0 5.96 117.42 123.37 NOTE
r-release-osx-x86_64-mavericks 3.16-0 NOTE
r-release-windows-ix86+x86_64 3.16-0 35.00 234.00 269.00 NOTE
r-oldrel-windows-ix86+x86_64 3.16-0 42.00 266.00 308.00 NOTE

Check Details

Version: 3.16-0
Check: R code for possible problems
Result: NOTE
    Ecdf.data.frame: no visible global function definition for ‘par’
    Ecdf.data.frame: no visible global function definition for ‘mtext’
    Ecdf.data.frame: no visible global function definition for ‘dev.list’
    Ecdf.data.frame: no visible global function definition for ‘locator’
    Ecdf.default: no visible global function definition for ‘plot’
    Ecdf.default: no visible global function definition for ‘lines’
    Ecdf.default: no visible global function definition for ‘title’
    Ecdf.default: no visible global function definition for ‘par’
    aregImpute: no visible global function definition for ‘plot’
    bpplot: no visible global function definition for ‘plot’
    bpplot: no visible global function definition for ‘lines’
    bpplt: no visible global function definition for ‘par’
    bpplt: no visible global function definition for ‘plot.new’
    bpplt: no visible global function definition for ‘strwidth’
    bpplt: no visible global function definition for ‘plot.window’
    bpplt: no visible global function definition for ‘box’
    bpplt: no visible global function definition for ‘mtext’
    bpplt: no visible global function definition for ‘polygon’
    bpplt: no visible global function definition for ‘text’
    bpplt: no visible global function definition for ‘arrows’
    character.table: no visible global function definition for ‘par’
    character.table: no visible global function definition for ‘plot’
    character.table: no visible global function definition for ‘text’
    cnvrt.coords: no visible global function definition for ‘xy.coords’
    cnvrt.coords: no visible global function definition for ‘par’
    colorFacet: no visible global function definition for ‘adjustcolor’
    confbar: no visible global function definition for ‘gray’
    confbar: no visible global function definition for ‘par’
    confbar : polyg: no visible global function definition for ‘polygon’
    confbar : Lines: no visible global function definition for ‘lines’
    confbar : Text: no visible global function definition for ‘text’
    csv.get: no visible global function definition for ‘read.csv’
    datadensity.data.frame: no visible global function definition for
     ‘plot.new’
    datadensity.data.frame: no visible global function definition for ‘par’
    datadensity.data.frame: no visible global function definition for
     ‘strwidth’
    datadensity.data.frame: no visible global function definition for
     ‘plot’
    datadensity.data.frame: no visible global function definition for
     ‘strheight’
    datadensity.data.frame: no visible global function definition for
     ‘axis’
    datadensity.data.frame: no visible global function definition for
     ‘points’
    datadensity.data.frame: no visible global function definition for
     ‘lines’
    datadensity.data.frame: no visible global function definition for
     ‘symbols’
    datadensity.data.frame: no visible global function definition for
     ‘text’
    datadensity.data.frame: no visible global function definition for
     ‘mtext’
    dotchart2: no visible global function definition for ‘par’
    dotchart2: no visible global function definition for ‘plot.new’
    dotchart2 : mtextsrt: no visible global function definition for ‘mtext’
    dotchart2: no visible global function definition for ‘strwidth’
    dotchart2: no visible global function definition for ‘plot’
    dotchart2: no visible global function definition for ‘abline’
    dotchart2: no visible global function definition for ‘points’
    dotchart2: no visible global function definition for ‘strheight’
    dotchart2: no visible global function definition for ‘text’
    dotchart3: no visible global function definition for ‘par’
    dotchart3: no visible global function definition for ‘plot.new’
    dotchart3: no visible global function definition for ‘strwidth’
    dotchart3: no visible global function definition for ‘plot.window’
    dotchart3: no visible global function definition for ‘mtext’
    dotchart3: no visible global function definition for ‘abline’
    dotchart3: no visible global function definition for ‘strheight’
    dotchart3: no visible global function definition for ‘points’
    dotchart3: no visible global function definition for ‘axis’
    dotchart3: no visible global function definition for ‘box’
    dotchart3: no visible global function definition for ‘title’
    drawPlot : Points: no visible global function definition for ‘par’
    drawPlot : Points: no visible global function definition for ‘locator’
    drawPlot : Curve: no visible global function definition for ‘par’
    drawPlot : Curve: no visible global function definition for ‘lines’
    drawPlot : Curve: no visible global function definition for ‘locator’
    drawPlot : Abline: no visible global function definition for ‘abline’
    drawPlot: no visible global function definition for ‘plot’
    drawPlot: no visible global function definition for ‘axis’
    errbar: no visible global function definition for ‘par’
    errbar: no visible global function definition for ‘strwidth’
    errbar: no visible global function definition for ‘plot’
    errbar: no visible global function definition for ‘axis’
    errbar: no visible global function definition for ‘points’
    errbar: no visible global function definition for ‘segments’
    errbar: no visible global function definition for ‘abline’
    errbar: no visible global function definition for ‘lines’
    event.chart : legnd: no visible global function definition for ‘legend’
    event.chart: no visible global function definition for ‘par’
    event.chart: no visible global function definition for ‘plot’
    event.chart: no visible global function definition for ‘mtext’
    event.chart: no visible global function definition for ‘abline’
    event.chart: no visible global function definition for ‘axis’
    event.chart: no visible global function definition for ‘title’
    event.chart: no visible global function definition for ‘lines’
    event.chart: no visible global function definition for ‘points’
    event.chart: no visible global function definition for ‘segments’
    event.chart: no visible global function definition for ‘locator’
    event.chart: no visible global function definition for ‘box’
    event.history: no visible global function definition for ‘plot’
    event.history: no visible global function definition for ‘polygon’
    event.history: no visible global function definition for ‘text’
    getHdata: no visible global function definition for ‘browseURL’
    getHdata: no visible global function definition for ‘download.file’
    getRs : read.table.HTTPS: no visible global function definition for
     ‘read.table’
    getRs : download.file.HTTPS: no visible global function definition for
     ‘download.file’
    getRs: no visible global function definition for ‘browseURL’
    getZip: no visible global function definition for ‘download.file’
    hist.data.frame: no visible global function definition for ‘par’
    hist.data.frame: no visible global function definition for ‘hist’
    hist.data.frame: no visible global function definition for ‘title’
    hist.data.frame: no visible global function definition for ‘mtext’
    hist.data.frame: no visible global function definition for ‘dev.list’
    hist.data.frame: no visible global function definition for ‘locator’
    histSpike: no visible global function definition for ‘par’
    histSpike: no visible global function definition for ‘plot’
    histbackback: no visible global function definition for ‘hist’
    histbackback: no visible global function definition for ‘barplot’
    histbackback: no visible global function definition for ‘par’
    histbackback: no visible global function definition for ‘title’
    histbackback: no visible global function definition for ‘abline’
    histbackback: no visible global function definition for ‘box’
    impute.transcan: no visible global function definition for ‘find’
    inverseFunction: multiple local function definitions for ‘h’ with
     different formal arguments
    knitrSet : spar: no visible global function definition for ‘par’
    labcurve: no visible global function definition for ‘plot.new’
    labcurve: no visible global function definition for ‘par’
    labcurve: no visible global function definition for ‘plot’
    labcurve: no visible global function definition for ‘axis.POSIXct’
    labcurve: no visible global function definition for ‘axis.Date’
    labcurve: no visible global function definition for ‘axis’
    labcurve: no visible global function definition for ‘locator’
    labcurve: no visible global function definition for ‘strheight’
    labcurve: no visible global function definition for ‘strwidth’
    latexNeedle: no visible global function definition for ‘col2rgb’
    list.tree: no visible global function definition for ‘object.size’
    lookupSASContents: no visible global function definition for ‘read.csv’
    mbarclPanel: no visible global function definition for ‘adjustcolor’
    medvPanel : denpoly: no visible global function definition for
     ‘adjustcolor’
    medvPanel: no visible global function definition for ‘adjustcolor’
    mgp.axis: no visible global function definition for ‘par’
    mgp.axis: no visible global function definition for ‘title’
    mgp.axis.labels: no visible global function definition for ‘par’
    minor.tick : ax: no visible global function definition for ‘par’
    minor.tick : ax: no visible global function definition for ‘axis’
    mtitle: no visible global function definition for ‘par’
    mtitle : <anonymous>: no visible global function definition for ‘mtext’
    mtitle : <anonymous>: no visible global function definition for ‘title’
    multLines: no visible global function definition for ‘adjustcolor’
    multLines: no visible global function definition for ‘lines’
    multLines: no visible global function definition for ‘par’
    multLines: no visible global function definition for ‘segments’
    nafitted.delete: no visible global function definition for
     ‘getFromNamespace’
    naplot: no visible global function definition for ‘par’
    naplot: no visible global function definition for ‘plot’
    naplot: no visible global function definition for ‘text’
    napredict.delete: no visible global function definition for
     ‘getFromNamespace’
    naresid.delete: no visible global function definition for
     ‘getFromNamespace’
    oPar: no visible global function definition for ‘par’
    ordGridFun : <anonymous>: no visible global function definition for
     ‘lines’
    ordGridFun : <anonymous>: no visible global function definition for
     ‘points’
    ordGridFun : <anonymous>: no visible global function definition for
     ‘text’
    ordGridFun : <anonymous>: no visible global function definition for
     ‘segments’
    ordGridFun : <anonymous>: no visible global function definition for
     ‘arrows’
    ordGridFun : <anonymous>: no visible global function definition for
     ‘rect’
    ordGridFun : <anonymous>: no visible global function definition for
     ‘polygon’
    ordGridFun : <anonymous>: no visible global function definition for
     ‘abline’
    ordGridFun : <anonymous>: no visible global function definition for
     ‘axis’
    ordGridFun : <anonymous>: no visible global function definition for
     ‘par’
    outerText: no visible global function definition for ‘par’
    outerText: no visible global function definition for ‘axis’
    panel.Ecdf : .Key: no visible global function definition for ‘par’
    panel.bpplot: no visible global function definition for ‘par’
    panel.plsmo : Key: no visible global function definition for ‘par’
    panel.xYplot: no visible global function definition for ‘par’
    parGrid: no visible global function definition for ‘par’
    plot.areg: no visible global function definition for ‘plot’
    plot.areg: no visible global function definition for ‘title’
    plot.areg.boot: no visible global function definition for ‘par’
    plot.areg.boot: no visible global function definition for ‘plot’
    plot.areg.boot: no visible global function definition for ‘lines’
    plot.aregImpute: no visible global function definition for ‘plot’
    plot.aregImpute: no visible global function definition for ‘hist’
    plot.curveRep : textfun: no visible global function definition for
     ‘gray’
    plot.curveRep : textfun: no visible global function definition for
     ‘strwidth’
    plot.curveRep: no visible global function definition for ‘plot’
    plot.curveRep: no visible global function definition for ‘title’
    plot.curveRep: no visible global function definition for ‘lines’
    plot.drawPlot: no visible global function definition for ‘plot’
    plot.drawPlot: no visible global function definition for ‘axis’
    plot.drawPlot: no visible global function definition for ‘points’
    plot.drawPlot: no visible global function definition for ‘lines’
    plot.gbayes: no visible global function definition for ‘plot’
    plot.gbayes: no visible global function definition for ‘lines’
    plot.rm.boot: no visible global function definition for ‘plot’
    plot.rm.boot: no visible global function definition for ‘title’
    plot.rm.boot: no visible global function definition for ‘polygon’
    plot.rm.boot: no visible global function definition for ‘lines’
    plot.summary.formula.response: no visible global function definition
     for ‘par’
    plot.summary.formula.response: no visible global function definition
     for ‘title’
    plot.summary.formula.response : Key1: no visible global function
     definition for ‘par’
    plot.summary.formula.reverse: no visible global function definition for
     ‘par’
    plot.summary.formula.reverse: no visible global function definition for
     ‘title’
    plot.summary.formula.reverse : Key3: no visible global function
     definition for ‘par’
    plot.summary.formula.reverse : Key2: no visible global function
     definition for ‘text’
    plot.summaryM: no visible global function definition for ‘par’
    plot.summaryM: no visible global function definition for ‘title’
    plot.summaryM : Key3: no visible global function definition for ‘par’
    plot.summaryM : Key2: no visible global function definition for ‘text’
    plot.summaryM: no visible global function definition for ‘strwidth’
    plot.summaryM: no visible global function definition for ‘strheight’
    plot.transcan: no visible global function definition for ‘plot’
    plot.transcan: no visible global function definition for ‘title’
    plot.varclus: no visible global function definition for ‘plot’
    plot.varclus: no visible global function definition for ‘axis’
    plot.varclus: no visible global function definition for ‘title’
    plot.varclus: no visible global function definition for ‘locator’
    plot.varclus: no visible global function definition for ‘text’
    plotMultSim: no visible global function definition for ‘par’
    plotMultSim: no visible global function definition for ‘plot’
    plotMultSim: no visible global function definition for ‘text’
    plotMultSim: no visible global function definition for ‘lines’
    plotMultSim: no visible global function definition for ‘gray’
    plotMultSim: no visible global function definition for ‘segments’
    plsmo: no visible global function definition for ‘par’
    plsmo: no visible global function definition for ‘plot’
    pstamp : stamp: no visible global function definition for ‘par’
    pstamp : stamp: no visible global function definition for ‘strwidth’
    pstamp : stamp: no visible global function definition for ‘strheight’
    pstamp : stamp: no visible global function definition for ‘text’
    pstamp: no visible global function definition for ‘par’
    putKey: no visible global function definition for ‘par’
    putKeyEmpty: no visible global function definition for ‘par’
    rcspline.plot: no visible global function definition for
     ‘getFromNamespace’
    rcspline.plot: no visible global function definition for ‘par’
    rcspline.plot: no visible global function definition for ‘plot’
    rcspline.plot: no visible global function definition for ‘lines’
    rcspline.plot : ltext: no visible global function definition for ‘par’
    rcspline.plot : ltext: no visible global function definition for ‘text’
    rcspline.plot: no visible global function definition for ‘locator’
    rcspline.plot: no visible global function definition for ‘arrows’
    rcspline.plot: no visible global function definition for ‘points’
    readSAScsv: no visible global function definition for ‘read.csv’
    rlegend: no visible global function definition for ‘par’
    rlegend: no visible global function definition for ‘strwidth’
    rlegend: no visible global function definition for ‘strheight’
    rlegendg: no visible global function definition for ‘par’
    rm.boot : ploti: no visible global function definition for ‘plot’
    rm.boot : ploti: no visible global function definition for ‘lines’
    rm.boot: no visible global function definition for ‘title’
    rm.boot: no visible global function definition for ‘plot’
    sasxport.get: no visible global function definition for ‘download.file’
    scat1d: no visible global function definition for ‘par’
    setParNro: no visible global function definition for ‘par’
    show.col: no visible global function definition for ‘plot’
    show.col: no visible global function definition for ‘points’
    show.col: no visible global function definition for ‘text’
    show.pch: no visible global function definition for ‘par’
    show.pch: no visible global function definition for ‘plot’
    show.pch: no visible global function definition for ‘points’
    show.pch: no visible global function definition for ‘text’
    spss.get: no visible global function definition for ‘download.file’
    stata.get: no visible global function definition for ‘download.file’
    strgraphwrap: no visible global function definition for ‘strwidth’
    stripChart: no visible global function definition for ‘par’
    stripChart: no visible global function definition for ‘plot.new’
    stripChart: no visible global function definition for ‘strwidth’
    stripChart: no visible global function definition for ‘plot’
    stripChart: no visible global function definition for ‘box’
    stripChart: no visible global function definition for ‘mtext’
    stripChart: no visible global function definition for ‘abline’
    subplot: no visible global function definition for ‘par’
    subplot: no visible global function definition for ‘locator’
    subplot: no visible global function definition for ‘xy.coords’
    summaryD: no visible global function definition for ‘gray’
    summaryD: no visible global function definition for ‘par’
    summaryD: no visible global function definition for ‘abline’
    summaryRc : pl: no visible global function definition for ‘par’
    summaryRc : pl: no visible global function definition for ‘text’
    summaryRc : pl: no visible global function definition for ‘arrows’
    summaryS: multiple local function definitions for ‘g’ with different
     formal arguments
    symbol.freq: no visible global function definition for ‘symbols’
    symbol.freq: no visible global function definition for ‘title’
    symbol.freq: no visible global function definition for ‘axis’
    symbol.freq: no visible global function definition for ‘text’
    symbol.freq: no visible global function definition for ‘abline’
    symbol.freq: no visible global function definition for ‘locator’
    symbol.freq: no visible global function definition for ‘box’
    tabulr: multiple local function definitions for ‘lab’ with different
     formal arguments
    transace: no visible global function definition for ‘plot’
    transcan: no visible global function definition for ‘plot’
    transcan: no visible global function definition for ‘title’
    transcan: no visible global function definition for ‘abline’
    upData: no visible global function definition for ‘object.size’
    upData: no visible global function definition for ‘find’
    xInch: no visible global function definition for ‘par’
    yInch: no visible global function definition for ‘par’
    zoom: no visible global function definition for ‘par’
    zoom: no visible global function definition for ‘locator’
    Undefined global functions or variables:
     abline adjustcolor arrows axis axis.Date axis.POSIXct barplot box
     browseURL col2rgb dev.list download.file find getFromNamespace gray
     hist legend lines locator mtext object.size par plot plot.new
     plot.window points polygon read.csv read.table rect segments
     strheight strwidth symbols text title xy.coords
    Consider adding
     importFrom("grDevices", "adjustcolor", "col2rgb", "dev.list", "gray",
     "xy.coords")
     importFrom("graphics", "abline", "arrows", "axis", "axis.Date",
     "axis.POSIXct", "barplot", "box", "hist", "legend", "lines",
     "locator", "mtext", "par", "plot", "plot.new",
     "plot.window", "points", "polygon", "rect", "segments",
     "strheight", "strwidth", "symbols", "text", "title")
     importFrom("utils", "browseURL", "download.file", "find",
     "getFromNamespace", "object.size", "read.csv", "read.table")
    to your NAMESPACE.
Flavors: r-devel-linux-x86_64-debian-clang, r-devel-linux-x86_64-debian-gcc, r-devel-linux-x86_64-fedora-clang, r-devel-linux-x86_64-fedora-gcc, r-devel-windows-ix86+x86_64

Version: 3.16-0
Check: R code for possible problems
Result: NOTE
    inverseFunction: multiple local function definitions for ‘h’ with
     different formal arguments
    summaryS: multiple local function definitions for ‘g’ with different
     formal arguments
    tabulr: multiple local function definitions for ‘lab’ with different
     formal arguments
Flavors: r-devel-osx-x86_64-clang, r-patched-linux-x86_64, r-patched-solaris-sparc, r-patched-solaris-x86, r-release-linux-x86_64, r-release-osx-x86_64-mavericks, r-release-windows-ix86+x86_64, r-oldrel-windows-ix86+x86_64