CRAN Package Check Results for Package Hmisc

Last updated on 2014-11-24 08:49:01.

Flavor Version Tinstall Tcheck Ttotal Status Flags
r-devel-linux-x86_64-debian-clang 3.14-6 5.59 117.33 122.92 NOTE
r-devel-linux-x86_64-debian-gcc 3.14-6 5.50 114.13 119.63 NOTE
r-devel-linux-x86_64-fedora-clang 3.14-6 160.74 NOTE
r-devel-linux-x86_64-fedora-gcc 3.14-6 151.73 NOTE
r-devel-osx-x86_64-clang 3.14-6 211.62 NOTE
r-devel-windows-ix86+x86_64 3.14-6 26.00 186.00 212.00 NOTE
r-patched-linux-x86_64 3.14-6 5.44 124.68 130.12 NOTE
r-patched-solaris-sparc 3.14-6 1420.70 NOTE
r-patched-solaris-x86 3.14-6 260.70 NOTE
r-release-linux-ix86 3.14-5 7.30 136.46 143.76 NOTE
r-release-linux-x86_64 3.14-5 5.40 126.17 131.58 NOTE
r-release-osx-x86_64-mavericks 3.14-6 NOTE
r-release-osx-x86_64-snowleopard 3.14-6 NOTE
r-release-windows-ix86+x86_64 3.14-6 22.00 198.00 220.00 NOTE
r-oldrel-windows-ix86+x86_64 3.14-6 27.00 208.00 235.00 NOTE

Check Details

Version: 3.14-6
Check: R code for possible problems
Result: NOTE
    inverseFunction: multiple local function definitions for ‘h’ with
     different formal arguments
    summaryS: multiple local function definitions for ‘g’ with different
     formal arguments
    tabulr: multiple local function definitions for ‘lab’ with different
     formal arguments
Flavors: r-devel-linux-x86_64-debian-clang, r-devel-linux-x86_64-debian-gcc, r-devel-linux-x86_64-fedora-clang, r-devel-linux-x86_64-fedora-gcc, r-devel-osx-x86_64-clang, r-devel-windows-ix86+x86_64, r-patched-linux-x86_64, r-patched-solaris-sparc, r-patched-solaris-x86, r-release-osx-x86_64-mavericks, r-release-osx-x86_64-snowleopard, r-release-windows-ix86+x86_64, r-oldrel-windows-ix86+x86_64

Version: 3.14-5
Check: R code for possible problems
Result: NOTE
    inverseFunction: multiple local function definitions for ‘h’ with
     different formal arguments
    summaryS: multiple local function definitions for ‘g’ with different
     formal arguments
    tabulr: multiple local function definitions for ‘lab’ with different
     formal arguments
Flavors: r-release-linux-ix86, r-release-linux-x86_64