CRAN Package Check Results for Package Hmisc

Last updated on 2017-11-25 07:51:17 CET.

Flavor Version Tinstall Tcheck Ttotal Status Flags
r-devel-linux-x86_64-debian-clang 4.0-3 10.33 363.16 373.49 NOTE
r-devel-linux-x86_64-debian-gcc 4.0-3 10.30 300.67 310.96 NOTE
r-devel-linux-x86_64-fedora-clang 4.0-3 300.73 NOTE
r-devel-linux-x86_64-fedora-gcc 4.0-3 302.90 NOTE
r-devel-windows-ix86+x86_64 4.0-3 31.00 295.00 326.00 OK
r-patched-linux-x86_64 4.0-3 10.86 387.80 398.66 NOTE
r-patched-solaris-x86 4.0-3 390.60 NOTE
r-release-linux-x86_64 4.0-3 11.38 377.73 389.11 NOTE
r-release-windows-ix86+x86_64 4.0-3 35.00 307.00 342.00 OK
r-release-osx-x86_64 4.0-3 OK
r-oldrel-windows-ix86+x86_64 4.0-3 34.00 297.00 331.00 OK
r-oldrel-osx-x86_64 4.0-3 OK

Check Details

Version: 4.0-3
Check: S3 generic/method consistency
Result: NOTE
    Found the following apparent S3 methods exported but not registered:
     [.Cbind [.describe [.discrete [.impute [.mChoice [.pBlock [.roundN
     [.special.miss [.substi [.summary.formula.response [.transcan
     [.ynbind [<-.discrete [[.discrete
    See section ‘Registering S3 methods’ in the ‘Writing R Extensions’
    manual.
Flavors: r-devel-linux-x86_64-debian-clang, r-devel-linux-x86_64-debian-gcc, r-devel-linux-x86_64-fedora-clang, r-devel-linux-x86_64-fedora-gcc, r-patched-linux-x86_64, r-patched-solaris-x86, r-release-linux-x86_64