CRAN Package Check Results for Package Hmisc

Last updated on 2018-07-18 03:49:26 CEST.

Flavor Version Tinstall Tcheck Ttotal Status Flags
r-devel-linux-x86_64-debian-clang 4.1-1 35.09 259.37 294.46 OK
r-devel-linux-x86_64-debian-gcc 4.1-1 36.97 198.06 235.03 OK
r-devel-linux-x86_64-fedora-clang 4.1-1 342.70 OK
r-devel-linux-x86_64-fedora-gcc 4.1-1 359.49 OK
r-devel-windows-ix86+x86_64 4.1-1 98.00 423.00 521.00 OK
r-patched-linux-x86_64 4.1-1 36.24 244.84 281.08 OK
r-patched-solaris-x86 4.1-1 412.60 OK
r-release-linux-x86_64 4.1-1 35.82 245.16 280.98 OK
r-release-windows-ix86+x86_64 4.1-1 90.00 416.00 506.00 WARN
r-release-osx-x86_64 4.1-1 OK
r-oldrel-windows-ix86+x86_64 4.1-1 47.00 323.00 370.00 OK
r-oldrel-osx-x86_64 4.1-1 OK

Check Details

Version: 4.1-1
Check: whether package can be installed
Result: WARN
    Found the following significant warnings:
     Warning: S3 methods '[.fun_list', '[.grouped_df', 'all.equal.tbl_df', 'anti_join.data.frame', 'anti_join.tbl_df', 'arrange.data.frame', 'arrange.default', 'arrange.grouped_df', 'arrange.tbl_df', 'arrange_.data.frame', 'arrange_.tbl_df', 'as.data.frame.grouped_df', 'as.data.frame.rowwise_df', 'as.data.frame.tbl_cube', 'as.data.frame.tbl_df', 'as.table.tbl_cube', 'as.tbl.data.frame', 'as.tbl.tbl', 'as.tbl_cube.array', 'as.tbl_cube.data.frame', 'as.tbl_cube.matrix', 'as.tbl_cube.table', 'as_data_frame.grouped_df', 'as_data_frame.tbl_cube', 'auto_copy.tbl_cube', 'auto_copy.tbl_df', 'cbind.grouped_df', 'collapse.data.frame', 'collect.data.frame', 'common_by.NULL', 'common_by.character', 'common_by.default', 'common_by.list', 'compute.data.frame', 'copy_to.DBIConnection', 'copy_to.src_local', 'default_missing.data.frame', 'default_missing.default', 'dim.tbl_cube', 'distinct.data.frame', 'distinct.default', 'distinct.grouped_df', 'distinct.tbl_df', 'distinct_.data.frame', 'distinct_.grouped_df', 'dist [... truncated]
Flavor: r-release-windows-ix86+x86_64