CRAN Package Check Results for Package Hmisc

Last updated on 2014-07-23 12:47:29.

Flavor Version Tinstall Tcheck Ttotal Status Flags
r-devel-linux-x86_64-debian-clang 3.14-4 5.85 120.54 126.38 NOTE
r-devel-linux-x86_64-debian-gcc 3.14-4 6.62 118.22 124.84 NOTE
r-devel-linux-x86_64-fedora-clang 3.14-4 263.89 NOTE
r-devel-linux-x86_64-fedora-gcc 3.14-4 251.19 NOTE
r-devel-osx-x86_64-clang 3.14-4 198.15 NOTE
r-devel-windows-ix86+x86_64 3.14-4 24.00 190.00 214.00 NOTE
r-patched-linux-x86_64 3.14-4 5.75 119.56 125.32 NOTE
r-patched-solaris-sparc 3.14-4 1287.30 NOTE
r-patched-solaris-x86 3.14-4 280.80 NOTE
r-release-linux-ix86 3.14-4 7.37 142.15 149.52 NOTE
r-release-linux-x86_64 3.14-4 5.66 120.15 125.81 NOTE
r-release-osx-x86_64-mavericks 3.14-4 NOTE
r-release-osx-x86_64-snowleopard 3.14-4 NOTE
r-release-windows-ix86+x86_64 3.14-4 24.00 202.00 226.00 NOTE
r-oldrel-windows-ix86+x86_64 3.14-4 24.00 201.00 225.00 NOTE

Check Details

Version: 3.14-4
Check: R code for possible problems
Result: NOTE
    inverseFunction: multiple local function definitions for ‘h’ with
     different formal arguments
    summaryS: multiple local function definitions for ‘g’ with different
     formal arguments
    tabulr: multiple local function definitions for ‘lab’ with different
     formal arguments
Flavors: r-devel-linux-x86_64-debian-clang, r-devel-linux-x86_64-debian-gcc, r-devel-linux-x86_64-fedora-clang, r-devel-linux-x86_64-fedora-gcc, r-devel-osx-x86_64-clang, r-devel-windows-ix86+x86_64, r-patched-linux-x86_64, r-patched-solaris-sparc, r-patched-solaris-x86, r-release-linux-ix86, r-release-linux-x86_64, r-release-osx-x86_64-mavericks, r-release-osx-x86_64-snowleopard, r-release-windows-ix86+x86_64, r-oldrel-windows-ix86+x86_64