CRAN Package Check Results for Package Hmisc

Last updated on 2015-05-22 11:47:59.

Flavor Version Tinstall Tcheck Ttotal Status Flags
r-devel-linux-x86_64-debian-clang 3.16-0 7.52 119.20 126.72 NOTE
r-devel-linux-x86_64-debian-gcc 3.16-0 5.72 115.72 121.44 NOTE
r-devel-linux-x86_64-fedora-clang 3.16-0 238.17 NOTE
r-devel-linux-x86_64-fedora-gcc 3.16-0 221.06 NOTE
r-devel-osx-x86_64-clang 3.16-0 224.02 NOTE
r-devel-windows-ix86+x86_64 3.16-0 29.00 200.00 229.00 NOTE
r-patched-linux-x86_64 3.16-0 6.12 116.69 122.82 NOTE
r-patched-solaris-sparc 3.16-0 1302.30 NOTE
r-patched-solaris-x86 3.16-0 280.20 NOTE
r-release-linux-x86_64 3.16-0 5.94 119.91 125.86 NOTE
r-release-osx-x86_64-mavericks 3.16-0 NOTE
r-release-osx-x86_64-snowleopard 3.16-0 NOTE
r-release-windows-ix86+x86_64 3.16-0 30.00 209.00 239.00 NOTE
r-oldrel-windows-ix86+x86_64 3.16-0 30.00 258.00 288.00 NOTE

Check Details

Version: 3.16-0
Check: R code for possible problems
Result: NOTE
    inverseFunction: multiple local function definitions for ‘h’ with
     different formal arguments
    summaryS: multiple local function definitions for ‘g’ with different
     formal arguments
    tabulr: multiple local function definitions for ‘lab’ with different
     formal arguments
Flavors: r-devel-linux-x86_64-debian-clang, r-devel-linux-x86_64-debian-gcc, r-devel-linux-x86_64-fedora-clang, r-devel-linux-x86_64-fedora-gcc, r-devel-osx-x86_64-clang, r-devel-windows-ix86+x86_64, r-patched-linux-x86_64, r-patched-solaris-sparc, r-patched-solaris-x86, r-release-linux-x86_64, r-release-osx-x86_64-mavericks, r-release-osx-x86_64-snowleopard, r-release-windows-ix86+x86_64, r-oldrel-windows-ix86+x86_64