CRAN Package Check Results for Package Hmisc

Last updated on 2017-03-29 06:48:11.

Flavor Version Tinstall Tcheck Ttotal Status Flags
r-devel-linux-x86_64-debian-clang 4.0-2 8.27 166.41 174.68 NOTE
r-devel-linux-x86_64-debian-gcc 4.0-2 8.24 159.50 167.74 NOTE
r-devel-linux-x86_64-fedora-clang 4.0-2 332.23 NOTE --no-stop-on-test-error
r-devel-linux-x86_64-fedora-gcc 4.0-2 323.54 NOTE --no-stop-on-test-error
r-devel-macos-x86_64-clang 4.0-2 257.33 NOTE --no-stop-on-test-error
r-devel-windows-ix86+x86_64 4.0-2 37.00 306.00 343.00 OK
r-patched-linux-x86_64 4.0-2 8.14 177.86 186.00 NOTE
r-patched-solaris-sparc 4.0-2 1989.90 OK
r-patched-solaris-x86 4.0-2 385.30 OK
r-release-linux-x86_64 4.0-2 8.29 152.29 160.58 OK
r-release-osx-x86_64-mavericks 4.0-2 OK
r-release-windows-ix86+x86_64 4.0-2 42.00 366.00 408.00 OK
r-oldrel-windows-ix86+x86_64 4.0-2 35.00 304.00 339.00 OK

Check Details

Version: 4.0-2
Check: compiled code
Result: NOTE
    File ‘Hmisc/libs/Hmisc.so’:
     Found no calls to: ‘R_registerRoutines’, ‘R_useDynamicSymbols’
    
    It is good practice to register native routines and to disable symbol
    search.
    
    See ‘Writing portable packages’ in the ‘Writing R Extensions’ manual.
Flavors: r-devel-linux-x86_64-debian-clang, r-devel-linux-x86_64-debian-gcc, r-patched-linux-x86_64

Version: 4.0-2
Flags: --no-stop-on-test-error
Check: compiled code
Result: NOTE
    File ‘Hmisc/libs/Hmisc.so’:
     Found no calls to: ‘R_registerRoutines’, ‘R_useDynamicSymbols’
    
    It is good practice to register native routines and to disable symbol
    search.
    
    See ‘Writing portable packages’ in the ‘Writing R Extensions’ manual.
Flavors: r-devel-linux-x86_64-fedora-clang, r-devel-linux-x86_64-fedora-gcc, r-devel-macos-x86_64-clang