CRAN Package Check Results for Package Hmisc

Last updated on 2016-12-10 04:47:45.

Flavor Version Tinstall Tcheck Ttotal Status Flags
r-devel-linux-x86_64-debian-clang 4.0-1 8.14 173.19 181.33 OK
r-devel-linux-x86_64-debian-gcc 4.0-1 8.51 166.96 175.48 NOTE
r-devel-linux-x86_64-fedora-clang 4.0-1 362.83 OK --no-stop-on-test-error
r-devel-linux-x86_64-fedora-gcc 4.0-1 350.89 OK --no-stop-on-test-error
r-devel-macos-x86_64-clang 4.0-1 265.49 OK --no-stop-on-test-error
r-devel-windows-ix86+x86_64 4.0-1 32.00 293.00 325.00 OK
r-patched-linux-x86_64 4.0-0 7.66 150.30 157.96 OK
r-patched-solaris-sparc 4.0-1 1786.90 OK
r-patched-solaris-x86 4.0-1 314.20 OK
r-release-linux-x86_64 4.0-1 7.80 152.66 160.47 OK
r-release-osx-x86_64-mavericks 4.0-1 OK
r-release-windows-ix86+x86_64 4.0-1 47.00 373.00 420.00 OK
r-oldrel-windows-ix86+x86_64 4.0-1 45.00 369.00 414.00 OK

Check Details

Version: 4.0-1
Check: package dependencies
Result: NOTE
    Package suggested but not available for checking: ‘rms’
Flavor: r-devel-linux-x86_64-debian-gcc