CRAN Package Check Results for Package Hmisc

Last updated on 2017-07-25 19:48:10.

Flavor Version Tinstall Tcheck Ttotal Status Flags
r-devel-linux-x86_64-debian-clang 4.0-3 8.16 186.87 195.03 NOTE
r-devel-linux-x86_64-debian-gcc 4.0-3 7.67 187.65 195.31 NOTE
r-devel-linux-x86_64-fedora-clang 4.0-3 339.11 NOTE
r-devel-linux-x86_64-fedora-gcc 4.0-3 356.28 NOTE
r-devel-windows-ix86+x86_64 4.0-3 34.00 320.00 354.00 OK
r-patched-linux-x86_64 4.0-3 8.10 203.42 211.52 NOTE
r-patched-solaris-x86 4.0-3 394.10 NOTE
r-release-linux-x86_64 4.0-3 8.22 197.94 206.16 NOTE
r-release-windows-ix86+x86_64 4.0-3 33.00 304.00 337.00 OK
r-release-osx-x86_64 4.0-3 OK
r-oldrel-windows-ix86+x86_64 4.0-3 30.00 273.00 303.00 OK
r-oldrel-osx-x86_64 4.0-3 OK

Check Details

Version: 4.0-3
Check: S3 generic/method consistency
Result: NOTE
    Found the following apparent S3 methods exported but not registered:
     [.Cbind [.describe [.discrete [.impute [.mChoice [.pBlock [.roundN
     [.special.miss [.substi [.summary.formula.response [.transcan
     [.ynbind [<-.discrete [[.discrete
    See section ‘Registering S3 methods’ in the ‘Writing R Extensions’
    manual.
Flavors: r-devel-linux-x86_64-debian-clang, r-devel-linux-x86_64-debian-gcc, r-devel-linux-x86_64-fedora-clang, r-devel-linux-x86_64-fedora-gcc, r-patched-linux-x86_64, r-patched-solaris-x86, r-release-linux-x86_64