CRAN Package Check Results for Package Hmisc

Last updated on 2015-03-06 21:48:22.

Flavor Version Tinstall Tcheck Ttotal Status Flags
r-devel-linux-x86_64-debian-clang 3.15-0 6.62 128.12 134.74 NOTE
r-devel-linux-x86_64-debian-gcc 3.15-0 6.75 125.14 131.88 NOTE
r-devel-linux-x86_64-fedora-clang 3.15-0 239.13 NOTE
r-devel-linux-x86_64-fedora-gcc 3.15-0 225.65 NOTE
r-devel-osx-x86_64-clang 3.15-0 236.21 NOTE
r-devel-windows-ix86+x86_64 3.15-0 44.00 199.00 243.00 NOTE
r-patched-linux-x86_64 3.15-0 7.97 146.78 154.75 NOTE
r-patched-solaris-sparc 3.15-0 1626.00 NOTE
r-patched-solaris-x86 3.15-0 319.20 NOTE
r-release-linux-ix86 3.15-0 8.96 153.14 162.10 NOTE
r-release-linux-x86_64 3.15-0 7.68 144.51 152.19 NOTE
r-release-osx-x86_64-mavericks 3.15-0 NOTE
r-release-osx-x86_64-snowleopard 3.15-0 NOTE
r-release-windows-ix86+x86_64 3.15-0 31.00 267.00 298.00 NOTE
r-oldrel-windows-ix86+x86_64 3.15-0 28.00 253.00 281.00 NOTE

Check Details

Version: 3.15-0
Check: R code for possible problems
Result: NOTE
    inverseFunction: multiple local function definitions for ‘h’ with
     different formal arguments
    summaryS: multiple local function definitions for ‘g’ with different
     formal arguments
    tabulr: multiple local function definitions for ‘lab’ with different
     formal arguments
Flavors: r-devel-linux-x86_64-debian-clang, r-devel-linux-x86_64-debian-gcc, r-devel-linux-x86_64-fedora-clang, r-devel-linux-x86_64-fedora-gcc, r-devel-osx-x86_64-clang, r-devel-windows-ix86+x86_64, r-patched-linux-x86_64, r-patched-solaris-sparc, r-patched-solaris-x86, r-release-linux-ix86, r-release-linux-x86_64, r-release-osx-x86_64-mavericks, r-release-osx-x86_64-snowleopard, r-release-windows-ix86+x86_64, r-oldrel-windows-ix86+x86_64