CRAN Package Check Results for Package Hmisc

Last updated on 2017-02-20 17:48:59.

Flavor Version Tinstall Tcheck Ttotal Status Flags
r-devel-linux-x86_64-debian-clang 4.0-2 8.37 170.69 179.06 NOTE
r-devel-linux-x86_64-debian-gcc 4.0-2 8.27 168.65 176.93 NOTE
r-devel-linux-x86_64-fedora-clang 4.0-2 330.47 NOTE --no-stop-on-test-error
r-devel-linux-x86_64-fedora-gcc 4.0-2 326.78 NOTE --no-stop-on-test-error
r-devel-macos-x86_64-clang 259.62 NOTE --no-stop-on-test-error
r-devel-windows-ix86+x86_64 4.0-2 48.00 423.00 471.00 OK
r-patched-linux-x86_64 4.0-2 8.27 158.18 166.44 OK
r-patched-solaris-sparc 4.0-2 1723.30 OK
r-patched-solaris-x86 4.0-2 341.70 OK
r-release-linux-x86_64 4.0-2 8.51 154.01 162.52 OK
r-release-osx-x86_64-mavericks 4.0-2 OK
r-release-windows-ix86+x86_64 4.0-2 25.00 278.00 303.00 OK
r-oldrel-windows-ix86+x86_64 4.0-2 36.00 306.00 342.00 OK

Check Details

Version: 4.0-2
Check: compiled code
Result: NOTE
    File ‘Hmisc/libs/Hmisc.so’:
     Found no calls to: ‘R_registerRoutines’, ‘R_useDynamicSymbols’
    
    It is good practice to register native routines and to disable symbol
    search.
    
    See ‘Writing portable packages’ in the ‘Writing R Extensions’ manual.
Flavors: r-devel-linux-x86_64-debian-clang, r-devel-linux-x86_64-debian-gcc

Version: 4.0-2
Flags: --no-stop-on-test-error
Check: compiled code
Result: NOTE
    File ‘Hmisc/libs/Hmisc.so’:
     Found no calls to: ‘R_registerRoutines’, ‘R_useDynamicSymbols’
    
    It is good practice to register native routines and to disable symbol
    search.
    
    See ‘Writing portable packages’ in the ‘Writing R Extensions’ manual.
Flavors: r-devel-linux-x86_64-fedora-clang, r-devel-linux-x86_64-fedora-gcc, r-devel-macos-x86_64-clang