CRAN Package Check Results for Package Hmisc

Last updated on 2014-04-18 09:49:19.

Flavor Version Tinstall Tcheck Ttotal Status Flags
r-devel-linux-x86_64-debian-clang 3.14-4 5.88 126.07 131.96 NOTE
r-devel-linux-x86_64-debian-gcc NOTE
r-devel-linux-x86_64-fedora-clang 3.14-4 130.50 NOTE
r-devel-linux-x86_64-fedora-gcc 3.14-4 128.59 NOTE
r-devel-macosx-x86_64-clang 3.14-4 172.75 NOTE
r-devel-macosx-x86_64-gcc 3.14-4 ERROR
r-devel-windows-ix86+x86_64 3.14-4 23.00 196.00 219.00 NOTE
r-patched-linux-x86_64 3.14-4 6.02 124.78 130.81 NOTE
r-patched-solaris-sparc 3.14-4 1287.30 NOTE
r-patched-solaris-x86 3.14-4 278.30 NOTE
r-release-linux-ix86 3.14-4 13.00 175.00 188.00 NOTE
r-release-linux-x86_64 3.14-4 6.01 126.00 132.00 NOTE
r-release-macosx-x86_64 3.14-4 NOTE
r-release-windows-ix86+x86_64 3.14-4 21.00 201.00 222.00 NOTE
r-oldrel-windows-ix86+x86_64 3.14-4 21.00 201.00 222.00 NOTE

Check Details

Version: 3.14-4
Check: R code for possible problems
Result: NOTE
    inverseFunction: multiple local function definitions for ‘h’ with
     different formal arguments
    summaryS: multiple local function definitions for ‘g’ with different
     formal arguments
    tabulr: multiple local function definitions for ‘lab’ with different
     formal arguments
Flavors: r-devel-linux-x86_64-debian-clang, r-devel-linux-x86_64-debian-gcc, r-devel-linux-x86_64-fedora-clang, r-devel-linux-x86_64-fedora-gcc, r-devel-macosx-x86_64-clang, r-devel-windows-ix86+x86_64, r-patched-linux-x86_64, r-patched-solaris-sparc, r-patched-solaris-x86, r-release-linux-ix86, r-release-linux-x86_64, r-release-macosx-x86_64, r-release-windows-ix86+x86_64, r-oldrel-windows-ix86+x86_64

Version: 3.14-4
Check: package dependencies
Result: ERROR
    Package required but not available: ‘latticeExtra’
    
    Packages suggested but not available for checking: ‘rms’ ‘tables’
    
    See the information on DESCRIPTION files in the chapter ‘Creating R
    packages’ of the ‘Writing R Extensions’ manual.
Flavor: r-devel-macosx-x86_64-gcc