CRAN Package Check Results for Package Hmisc

Last updated on 2014-10-21 14:48:19.

Flavor Version Tinstall Tcheck Ttotal Status Flags
r-devel-linux-x86_64-debian-clang 3.14-5 5.78 119.99 125.77 NOTE
r-devel-linux-x86_64-debian-gcc 3.14-5 5.49 116.85 122.34 NOTE
r-devel-linux-x86_64-fedora-clang 3.14-5 253.77 NOTE
r-devel-linux-x86_64-fedora-gcc 3.14-5 229.63 NOTE
r-devel-osx-x86_64-clang 3.14-5 209.88 NOTE
r-devel-windows-ix86+x86_64 3.14-5 25.00 182.00 207.00 NOTE
r-patched-linux-x86_64 3.14-5 5.51 124.71 130.22 NOTE
r-patched-solaris-sparc 3.14-5 1436.30 NOTE
r-patched-solaris-x86 3.14-5 290.90 NOTE
r-release-linux-ix86 3.14-5 7.82 145.42 153.24 NOTE
r-release-linux-x86_64 3.14-5 5.86 127.43 133.30 NOTE
r-release-osx-x86_64-mavericks 3.14-5 NOTE
r-release-osx-x86_64-snowleopard 3.14-5 NOTE
r-release-windows-ix86+x86_64 3.14-5 25.00 215.00 240.00 NOTE
r-oldrel-windows-ix86+x86_64 3.14-5 25.00 214.00 239.00 NOTE

Check Details

Version: 3.14-5
Check: R code for possible problems
Result: NOTE
    inverseFunction: multiple local function definitions for ‘h’ with
     different formal arguments
    summaryS: multiple local function definitions for ‘g’ with different
     formal arguments
    tabulr: multiple local function definitions for ‘lab’ with different
     formal arguments
Flavors: r-devel-linux-x86_64-debian-clang, r-devel-linux-x86_64-debian-gcc, r-devel-linux-x86_64-fedora-clang, r-devel-linux-x86_64-fedora-gcc, r-devel-osx-x86_64-clang, r-devel-windows-ix86+x86_64, r-patched-linux-x86_64, r-patched-solaris-sparc, r-patched-solaris-x86, r-release-linux-ix86, r-release-linux-x86_64, r-release-osx-x86_64-mavericks, r-release-osx-x86_64-snowleopard, r-release-windows-ix86+x86_64, r-oldrel-windows-ix86+x86_64