CRAN Package Check Results for Package Hmisc

Last updated on 2014-09-02 10:51:49.

Flavor Version Tinstall Tcheck Ttotal Status Flags
r-devel-linux-x86_64-debian-clang 3.14-4 5.60 113.16 118.75 NOTE
r-devel-linux-x86_64-debian-gcc 3.14-4 5.49 112.11 117.60 NOTE
r-devel-linux-x86_64-fedora-clang 3.14-4 241.83 NOTE
r-devel-linux-x86_64-fedora-gcc 3.14-4 229.95 NOTE
r-devel-osx-x86_64-clang 3.14-4 184.00 NOTE
r-devel-windows-ix86+x86_64 3.14-4 24.00 195.00 219.00 NOTE
r-patched-linux-x86_64 3.14-4 5.83 119.72 125.55 NOTE
r-patched-solaris-sparc 3.14-4 1441.50 NOTE
r-patched-solaris-x86 3.14-4 278.10 NOTE
r-release-linux-ix86 3.14-4 7.59 140.14 147.73 NOTE
r-release-linux-x86_64 3.14-4 5.50 119.53 125.04 NOTE
r-release-osx-x86_64-mavericks 3.14-4 NOTE
r-release-osx-x86_64-snowleopard 3.14-4 NOTE
r-release-windows-ix86+x86_64 3.14-4 21.00 204.00 225.00 NOTE
r-oldrel-windows-ix86+x86_64 3.14-4 25.00 201.00 226.00 NOTE

Check Details

Version: 3.14-4
Check: R code for possible problems
Result: NOTE
    areg.boot : Avas: no visible global function definition for ‘avas’
    cleanup.import: no visible global function definition for ‘chron’
    ddmmmyy: no visible global function definition for ‘month.day.year’
    fit.mult.impute: no visible global function definition for ‘complete’
    formatDateTime: no visible global function definition for ‘dates’
    inverseFunction: multiple local function definitions for ‘h’ with
     different formal arguments
    ordTestpo: no visible global function definition for ‘lrm’
    rcspline.plot: no visible global function definition for ‘lrm.fit’
    sasxport.get: no visible global function definition for ‘lookup.xport’
    sasxport.get: no visible global function definition for ‘read.xport’
    spss.get: no visible global function definition for ‘read.spss’
    stata.get: no visible global function definition for ‘read.dta’
    summaryS: multiple local function definitions for ‘g’ with different
     formal arguments
    table_formatpct: no visible global function definition for
     ‘table_options’
    table_freq: no visible global function definition for ‘table_options’
    table_trio: no visible global function definition for ‘table_options’
    tabulr: no visible global function definition for ‘tabular’
    tabulr: multiple local function definitions for ‘lab’ with different
     formal arguments
    transace: no visible global function definition for ‘ace’
    transcan: no visible global function definition for ‘rpart’
    transcan: no visible global function definition for ‘rpart.control’
    transcan: no visible global function definition for ‘multinom’
Flavors: r-devel-linux-x86_64-debian-clang, r-devel-linux-x86_64-debian-gcc, r-devel-linux-x86_64-fedora-clang, r-devel-linux-x86_64-fedora-gcc, r-devel-osx-x86_64-clang, r-devel-windows-ix86+x86_64

Version: 3.14-4
Check: R code for possible problems
Result: NOTE
    inverseFunction: multiple local function definitions for ‘h’ with
     different formal arguments
    summaryS: multiple local function definitions for ‘g’ with different
     formal arguments
    tabulr: multiple local function definitions for ‘lab’ with different
     formal arguments
Flavors: r-patched-linux-x86_64, r-patched-solaris-sparc, r-patched-solaris-x86, r-release-linux-ix86, r-release-linux-x86_64, r-release-osx-x86_64-mavericks, r-release-osx-x86_64-snowleopard, r-release-windows-ix86+x86_64, r-oldrel-windows-ix86+x86_64