CRAN Package Check Results for Package Hmisc

Last updated on 2014-12-21 03:48:17.

Flavor Version Tinstall Tcheck Ttotal Status Flags
r-devel-linux-x86_64-debian-clang 3.14-6 5.60 117.73 123.33 NOTE
r-devel-linux-x86_64-debian-gcc 3.14-6 5.41 114.60 120.01 NOTE
r-devel-linux-x86_64-fedora-clang 3.14-6 248.15 NOTE
r-devel-linux-x86_64-fedora-gcc 3.14-6 219.34 NOTE
r-devel-osx-x86_64-clang 3.14-6 216.79 NOTE
r-devel-windows-ix86+x86_64 3.14-6 30.00 192.00 222.00 NOTE
r-patched-linux-x86_64 3.14-6 5.64 122.42 128.07 NOTE
r-patched-solaris-sparc 3.14-6 1420.70 NOTE
r-patched-solaris-x86 3.14-6 295.10 NOTE
r-release-linux-ix86 3.14-6 7.23 137.72 144.95 NOTE
r-release-linux-x86_64 3.14-6 6.24 122.64 128.88 NOTE
r-release-osx-x86_64-mavericks 3.14-6 NOTE
r-release-osx-x86_64-snowleopard 3.14-6 NOTE
r-release-windows-ix86+x86_64 3.14-6 28.00 209.00 237.00 NOTE
r-oldrel-windows-ix86+x86_64 3.14-6 26.00 213.00 239.00 NOTE

Check Details

Version: 3.14-6
Check: R code for possible problems
Result: NOTE
    inverseFunction: multiple local function definitions for ‘h’ with
     different formal arguments
    summaryS: multiple local function definitions for ‘g’ with different
     formal arguments
    tabulr: multiple local function definitions for ‘lab’ with different
     formal arguments
Flavors: r-devel-linux-x86_64-debian-clang, r-devel-linux-x86_64-debian-gcc, r-devel-linux-x86_64-fedora-clang, r-devel-linux-x86_64-fedora-gcc, r-devel-osx-x86_64-clang, r-devel-windows-ix86+x86_64, r-patched-linux-x86_64, r-patched-solaris-sparc, r-patched-solaris-x86, r-release-linux-ix86, r-release-linux-x86_64, r-release-osx-x86_64-mavericks, r-release-osx-x86_64-snowleopard, r-release-windows-ix86+x86_64, r-oldrel-windows-ix86+x86_64