CRAN Package Check Results for Package Hmisc

Last updated on 2018-12-11 07:48:27 CET.

Flavor Version Tinstall Tcheck Ttotal Status Flags
r-devel-linux-x86_64-debian-clang 4.1-1 46.46 252.61 299.07 OK
r-devel-linux-x86_64-debian-gcc 4.1-1 36.50 192.36 228.86 OK
r-devel-linux-x86_64-fedora-clang 4.1-1 341.20 OK
r-devel-linux-x86_64-fedora-gcc 4.1-1 331.91 OK
r-devel-windows-ix86+x86_64 4.1-1 89.00 366.00 455.00 OK
r-patched-linux-x86_64 4.1-1 38.06 241.62 279.68 OK
r-patched-solaris-x86 4.1-1 419.70 OK
r-release-linux-x86_64 4.1-1 35.37 242.48 277.85 OK
r-release-windows-ix86+x86_64 4.1-1 64.00 272.00 336.00 WARN
r-release-osx-x86_64 4.1-1 OK
r-oldrel-windows-ix86+x86_64 4.1-1 34.00 384.00 418.00 WARN
r-oldrel-osx-x86_64 4.1-1 OK

Check Details

Version: 4.1-1
Check: whether package can be installed
Result: WARN
    Found the following significant warnings:
     Warning: S3 methods '[.fun_list', '[.grouped_df', 'all.equal.tbl_df', 'anti_join.data.frame', 'anti_join.tbl_df', 'arrange.data.frame', 'arrange.default', 'arrange.grouped_df', 'arrange.tbl_df', 'arrange_.data.frame', 'arrange_.tbl_df', 'as.data.frame.grouped_df', 'as.data.frame.rowwise_df', 'as.data.frame.tbl_cube', 'as.table.tbl_cube', 'as.tbl.data.frame', 'as.tbl.tbl', 'as.tbl_cube.array', 'as.tbl_cube.data.frame', 'as.tbl_cube.matrix', 'as.tbl_cube.table', 'as_tibble.grouped_df', 'as_tibble.tbl_cube', 'auto_copy.tbl_cube', 'auto_copy.tbl_df', 'cbind.grouped_df', 'collapse.data.frame', 'collect.data.frame', 'common_by.NULL', 'common_by.character', 'common_by.default', 'common_by.list', 'compute.data.frame', 'copy_to.DBIConnection', 'copy_to.src_local', 'default_missing.data.frame', 'default_missing.default', 'dim.tbl_cube', 'distinct.data.frame', 'distinct.default', 'distinct.grouped_df', 'distinct.tbl_df', 'distinct_.data.frame', 'distinct_.grouped_df', 'distinct_.tbl_df', 'do.NULL', 'do.da [... truncated]
Flavors: r-release-windows-ix86+x86_64, r-oldrel-windows-ix86+x86_64