CRAN Package Check Results for Package Hmisc

Last updated on 2014-08-21 03:48:18.

Flavor Version Tinstall Tcheck Ttotal Status Flags
r-devel-linux-x86_64-debian-clang 3.14-4 5.54 116.47 122.01 NOTE
r-devel-linux-x86_64-debian-gcc 3.14-4 5.63 114.89 120.52 NOTE
r-devel-linux-x86_64-fedora-clang 3.14-4 274.10 NOTE
r-devel-linux-x86_64-fedora-gcc 3.14-4 236.53 NOTE
r-devel-osx-x86_64-clang 3.14-4 189.56 NOTE
r-devel-windows-ix86+x86_64 3.14-4 22.00 186.00 208.00 NOTE
r-patched-linux-x86_64 3.14-4 5.53 120.50 126.04 NOTE
r-patched-solaris-sparc 3.14-4 1441.50 NOTE
r-patched-solaris-x86 3.14-4 280.40 NOTE
r-release-linux-ix86 3.14-4 7.30 140.52 147.82 NOTE
r-release-linux-x86_64 3.14-4 6.16 118.56 124.72 NOTE
r-release-osx-x86_64-mavericks 3.14-4 NOTE
r-release-osx-x86_64-snowleopard 3.14-4 NOTE
r-release-windows-ix86+x86_64 3.14-4 22.00 211.00 233.00 NOTE
r-oldrel-windows-ix86+x86_64 3.14-4 24.00 203.00 227.00 NOTE

Check Details

Version: 3.14-4
Check: R code for possible problems
Result: NOTE
    inverseFunction: multiple local function definitions for ‘h’ with
     different formal arguments
    summaryS: multiple local function definitions for ‘g’ with different
     formal arguments
    tabulr: multiple local function definitions for ‘lab’ with different
     formal arguments
Flavors: r-devel-linux-x86_64-debian-clang, r-devel-linux-x86_64-debian-gcc, r-devel-windows-ix86+x86_64, r-patched-linux-x86_64, r-patched-solaris-sparc, r-patched-solaris-x86, r-release-linux-ix86, r-release-linux-x86_64, r-release-osx-x86_64-mavericks, r-release-osx-x86_64-snowleopard, r-release-windows-ix86+x86_64, r-oldrel-windows-ix86+x86_64

Version: 3.14-4
Check: R code for possible problems
Result: NOTE
    areg.boot : Avas: no visible global function definition for ‘avas’
    cleanup.import: no visible global function definition for ‘chron’
    ddmmmyy: no visible global function definition for ‘month.day.year’
    fit.mult.impute: no visible global function definition for ‘complete’
    formatDateTime: no visible global function definition for ‘dates’
    inverseFunction: multiple local function definitions for ‘h’ with
     different formal arguments
    ordTestpo: no visible global function definition for ‘lrm’
    rcspline.plot: no visible global function definition for ‘lrm.fit’
    sasxport.get: no visible global function definition for ‘lookup.xport’
    sasxport.get: no visible global function definition for ‘read.xport’
    spss.get: no visible global function definition for ‘read.spss’
    stata.get: no visible global function definition for ‘read.dta’
    summaryS: multiple local function definitions for ‘g’ with different
     formal arguments
    table_formatpct: no visible global function definition for
     ‘table_options’
    table_freq: no visible global function definition for ‘table_options’
    table_trio: no visible global function definition for ‘table_options’
    tabulr: no visible global function definition for ‘tabular’
    tabulr: multiple local function definitions for ‘lab’ with different
     formal arguments
    transace: no visible global function definition for ‘ace’
    transcan: no visible global function definition for ‘rpart’
    transcan: no visible global function definition for ‘rpart.control’
    transcan: no visible global function definition for ‘multinom’
Flavors: r-devel-linux-x86_64-fedora-clang, r-devel-linux-x86_64-fedora-gcc, r-devel-osx-x86_64-clang