CRAN Package Check Results for Package Hmisc

Last updated on 2016-09-28 04:48:44.

Flavor Version Tinstall Tcheck Ttotal Status Flags
r-devel-linux-x86_64-debian-clang 3.17-4 7.32 170.24 177.56 ERROR
r-devel-linux-x86_64-debian-gcc 3.17-4 7.69 181.43 189.13 ERROR
r-devel-linux-x86_64-fedora-clang 3.17-4 336.61 ERROR
r-devel-linux-x86_64-fedora-gcc 3.17-4 323.96 ERROR
r-devel-macos-x86_64-clang 3.17-4 253.06 ERROR
r-devel-windows-ix86+x86_64 3.17-4 34.00 418.00 452.00 ERROR
r-patched-linux-x86_64 3.17-4 7.14 140.48 147.62 OK
r-patched-solaris-sparc 3.17-4 1774.90 OK
r-patched-solaris-x86 3.17-4 320.10 OK
r-release-linux-x86_64 3.17-4 8.05 148.50 156.55 OK
r-release-osx-x86_64-mavericks 3.17-4 OK
r-release-windows-ix86+x86_64 3.17-4 38.00 343.00 381.00 OK
r-oldrel-windows-ix86+x86_64 3.17-4 43.00 346.00 389.00 OK

Check Details

Version: 3.17-4
Check: for unstated dependencies in ‘tests’
Result: WARN
    Warning: parse error in file ‘readsasxml.r’:
    11:1: unexpected '['
    10:
    11: [
     ^
    'library' or 'require' call not declared from: ‘mvtnorm’
Flavors: r-devel-linux-x86_64-debian-clang, r-devel-linux-x86_64-debian-gcc, r-devel-linux-x86_64-fedora-clang, r-devel-linux-x86_64-fedora-gcc, r-devel-macos-x86_64-clang, r-devel-windows-ix86+x86_64

Version: 3.17-4
Check: tests
Result: ERROR
    Running the tests in ‘tests/aregImpute2.r’ failed.
    Last 13 lines of output:
     20000 0 20000 1 -0.6457 -2.6327 -2.1784 -1.4298 -0.6361 0.1728
     .90 .95
     0.8554 1.2771
    
     lowest : -5.384 -5.313 -5.272 -5.089 -4.911
     highest: 3.614 3.648 3.668 3.974 4.085
     Warning message:
     In pr - pr2 :
     longer object length is not a multiple of shorter object length
     > Pr <- fitted(f)
     > plot(Pr,pr) # ??
     Error in xy.coords(x, y, xlabel, ylabel, log) :
     'x' and 'y' lengths differ
     Calls: plot -> plot.default -> xy.coords
     Execution halted
Flavors: r-devel-linux-x86_64-debian-clang, r-devel-linux-x86_64-debian-gcc, r-devel-linux-x86_64-fedora-clang, r-devel-linux-x86_64-fedora-gcc, r-devel-macos-x86_64-clang

Version: 3.17-4
Check: running tests for arch ‘i386’
Result: ERROR
    Running the tests in 'tests/aregImpute2.r' failed.
    Last 13 lines of output:
     20000 0 20000 1 -0.6457 -2.6327 -2.1784 -1.4298 -0.6361 0.1728
     .90 .95
     0.8554 1.2771
    
     lowest : -5.384 -5.313 -5.272 -5.089 -4.911
     highest: 3.614 3.648 3.668 3.974 4.085
     Warning message:
     In pr - pr2 :
     longer object length is not a multiple of shorter object length
     > Pr <- fitted(f)
     > plot(Pr,pr) # ??
     Error in xy.coords(x, y, xlabel, ylabel, log) :
     'x' and 'y' lengths differ
     Calls: plot -> plot.default -> xy.coords
     Execution halted
Flavor: r-devel-windows-ix86+x86_64

Version: 3.17-4
Check: running tests for arch ‘x64’
Result: ERROR
    Running the tests in 'tests/aregImpute2.r' failed.
    Last 13 lines of output:
     20000 0 20000 1 -0.6457 -2.6327 -2.1784 -1.4298 -0.6361 0.1728
     .90 .95
     0.8554 1.2771
    
     lowest : -5.384 -5.313 -5.272 -5.089 -4.911
     highest: 3.614 3.648 3.668 3.974 4.085
     Warning message:
     In pr - pr2 :
     longer object length is not a multiple of shorter object length
     > Pr <- fitted(f)
     > plot(Pr,pr) # ??
     Error in xy.coords(x, y, xlabel, ylabel, log) :
     'x' and 'y' lengths differ
     Calls: plot -> plot.default -> xy.coords
     Execution halted
Flavor: r-devel-windows-ix86+x86_64