Last updated on 2023-12-08 12:52:19 CET.
Flavor | Version | Tinstall | Tcheck | Ttotal | Status | Flags |
---|---|---|---|---|---|---|
r-devel-linux-x86_64-debian-clang | 5.1-1 | 57.31 | 380.10 | 437.41 | NOTE | |
r-devel-linux-x86_64-debian-gcc | 5.1-1 | 41.61 | 276.44 | 318.05 | NOTE | |
r-devel-linux-x86_64-fedora-clang | 5.1-1 | 578.85 | NOTE | |||
r-devel-linux-x86_64-fedora-gcc | 5.1-1 | 547.27 | NOTE | |||
r-devel-windows-x86_64 | 5.1-1 | 52.00 | 327.00 | 379.00 | NOTE | |
r-patched-linux-x86_64 | 5.1-1 | 57.60 | 365.87 | 423.47 | NOTE | |
r-release-linux-x86_64 | 5.1-1 | 37.62 | 359.53 | 397.15 | NOTE | |
r-release-macos-arm64 | 5.1-1 | 152.00 | NOTE | |||
r-release-macos-x86_64 | 5.1-1 | 251.00 | NOTE | |||
r-release-windows-x86_64 | 5.1-1 | 71.00 | 425.00 | 496.00 | NOTE | |
r-oldrel-macos-arm64 | 5.1-1 | 123.00 | NOTE | |||
r-oldrel-macos-x86_64 | 5.1-1 | 158.00 | NOTE | |||
r-oldrel-windows-x86_64 | 5.1-1 | 73.00 | 399.00 | 472.00 | NOTE |
Version: 5.1-1
Check: R code for possible problems
Result: NOTE
html_describe_con: multiple local function definitions for āgā with
different formal arguments
Flavors: r-devel-linux-x86_64-debian-clang, r-devel-linux-x86_64-debian-gcc, r-devel-linux-x86_64-fedora-clang, r-devel-linux-x86_64-fedora-gcc, r-devel-windows-x86_64, r-patched-linux-x86_64, r-release-linux-x86_64, r-release-macos-arm64, r-release-macos-x86_64, r-release-windows-x86_64, r-oldrel-macos-arm64, r-oldrel-macos-x86_64, r-oldrel-windows-x86_64
Version: 5.1-1
Check: Rd files
Result: NOTE
checkRd: (-1) summaryP.Rd:29: Lost braces
29 | \code{Hmisc::dotchartpl} with code{plotly} if \code{marginVal} is
| ^
Flavors: r-devel-linux-x86_64-debian-clang, r-devel-linux-x86_64-debian-gcc