CRAN Package Check Results for Package Hmisc

Last updated on 2015-04-18 11:25:33.

Flavor Version Tinstall Tcheck Ttotal Status Flags
r-devel-linux-x86_64-debian-clang 3.15-0 6.13 118.92 125.05 NOTE
r-devel-linux-x86_64-debian-gcc 3.15-0 5.95 115.57 121.52 NOTE
r-devel-linux-x86_64-fedora-clang 3.15-0 234.85 NOTE
r-devel-linux-x86_64-fedora-gcc 3.15-0 241.32 NOTE
r-devel-osx-x86_64-clang 3.15-0 201.53 NOTE
r-patched-linux-x86_64 3.15-0 6.22 115.92 122.14 NOTE
r-patched-solaris-sparc 3.15-0 1420.10 NOTE
r-patched-solaris-x86 3.15-0 271.90 NOTE
r-release-linux-x86_64 3.15-0 6.24 114.94 121.18 NOTE
r-release-osx-x86_64-mavericks 3.15-0 NOTE
r-release-osx-x86_64-snowleopard 3.15-0 NOTE
r-release-windows-ix86+x86_64 3.15-0 31.00 329.00 360.00 NOTE
r-oldrel-windows-ix86+x86_64 3.15-0 32.00 245.00 277.00 NOTE

Check Details

Version: 3.15-0
Check: R code for possible problems
Result: NOTE
    inverseFunction: multiple local function definitions for ‘h’ with
     different formal arguments
    summaryS: multiple local function definitions for ‘g’ with different
     formal arguments
    tabulr: multiple local function definitions for ‘lab’ with different
     formal arguments
Flavors: r-devel-linux-x86_64-debian-clang, r-devel-linux-x86_64-debian-gcc, r-devel-linux-x86_64-fedora-clang, r-devel-linux-x86_64-fedora-gcc, r-devel-osx-x86_64-clang, r-patched-linux-x86_64, r-patched-solaris-sparc, r-patched-solaris-x86, r-release-linux-x86_64, r-release-osx-x86_64-mavericks, r-release-osx-x86_64-snowleopard, r-release-windows-ix86+x86_64, r-oldrel-windows-ix86+x86_64