CRAN Package Check Results for Package Holomics

Last updated on 2024-02-20 22:59:04 CET.

Flavor Version Tinstall Tcheck Ttotal Status Flags
r-devel-linux-x86_64-debian-clang 1.0.0 OK
r-devel-linux-x86_64-debian-gcc 1.0.0 8.92 59.03 67.95 OK
r-devel-linux-x86_64-fedora-clang 1.0.0 111.54 NOTE
r-devel-linux-x86_64-fedora-gcc 1.0.0 114.96 OK
r-devel-windows-x86_64 1.0.0 10.00 77.00 87.00 NOTE
r-patched-linux-x86_64 1.0.0 7.66 75.64 83.30 OK
r-release-linux-x86_64 1.0.0 7.18 74.79 81.97 OK
r-release-macos-arm64 1.0.0 41.00 NOTE
r-release-macos-x86_64 1.0.0 82.00 NOTE
r-release-windows-x86_64 1.0.0 13.00 89.00 102.00 NOTE
r-oldrel-macos-arm64 1.0.0 39.00 NOTE
r-oldrel-windows-x86_64 1.0.0 15.00 101.00 116.00 NOTE

Check Details

Version: 1.0.0
Check: installed package size
Result: NOTE installed size is 5.3Mb sub-directories of 1Mb or more: app 1.7Mb doc 3.3Mb Flavors: r-devel-linux-x86_64-fedora-clang, r-devel-windows-x86_64, r-release-macos-arm64, r-release-macos-x86_64, r-release-windows-x86_64, r-oldrel-macos-arm64, r-oldrel-windows-x86_64