CRAN Package Check Results for Package HotellingEllipse

Last updated on 2022-05-17 19:04:45 CEST.

Flavor Version Tinstall Tcheck Ttotal Status Flags
r-devel-linux-x86_64-debian-clang 0.1.1 4.93 52.03 56.96 OK
r-devel-linux-x86_64-debian-gcc 0.1.1 4.19 39.99 44.18 OK
r-devel-linux-x86_64-fedora-clang 0.1.1 69.03 NOTE
r-devel-linux-x86_64-fedora-gcc 0.1.1 72.98 NOTE
r-devel-windows-x86_64 0.1.1 36.00 77.00 113.00 OK
r-patched-linux-x86_64 0.1.1 5.29 50.30 55.59 OK
r-release-linux-x86_64 0.1.1 4.36 50.43 54.79 OK
r-release-macos-arm64 0.1.1 26.00 NOTE
r-release-macos-x86_64 0.1.1 42.00 NOTE
r-release-windows-x86_64 0.1.1 29.00 81.00 110.00 OK
r-oldrel-macos-arm64 0.1.1 32.00 NOTE
r-oldrel-macos-x86_64 0.1.1 45.00 NOTE
r-oldrel-windows-ix86+x86_64 0.1.1 12.00 67.00 79.00 OK

Check Details

Version: 0.1.1
Check: dependencies in R code
Result: NOTE
    Namespaces in Imports field not imported from:
     ‘FactoMineR’ ‘dplyr’ ‘ggforce’ ‘ggplot2’ ‘lifecycle’ ‘purrr’
     All declared Imports should be used.
Flavors: r-devel-linux-x86_64-fedora-clang, r-devel-linux-x86_64-fedora-gcc, r-release-macos-arm64, r-release-macos-x86_64, r-oldrel-macos-arm64, r-oldrel-macos-x86_64