CRAN Package Check Results for Package HybridMC

Last updated on 2015-09-05 17:48:00.

Flavor Version Tinstall Tcheck Ttotal Status Flags
r-devel-linux-x86_64-debian-clang 0.2 0.91 9.06 9.97 NOTE
r-devel-linux-x86_64-debian-gcc 0.2 0.92 9.09 10.01 NOTE
r-devel-linux-x86_64-fedora-clang 0.2 19.14 NOTE
r-devel-linux-x86_64-fedora-gcc 0.2 18.16 NOTE
r-devel-osx-x86_64-clang 0.2 18.88 NOTE
r-devel-windows-ix86+x86_64 0.2 8.00 24.00 32.00 NOTE
r-patched-linux-x86_64 0.2 0.99 8.86 9.85 NOTE
r-patched-solaris-sparc 0.2 125.70 NOTE
r-patched-solaris-x86 0.2 28.60 NOTE
r-release-linux-x86_64 0.2 1.06 9.58 10.65 NOTE
r-release-osx-x86_64-mavericks 0.2 NOTE
r-release-windows-ix86+x86_64 0.2 8.00 22.00 30.00 NOTE
r-oldrel-windows-ix86+x86_64 0.2 6.00 27.00 33.00 NOTE

Check Details

Version: 0.2
Check: dependencies in R code
Result: NOTE
    Package in Depends field not imported from: ‘coda’
     These packages need to be imported from (in the NAMESPACE file)
     for when this namespace is loaded but not attached.
Flavors: r-devel-linux-x86_64-debian-clang, r-devel-linux-x86_64-debian-gcc, r-devel-linux-x86_64-fedora-clang, r-devel-linux-x86_64-fedora-gcc, r-devel-osx-x86_64-clang, r-devel-windows-ix86+x86_64, r-patched-linux-x86_64, r-patched-solaris-sparc, r-patched-solaris-x86, r-release-linux-x86_64, r-release-osx-x86_64-mavericks, r-release-windows-ix86+x86_64, r-oldrel-windows-ix86+x86_64

Version: 0.2
Check: R code for possible problems
Result: NOTE
    hybridMC: no visible global function definition for ‘txtProgressBar’
    hybridMC : pbFun: no visible global function definition for
     ‘setTxtProgressBar’
    hybridMC: no visible global function definition for ‘mcmc’
    Undefined global functions or variables:
     mcmc setTxtProgressBar txtProgressBar
    Consider adding
     importFrom("utils", "setTxtProgressBar", "txtProgressBar")
    to your NAMESPACE.
Flavors: r-devel-linux-x86_64-debian-clang, r-devel-linux-x86_64-debian-gcc, r-devel-linux-x86_64-fedora-clang, r-devel-linux-x86_64-fedora-gcc, r-devel-windows-ix86+x86_64

Version: 0.2
Check: Rd line widths
Result: NOTE
    Rd file 'hybridMC.Rd':
     \usage lines wider than 90 characters:
     hybridMC(y.start, n.samp=1, logDens, dLogDens, epsilon, LFsteps, compWeights=NULL, MPwidth=1, MPweights=NULL, progress=0 ,...)
    
    These lines will be truncated in the PDF manual.
Flavors: r-devel-linux-x86_64-debian-clang, r-devel-linux-x86_64-debian-gcc, r-devel-linux-x86_64-fedora-clang, r-devel-linux-x86_64-fedora-gcc, r-patched-linux-x86_64, r-release-linux-x86_64

Version: 0.2
Check: R code for possible problems
Result: NOTE
    hybridMC: no visible global function definition for ‘mcmc’
    Undefined global functions or variables:
     mcmc
Flavor: r-devel-osx-x86_64-clang

Version: 0.2
Check: R code for possible problems
Result: NOTE
    hybridMC: no visible global function definition for ‘mcmc’
Flavors: r-patched-linux-x86_64, r-patched-solaris-sparc, r-patched-solaris-x86, r-release-linux-x86_64, r-release-osx-x86_64-mavericks, r-release-windows-ix86+x86_64, r-oldrel-windows-ix86+x86_64