CRAN Package Check Results for Package HybridMC

Last updated on 2014-08-31 11:47:07.

Flavor Version Tinstall Tcheck Ttotal Status Flags
r-devel-linux-x86_64-debian-clang 0.2 0.92 9.72 10.65 NOTE
r-devel-linux-x86_64-debian-gcc 0.2 1.06 9.67 10.74 NOTE
r-devel-linux-x86_64-fedora-clang 0.2 21.55 NOTE
r-devel-linux-x86_64-fedora-gcc 0.2 20.03 NOTE
r-devel-osx-x86_64-clang 0.2 23.33 NOTE
r-devel-windows-ix86+x86_64 0.2 5.00 25.00 30.00 NOTE
r-patched-linux-x86_64 0.2 1.24 9.89 11.13 NOTE
r-patched-solaris-sparc 0.2 151.40 NOTE
r-patched-solaris-x86 0.2 33.70 NOTE
r-release-linux-ix86 0.2 1.59 16.46 18.05 NOTE
r-release-linux-x86_64 0.2 1.12 10.51 11.64 NOTE
r-release-osx-x86_64-mavericks 0.2 NOTE
r-release-osx-x86_64-snowleopard 0.2 OK
r-release-windows-ix86+x86_64 0.2 6.00 38.00 44.00 NOTE
r-oldrel-windows-ix86+x86_64 0.2 9.00 26.00 35.00 NOTE

Check Details

Version: 0.2
Check: dependencies in R code
Result: NOTE
    Package in Depends field not imported from: ‘coda’
     These packages need to be imported from (in the NAMESPACE file)
     for when this namespace is loaded but not attached.
    See the information on DESCRIPTION files in the chapter ‘Creating R
    packages’ of the ‘Writing R Extensions’ manual.
Flavors: r-devel-linux-x86_64-debian-clang, r-devel-linux-x86_64-debian-gcc, r-devel-linux-x86_64-fedora-clang, r-devel-linux-x86_64-fedora-gcc, r-devel-osx-x86_64-clang, r-devel-windows-ix86+x86_64, r-patched-linux-x86_64, r-patched-solaris-sparc, r-patched-solaris-x86, r-release-linux-ix86, r-release-linux-x86_64, r-release-osx-x86_64-mavericks, r-release-windows-ix86+x86_64, r-oldrel-windows-ix86+x86_64

Version: 0.2
Check: R code for possible problems
Result: NOTE
    hybridMC: no visible global function definition for ‘mcmc’
Flavors: r-devel-linux-x86_64-debian-clang, r-devel-linux-x86_64-debian-gcc, r-devel-linux-x86_64-fedora-clang, r-devel-linux-x86_64-fedora-gcc, r-devel-osx-x86_64-clang, r-devel-windows-ix86+x86_64

Version: 0.2
Check: Rd line widths
Result: NOTE
    Rd file 'hybridMC.Rd':
     \usage lines wider than 90 characters:
     hybridMC(y.start, n.samp=1, logDens, dLogDens, epsilon, LFsteps, compWeights=NULL, MPwidth=1, MPweights=NULL, progress=0 ,...)
    
    These lines will be truncated in the PDF manual.
Flavors: r-devel-linux-x86_64-fedora-clang, r-devel-linux-x86_64-fedora-gcc