CRAN Package Check Results for Package HybridMC

Last updated on 2014-04-21 12:31:33.

Flavor Version Tinstall Tcheck Ttotal Status Flags
r-devel-linux-x86_64-debian-clang 0.2 1.02 10.44 11.46 NOTE
r-devel-linux-x86_64-debian-gcc 0.2 1.13 10.71 11.84 NOTE
r-devel-linux-x86_64-fedora-clang 0.2 23.14 NOTE
r-devel-linux-x86_64-fedora-gcc 0.2 21.94 NOTE
r-devel-osx-x86_64-clang 0.2 25.75 NOTE
r-devel-osx-x86_64-gcc 0.2 NOTE
r-devel-windows-ix86+x86_64 0.2 6.00 22.00 28.00 NOTE
r-patched-linux-x86_64 0.2 1.17 10.68 11.84 NOTE
r-patched-solaris-sparc 0.2 129.00 NOTE
r-patched-solaris-x86 0.2 34.20 NOTE
r-release-linux-x86_64 0.2 1.09 10.56 11.65 NOTE
r-release-osx-x86_64-mavericks 0.2 WARN
r-release-osx-x86_64-snowleopard 0.2 OK
r-release-windows-ix86+x86_64 0.2 8.00 24.00 32.00 NOTE
r-oldrel-windows-ix86+x86_64 0.2 6.00 25.00 31.00 NOTE

Check Details

Version: 0.2
Check: dependencies in R code
Result: NOTE
    Package in Depends field not imported from: ‘coda’
     These packages need to be imported from (in the NAMESPACE file)
     for when this namespace is loaded but not attached.
    See the information on DESCRIPTION files in the chapter ‘Creating R
    packages’ of the ‘Writing R Extensions’ manual.
Flavors: r-devel-linux-x86_64-debian-clang, r-devel-linux-x86_64-debian-gcc, r-devel-linux-x86_64-fedora-clang, r-devel-linux-x86_64-fedora-gcc, r-devel-osx-x86_64-clang, r-devel-osx-x86_64-gcc, r-devel-windows-ix86+x86_64, r-patched-linux-x86_64, r-patched-solaris-sparc, r-patched-solaris-x86, r-release-linux-x86_64, r-release-osx-x86_64-mavericks, r-release-windows-ix86+x86_64, r-oldrel-windows-ix86+x86_64

Version: 0.2
Check: Rd line widths
Result: NOTE
    Rd file 'hybridMC.Rd':
     \usage lines wider than 90 characters:
     hybridMC(y.start, n.samp=1, logDens, dLogDens, epsilon, LFsteps, compWeights=NULL, MPwidth=1, MPweights=NULL, progress=0 ,...)
    
    These lines will be truncated in the PDF manual.
Flavors: r-devel-linux-x86_64-fedora-clang, r-devel-linux-x86_64-fedora-gcc

Version: 0.2
Check: PDF version of manual
Result: WARNING
    LaTeX errors when creating PDF version.
    This typically indicates Rd problems.
    LaTeX errors found:
    ! LaTeX Error: File `upquote.sty' not found.
    
    Type X to quit or <RETURN> to proceed,
    or enter new name. (Default extension: sty)
    
    3efad00/Rd2.tex:8: ==> Fatal error occurred, no output PDF file produced!
Flavor: r-release-osx-x86_64-mavericks