CRAN Package Check Results for Package HybridMC

Last updated on 2014-12-19 07:47:40.

Flavor Version Tinstall Tcheck Ttotal Status Flags
r-devel-linux-x86_64-debian-clang 0.2 1.00 10.87 11.87 NOTE
r-devel-linux-x86_64-debian-gcc 0.2 1.05 10.49 11.54 NOTE
r-devel-linux-x86_64-fedora-clang 0.2 24.06 NOTE
r-devel-linux-x86_64-fedora-gcc 0.2 22.13 NOTE
r-devel-osx-x86_64-clang 0.2 25.35 NOTE
r-devel-windows-ix86+x86_64 0.2 5.00 25.00 30.00 NOTE
r-patched-linux-x86_64 0.2 1.08 10.70 11.79 NOTE
r-patched-solaris-sparc 0.2 133.80 NOTE
r-patched-solaris-x86 0.2 34.80 NOTE
r-release-linux-ix86 0.2 1.54 16.08 17.62 NOTE
r-release-linux-x86_64 0.2 1.14 10.48 11.62 NOTE
r-release-osx-x86_64-mavericks 0.2 NOTE
r-release-osx-x86_64-snowleopard 0.2 OK
r-release-windows-ix86+x86_64 0.2 6.00 25.00 31.00 NOTE
r-oldrel-windows-ix86+x86_64 0.2 6.00 26.00 32.00 NOTE

Check Details

Version: 0.2
Check: dependencies in R code
Result: NOTE
    Package in Depends field not imported from: ‘coda’
     These packages need to be imported from (in the NAMESPACE file)
     for when this namespace is loaded but not attached.
    See the information on DESCRIPTION files in the chapter ‘Creating R
    packages’ of the ‘Writing R Extensions’ manual.
Flavors: r-devel-linux-x86_64-debian-clang, r-devel-linux-x86_64-debian-gcc, r-devel-linux-x86_64-fedora-clang, r-devel-linux-x86_64-fedora-gcc, r-devel-osx-x86_64-clang, r-devel-windows-ix86+x86_64, r-patched-linux-x86_64, r-patched-solaris-sparc, r-patched-solaris-x86, r-release-linux-ix86, r-release-linux-x86_64, r-release-osx-x86_64-mavericks, r-release-windows-ix86+x86_64, r-oldrel-windows-ix86+x86_64

Version: 0.2
Check: R code for possible problems
Result: NOTE
    hybridMC: no visible global function definition for ‘mcmc’
Flavors: r-devel-linux-x86_64-debian-clang, r-devel-linux-x86_64-debian-gcc, r-devel-linux-x86_64-fedora-clang, r-devel-linux-x86_64-fedora-gcc, r-devel-osx-x86_64-clang, r-devel-windows-ix86+x86_64, r-patched-linux-x86_64, r-patched-solaris-sparc, r-patched-solaris-x86, r-release-linux-ix86, r-release-linux-x86_64, r-release-windows-ix86+x86_64

Version: 0.2
Check: Rd line widths
Result: NOTE
    Rd file 'hybridMC.Rd':
     \usage lines wider than 90 characters:
     hybridMC(y.start, n.samp=1, logDens, dLogDens, epsilon, LFsteps, compWeights=NULL, MPwidth=1, MPweights=NULL, progress=0 ,...)
    
    These lines will be truncated in the PDF manual.
Flavors: r-devel-linux-x86_64-debian-clang, r-devel-linux-x86_64-debian-gcc, r-devel-linux-x86_64-fedora-clang, r-devel-linux-x86_64-fedora-gcc, r-patched-linux-x86_64, r-release-linux-x86_64