CRAN Package Check Results for Package HybridMC

Last updated on 2014-10-21 01:47:16.

Flavor Version Tinstall Tcheck Ttotal Status Flags
r-devel-linux-x86_64-debian-clang 0.2 1.03 10.30 11.33 NOTE
r-devel-linux-x86_64-debian-gcc 0.2 1.06 10.62 11.68 NOTE
r-devel-linux-x86_64-fedora-clang 0.2 23.33 NOTE
r-devel-linux-x86_64-fedora-gcc 0.2 21.65 NOTE
r-devel-osx-x86_64-clang 0.2 26.33 NOTE
r-devel-windows-ix86+x86_64 0.2 5.00 24.00 29.00 NOTE
r-patched-linux-x86_64 0.2 1.14 10.62 11.76 NOTE
r-patched-solaris-sparc 0.2 133.80 NOTE
r-patched-solaris-x86 0.2 34.70 NOTE
r-release-linux-ix86 0.2 1.60 16.29 17.89 NOTE
r-release-linux-x86_64 0.2 1.10 10.90 11.99 NOTE
r-release-osx-x86_64-mavericks 0.2 NOTE
r-release-osx-x86_64-snowleopard 0.2 OK
r-release-windows-ix86+x86_64 0.2 5.00 25.00 30.00 NOTE
r-oldrel-windows-ix86+x86_64 0.2 6.00 26.00 32.00 NOTE

Check Details

Version: 0.2
Check: dependencies in R code
Result: NOTE
    Package in Depends field not imported from: ‘coda’
     These packages need to be imported from (in the NAMESPACE file)
     for when this namespace is loaded but not attached.
    See the information on DESCRIPTION files in the chapter ‘Creating R
    packages’ of the ‘Writing R Extensions’ manual.
Flavors: r-devel-linux-x86_64-debian-clang, r-devel-linux-x86_64-debian-gcc, r-devel-linux-x86_64-fedora-clang, r-devel-linux-x86_64-fedora-gcc, r-devel-osx-x86_64-clang, r-devel-windows-ix86+x86_64, r-patched-linux-x86_64, r-patched-solaris-sparc, r-patched-solaris-x86, r-release-linux-ix86, r-release-linux-x86_64, r-release-osx-x86_64-mavericks, r-release-windows-ix86+x86_64, r-oldrel-windows-ix86+x86_64

Version: 0.2
Check: R code for possible problems
Result: NOTE
    hybridMC: no visible global function definition for ‘mcmc’
Flavors: r-devel-linux-x86_64-debian-clang, r-devel-linux-x86_64-debian-gcc, r-devel-linux-x86_64-fedora-clang, r-devel-linux-x86_64-fedora-gcc, r-devel-osx-x86_64-clang, r-devel-windows-ix86+x86_64, r-patched-linux-x86_64, r-patched-solaris-sparc, r-patched-solaris-x86

Version: 0.2
Check: Rd line widths
Result: NOTE
    Rd file 'hybridMC.Rd':
     \usage lines wider than 90 characters:
     hybridMC(y.start, n.samp=1, logDens, dLogDens, epsilon, LFsteps, compWeights=NULL, MPwidth=1, MPweights=NULL, progress=0 ,...)
    
    These lines will be truncated in the PDF manual.
Flavors: r-devel-linux-x86_64-debian-clang, r-devel-linux-x86_64-debian-gcc, r-devel-linux-x86_64-fedora-clang, r-devel-linux-x86_64-fedora-gcc, r-patched-linux-x86_64, r-release-linux-x86_64