Last updated on 2022-07-06 23:52:46 CEST.
Flavor | Version | Tinstall | Tcheck | Ttotal | Status | Flags |
---|---|---|---|---|---|---|
r-devel-linux-x86_64-debian-clang | 0.10.11 | 10.34 | 135.77 | 146.11 | OK | |
r-devel-linux-x86_64-debian-gcc | 0.10.11 | 7.73 | 102.74 | 110.47 | OK | |
r-devel-linux-x86_64-fedora-clang | 0.10.11 | 193.64 | NOTE | |||
r-devel-linux-x86_64-fedora-gcc | 0.10.11 | 180.98 | NOTE | |||
r-devel-windows-x86_64 | 0.10.11 | 63.00 | 187.00 | 250.00 | OK | |
r-patched-linux-x86_64 | 0.10.11 | 10.42 | 129.24 | 139.66 | OK | |
r-release-linux-x86_64 | 0.10.11 | 8.84 | 129.00 | 137.84 | OK | |
r-release-macos-arm64 | 0.10.11 | 58.00 | NOTE | |||
r-release-macos-x86_64 | 0.10.11 | 78.00 | NOTE | |||
r-release-windows-x86_64 | 0.10.11 | 63.00 | 187.00 | 250.00 | OK | |
r-oldrel-macos-arm64 | 0.10.11 | 52.00 | NOTE | |||
r-oldrel-macos-x86_64 | 0.10.11 | 98.00 | NOTE | |||
r-oldrel-windows-ix86+x86_64 | 0.10.11 | 24.00 | 181.00 | 205.00 | OK |
Version: 0.10.11
Check: dependencies in R code
Result: NOTE
Namespace in Imports field not imported from: ‘graph’
All declared Imports should be used.
Flavors: r-devel-linux-x86_64-fedora-clang, r-devel-linux-x86_64-fedora-gcc, r-release-macos-arm64, r-release-macos-x86_64, r-oldrel-macos-arm64, r-oldrel-macos-x86_64