CRAN Package Check Results for Package HydroMe

Last updated on 2024-03-02 12:48:20 CET.

Flavor Version Tinstall Tcheck Ttotal Status Flags
r-devel-linux-x86_64-debian-clang 2.0-1 2.19 38.28 40.47 NOTE
r-devel-linux-x86_64-debian-gcc 2.0-1 1.85 28.74 30.59 NOTE
r-devel-linux-x86_64-fedora-clang 2.0-1 49.47 NOTE
r-devel-linux-x86_64-fedora-gcc 2.0-1 47.49 NOTE
r-devel-windows-x86_64 2.0-1 3.00 55.00 58.00 NOTE
r-patched-linux-x86_64 2.0-1 2.84 36.14 38.98 OK
r-release-linux-x86_64 2.0-1 2.26 36.74 39.00 OK
r-release-macos-arm64 2.0-1 24.00 OK
r-release-macos-x86_64 2.0-1 31.00 OK
r-release-windows-x86_64 2.0-1 3.00 56.00 59.00 OK
r-oldrel-macos-arm64 2.0-1 21.00 OK
r-oldrel-windows-x86_64 2.0-1 4.00 60.00 64.00 OK

Check Details

Version: 2.0-1
Check: Rd metadata
Result: NOTE Invalid package aliases in Rd file 'HydroMe-package.Rd': ‘HydroMe2-package’ Flavors: r-devel-linux-x86_64-debian-clang, r-devel-linux-x86_64-debian-gcc, r-devel-linux-x86_64-fedora-clang, r-devel-linux-x86_64-fedora-gcc, r-devel-windows-x86_64