CRAN Package Check Results for Package HydroMe

Last updated on 2014-04-24 23:48:04.

Flavor Version Tinstall Tcheck Ttotal Status Flags
r-devel-linux-x86_64-debian-clang 2.0 1.02 20.14 21.16 NOTE
r-devel-linux-x86_64-debian-gcc 2.0 0.94 20.00 20.94 NOTE
r-devel-linux-x86_64-fedora-clang 2.0 41.42 NOTE
r-devel-linux-x86_64-fedora-gcc 2.0 39.40 NOTE
r-devel-osx-x86_64-clang 2.0 42.06 NOTE
r-devel-osx-x86_64-gcc 2.0 NOTE
r-devel-windows-ix86+x86_64 2.0 3.00 32.00 35.00 NOTE
r-patched-linux-x86_64 2.0 0.95 20.08 21.03 NOTE
r-patched-solaris-sparc 2.0 287.00 NOTE
r-patched-solaris-x86 2.0 61.00 NOTE
r-release-linux-ix86 2.0 2.00 43.00 45.00 NOTE
r-release-linux-x86_64 2.0 0.94 20.27 21.21 NOTE
r-release-osx-x86_64-mavericks 2.0 WARN
r-release-osx-x86_64-snowleopard 2.0 OK
r-release-windows-ix86+x86_64 2.0 3.00 34.00 37.00 NOTE
r-oldrel-windows-ix86+x86_64 2.0 4.00 34.00 38.00 NOTE

Check Details

Version: 2.0
Check: dependencies in R code
Result: NOTE
    Packages in Depends field not imported from:
     ‘minpack.lm’ ‘nlme’
     These packages need to be imported from (in the NAMESPACE file)
     for when this namespace is loaded but not attached.
    See the information on DESCRIPTION files in the chapter ‘Creating R
    packages’ of the ‘Writing R Extensions’ manual.
Flavors: r-devel-linux-x86_64-debian-clang, r-devel-linux-x86_64-debian-gcc, r-devel-linux-x86_64-fedora-clang, r-devel-linux-x86_64-fedora-gcc, r-devel-osx-x86_64-clang, r-devel-osx-x86_64-gcc, r-devel-windows-ix86+x86_64, r-patched-linux-x86_64, r-patched-solaris-sparc, r-patched-solaris-x86, r-release-linux-ix86, r-release-linux-x86_64, r-release-osx-x86_64-mavericks, r-release-windows-ix86+x86_64, r-oldrel-windows-ix86+x86_64

Version: 2.0
Check: Rd line widths
Result: NOTE
    Rd file 'Brook.Rd':
     \examples lines wider than 100 characters:
     brook.ns=nlsLM(y~Brook(x,thr,ths,alp,nscal),data=pf, control=nls.lm.control(maxiter=200),start=c(thr=Dstart(pf)[1],ths=Dstart(pf)[2], a ... [TRUNCATED]
    
    Rd file 'Expo.Rd':
     \examples lines wider than 100 characters:
     expo.ns=nlsLM(y~Expo(x,thr,ths,alp),data=pf, control=nls.lm.control(maxiter=200),start=c(thr=Dstart(pf)[1],ths=Dstart(pf)[2], alp=Dstar ... [TRUNCATED]
    
    Rd file 'Ruso.Rd':
     \examples lines wider than 100 characters:
     ruso.ns=nlsLM(y~Ruso(x,thr,ths,alp,nscal),data=pf, control=nls.lm.control(maxiter=200),start=c(thr=Dstart(pf)[1],ths=Dstart(pf)[2], alp ... [TRUNCATED]
    
    Rd file 'SSfredlund.Rd':
     \examples lines wider than 100 characters:
     fredlund.ns=nlsLM(y~SSfredlund(x,thr,ths,alp,nscal,mscal),data=pf,control=nls.lm.control(maxiter=200,options(warn=-1)))
    
    Rd file 'SSkosugi.Rd':
     \examples lines wider than 100 characters:
     kosugi.ns=nlsLM(y~SSkosugi(x,thr,ths,alp,nscal),data=subset(isric, Sample=="Benin2"),control=nls.lm.control(maxiter=200,options(warn=-1 ... [TRUNCATED]
    
    Rd file 'SSvgm.Rd':
     \examples lines wider than 100 characters:
     vn.ns=nlsLM(y~SSvgm(x,thr,ths,alp,nscal,mscal),data=subset(isric, Sample=="Benin2"),control=nls.lm.control(maxiter=200,options(warn=-1) ... [TRUNCATED]
    
    Rd file 'Tani.Rd':
     \examples lines wider than 100 characters:
     tani.ns=nlsLM(y~Tani(x,thr,ths,alp),data=pf, control=nls.lm.control(maxiter=200),start=c(thr=Dstart(pf)[1],ths=Dstart(pf)[2], alp=Dstar ... [TRUNCATED]
    
    These lines will be truncated in the PDF manual.
Flavors: r-devel-linux-x86_64-fedora-clang, r-devel-linux-x86_64-fedora-gcc

Version: 2.0
Check: PDF version of manual
Result: WARNING
    LaTeX errors when creating PDF version.
    This typically indicates Rd problems.
    LaTeX errors found:
    ! LaTeX Error: File `upquote.sty' not found.
    
    Type X to quit or <RETURN> to proceed,
    or enter new name. (Default extension: sty)
    
    a46482f/Rd2.tex:8: ==> Fatal error occurred, no output PDF file produced!
Flavor: r-release-osx-x86_64-mavericks