CRAN Package Check Results for Package HyperbolicDist

Last updated on 2014-11-26 13:47:06.

Flavor Version Tinstall Tcheck Ttotal Status Flags
r-devel-linux-x86_64-debian-clang 0.6-2 1.48 31.78 33.27 NOTE
r-devel-linux-x86_64-debian-gcc 0.6-2 1.07 31.52 32.59 NOTE
r-devel-linux-x86_64-fedora-clang 0.6-2 69.28 NOTE
r-devel-linux-x86_64-fedora-gcc 0.6-2 65.49 NOTE
r-devel-osx-x86_64-clang 0.6-2 62.79 NOTE
r-devel-windows-ix86+x86_64 0.6-2 3.00 42.00 45.00 NOTE
r-patched-linux-x86_64 0.6-2 1.08 33.81 34.88 NOTE
r-patched-solaris-sparc 0.6-2 409.20 NOTE
r-patched-solaris-x86 0.6-2 83.20 NOTE
r-release-linux-ix86 0.6-2 1.44 40.82 42.26 NOTE
r-release-linux-x86_64 0.6-2 1.18 33.43 34.61 NOTE
r-release-osx-x86_64-mavericks 0.6-2 NOTE
r-release-windows-ix86+x86_64 0.6-2 3.00 50.00 53.00 NOTE
r-oldrel-windows-ix86+x86_64 0.6-2 4.00 51.00 55.00 NOTE

Check Details

Version: 0.6-2
Check: R code for possible problems
Result: NOTE
    hyperbCvMTestPValue: no visible binding for global variable
     ‘hyperbWSqTable’
    momIntegrated : ddist: no visible global function definition for ‘dvg’
    
    Found the following calls to data() loading into the global environment:
    File ‘HyperbolicDist/R/hyperbCvMTest.R’:
     data(hyperbWSqTable)
    File ‘HyperbolicDist/R/zzz.R’:
     data(hyperbWSqTable)
    See section ‘Good practice’ in ‘?data’.
Flavors: r-devel-linux-x86_64-debian-clang, r-devel-linux-x86_64-debian-gcc, r-devel-linux-x86_64-fedora-clang, r-devel-osx-x86_64-clang, r-patched-linux-x86_64, r-release-linux-ix86, r-release-linux-x86_64

Version: 0.6-2
Check: R code for possible problems
Result: NOTE
    hyperbCvMTestPValue: no visible binding for global variable
     ‘hyperbWSqTable’
    momIntegrated : ddist: no visible global function definition for ‘dvg’
Flavors: r-devel-linux-x86_64-fedora-gcc, r-devel-windows-ix86+x86_64, r-patched-solaris-sparc, r-patched-solaris-x86, r-release-windows-ix86+x86_64

Version: 0.6-2
Check: R code for possible problems
Result: NOTE
    hyperbCvMTestPValue: no visible binding for global variable
     ‘hyperbWSqTable’
Flavors: r-release-osx-x86_64-mavericks, r-oldrel-windows-ix86+x86_64