CRAN Package Check Results for Package HyperbolicDist

Last updated on 2015-02-27 20:49:36.

Flavor Version Tinstall Tcheck Ttotal Status Flags
r-devel-linux-x86_64-debian-clang 0.6-2 1.04 31.32 32.36 NOTE
r-devel-linux-x86_64-debian-gcc 0.6-2 1.02 30.65 31.67 NOTE
r-devel-linux-x86_64-fedora-clang 0.6-2 64.49 NOTE
r-devel-linux-x86_64-fedora-gcc 0.6-2 60.57 NOTE
r-devel-osx-x86_64-clang 0.6-2 60.95 NOTE
r-devel-windows-ix86+x86_64 0.6-2 5.00 50.00 55.00 NOTE
r-patched-linux-x86_64 0.6-2 1.06 33.38 34.44 NOTE
r-patched-solaris-sparc 0.6-2 418.10 NOTE
r-patched-solaris-x86 NOTE
r-release-linux-ix86 0.6-2 1.77 56.28 58.05 NOTE
r-release-linux-x86_64 0.6-2 1.06 33.15 34.22 NOTE
r-release-osx-x86_64-mavericks 0.6-2 NOTE
r-release-windows-ix86+x86_64 0.6-2 4.00 51.00 55.00 NOTE
r-oldrel-windows-ix86+x86_64 0.6-2 4.00 57.00 61.00 NOTE

Check Details

Version: 0.6-2
Check: R code for possible problems
Result: NOTE
    hyperbCvMTestPValue: no visible binding for global variable
     ‘hyperbWSqTable’
    momIntegrated : ddist: no visible global function definition for ‘dvg’
    
    Found the following calls to data() loading into the global environment:
    File ‘HyperbolicDist/R/hyperbCvMTest.R’:
     data(hyperbWSqTable)
    File ‘HyperbolicDist/R/zzz.R’:
     data(hyperbWSqTable)
    See section ‘Good practice’ in ‘?data’.
Flavors: r-devel-linux-x86_64-debian-clang, r-devel-linux-x86_64-debian-gcc, r-devel-linux-x86_64-fedora-clang, r-devel-osx-x86_64-clang, r-patched-linux-x86_64, r-release-linux-ix86, r-release-linux-x86_64

Version: 0.6-2
Check: R code for possible problems
Result: NOTE
    hyperbCvMTestPValue: no visible binding for global variable
     ‘hyperbWSqTable’
    momIntegrated : ddist: no visible global function definition for ‘dvg’
Flavors: r-devel-linux-x86_64-fedora-gcc, r-devel-windows-ix86+x86_64, r-patched-solaris-sparc, r-patched-solaris-x86, r-release-osx-x86_64-mavericks, r-release-windows-ix86+x86_64

Version: 0.6-2
Check: R code for possible problems
Result: NOTE
    hyperbCvMTestPValue: no visible binding for global variable
     'hyperbWSqTable'
Flavor: r-oldrel-windows-ix86+x86_64