CRAN Package Check Results for Package HyperbolicDist

Last updated on 2014-07-22 23:48:20.

Flavor Version Tinstall Tcheck Ttotal Status Flags
r-devel-linux-x86_64-debian-clang 0.6-2 3.07 32.97 36.04 NOTE
r-devel-linux-x86_64-debian-gcc 0.6-2 1.05 31.96 33.01 NOTE
r-devel-linux-x86_64-fedora-clang 0.6-2 70.08 NOTE
r-devel-linux-x86_64-fedora-gcc 0.6-2 66.69 NOTE
r-devel-osx-x86_64-clang 0.6-2 61.23 NOTE
r-devel-windows-ix86+x86_64 0.6-2 3.00 47.00 50.00 NOTE
r-patched-linux-x86_64 0.6-2 1.03 32.71 33.74 NOTE
r-patched-solaris-sparc 0.6-2 406.60 NOTE
r-patched-solaris-x86 0.6-2 83.00 NOTE
r-release-linux-ix86 0.6-2 1.46 43.20 44.66 NOTE
r-release-linux-x86_64 0.6-2 1.09 33.93 35.02 NOTE
r-release-osx-x86_64-mavericks 0.6-2 NOTE
r-release-windows-ix86+x86_64 0.6-2 3.00 52.00 55.00 NOTE
r-oldrel-windows-ix86+x86_64 0.6-2 4.00 50.00 54.00 NOTE

Check Details

Version: 0.6-2
Check: R code for possible problems
Result: NOTE
    hyperbCvMTestPValue: no visible binding for global variable
     ‘hyperbWSqTable’
    
    Found the following calls to data() loading into the global environment:
    File ‘HyperbolicDist/R/hyperbCvMTest.R’:
     data(hyperbWSqTable)
    File ‘HyperbolicDist/R/zzz.R’:
     data(hyperbWSqTable)
    See section ‘Good practice’ in ‘?data’.
Flavors: r-devel-linux-x86_64-debian-clang, r-devel-linux-x86_64-debian-gcc, r-devel-linux-x86_64-fedora-clang, r-devel-osx-x86_64-clang, r-patched-linux-x86_64, r-release-linux-ix86, r-release-linux-x86_64

Version: 0.6-2
Check: R code for possible problems
Result: NOTE
    hyperbCvMTestPValue: no visible binding for global variable
     ‘hyperbWSqTable’
Flavors: r-devel-linux-x86_64-fedora-gcc, r-devel-windows-ix86+x86_64, r-patched-solaris-sparc, r-patched-solaris-x86, r-release-osx-x86_64-mavericks, r-release-windows-ix86+x86_64, r-oldrel-windows-ix86+x86_64