CRAN Package Check Results for Package HyperbolicDist

Last updated on 2014-10-23 09:52:47.

Flavor Version Tinstall Tcheck Ttotal Status Flags
r-devel-linux-x86_64-debian-clang 0.6-2 1.21 33.18 34.39 NOTE
r-devel-linux-x86_64-debian-gcc 0.6-2 1.06 31.40 32.46 NOTE
r-devel-linux-x86_64-fedora-clang 0.6-2 67.13 NOTE
r-devel-linux-x86_64-fedora-gcc 0.6-2 61.82 NOTE
r-devel-osx-x86_64-clang 0.6-2 61.69 NOTE
r-devel-windows-ix86+x86_64 0.6-2 3.00 45.00 48.00 NOTE
r-patched-linux-x86_64 0.6-2 1.10 33.24 34.33 NOTE
r-patched-solaris-sparc 0.6-2 409.20 NOTE
r-patched-solaris-x86 0.6-2 84.10 NOTE
r-release-linux-ix86 0.6-2 1.56 43.63 45.19 NOTE
r-release-linux-x86_64 0.6-2 1.09 34.60 35.69 NOTE
r-release-osx-x86_64-mavericks 0.6-2 NOTE
r-release-windows-ix86+x86_64 0.6-2 3.00 51.00 54.00 NOTE
r-oldrel-windows-ix86+x86_64 0.6-2 3.00 50.00 53.00 NOTE

Check Details

Version: 0.6-2
Check: R code for possible problems
Result: NOTE
    hyperbCvMTestPValue: no visible binding for global variable
     ‘hyperbWSqTable’
    momIntegrated : ddist: no visible global function definition for ‘dvg’
    
    Found the following calls to data() loading into the global environment:
    File ‘HyperbolicDist/R/hyperbCvMTest.R’:
     data(hyperbWSqTable)
    File ‘HyperbolicDist/R/zzz.R’:
     data(hyperbWSqTable)
    See section ‘Good practice’ in ‘?data’.
Flavors: r-devel-linux-x86_64-debian-clang, r-devel-linux-x86_64-debian-gcc, r-devel-linux-x86_64-fedora-clang, r-devel-osx-x86_64-clang, r-patched-linux-x86_64

Version: 0.6-2
Check: R code for possible problems
Result: NOTE
    hyperbCvMTestPValue: no visible binding for global variable
     ‘hyperbWSqTable’
    momIntegrated : ddist: no visible global function definition for ‘dvg’
Flavors: r-devel-linux-x86_64-fedora-gcc, r-devel-windows-ix86+x86_64, r-patched-solaris-sparc, r-patched-solaris-x86

Version: 0.6-2
Check: R code for possible problems
Result: NOTE
    hyperbCvMTestPValue: no visible binding for global variable
     ‘hyperbWSqTable’
    
    Found the following calls to data() loading into the global environment:
    File ‘HyperbolicDist/R/hyperbCvMTest.R’:
     data(hyperbWSqTable)
    File ‘HyperbolicDist/R/zzz.R’:
     data(hyperbWSqTable)
    See section ‘Good practice’ in ‘?data’.
Flavors: r-release-linux-ix86, r-release-linux-x86_64

Version: 0.6-2
Check: R code for possible problems
Result: NOTE
    hyperbCvMTestPValue: no visible binding for global variable
     ‘hyperbWSqTable’
Flavors: r-release-osx-x86_64-mavericks, r-release-windows-ix86+x86_64, r-oldrel-windows-ix86+x86_64