CRAN Package Check Results for Package HyperbolicDist

Last updated on 2014-09-24 01:49:30.

Flavor Version Tinstall Tcheck Ttotal Status Flags
r-devel-linux-x86_64-debian-clang 0.6-2 1.03 32.88 33.91 NOTE
r-devel-linux-x86_64-debian-gcc 0.6-2 1.00 31.23 32.23 NOTE
r-devel-linux-x86_64-fedora-clang 0.6-2 65.88 NOTE
r-devel-linux-x86_64-fedora-gcc 0.6-2 62.18 NOTE
r-devel-osx-x86_64-clang 0.6-2 60.57 NOTE
r-devel-windows-ix86+x86_64 0.6-2 4.00 47.00 51.00 NOTE
r-patched-linux-x86_64 0.6-2 1.05 34.30 35.34 NOTE
r-patched-solaris-sparc 0.6-2 417.80 NOTE
r-patched-solaris-x86 0.6-2 85.70 NOTE
r-release-linux-ix86 0.6-2 1.45 43.73 45.18 NOTE
r-release-linux-x86_64 0.6-2 1.08 33.65 34.72 NOTE
r-release-osx-x86_64-mavericks 0.6-2 NOTE
r-release-windows-ix86+x86_64 0.6-2 3.00 52.00 55.00 NOTE
r-oldrel-windows-ix86+x86_64 0.6-2 3.00 52.00 55.00 NOTE

Check Details

Version: 0.6-2
Check: R code for possible problems
Result: NOTE
    hyperbCvMTestPValue: no visible binding for global variable
     ‘hyperbWSqTable’
    momIntegrated : ddist: no visible global function definition for ‘dvg’
    
    Found the following calls to data() loading into the global environment:
    File ‘HyperbolicDist/R/hyperbCvMTest.R’:
     data(hyperbWSqTable)
    File ‘HyperbolicDist/R/zzz.R’:
     data(hyperbWSqTable)
    See section ‘Good practice’ in ‘?data’.
Flavors: r-devel-linux-x86_64-debian-clang, r-devel-linux-x86_64-debian-gcc, r-devel-linux-x86_64-fedora-clang, r-devel-osx-x86_64-clang

Version: 0.6-2
Check: R code for possible problems
Result: NOTE
    hyperbCvMTestPValue: no visible binding for global variable
     ‘hyperbWSqTable’
    momIntegrated : ddist: no visible global function definition for ‘dvg’
Flavors: r-devel-linux-x86_64-fedora-gcc, r-devel-windows-ix86+x86_64

Version: 0.6-2
Check: R code for possible problems
Result: NOTE
    hyperbCvMTestPValue: no visible binding for global variable
     ‘hyperbWSqTable’
    
    Found the following calls to data() loading into the global environment:
    File ‘HyperbolicDist/R/hyperbCvMTest.R’:
     data(hyperbWSqTable)
    File ‘HyperbolicDist/R/zzz.R’:
     data(hyperbWSqTable)
    See section ‘Good practice’ in ‘?data’.
Flavors: r-patched-linux-x86_64, r-release-linux-ix86, r-release-linux-x86_64

Version: 0.6-2
Check: R code for possible problems
Result: NOTE
    hyperbCvMTestPValue: no visible binding for global variable
     ‘hyperbWSqTable’
Flavors: r-patched-solaris-sparc, r-patched-solaris-x86, r-release-osx-x86_64-mavericks, r-release-windows-ix86+x86_64, r-oldrel-windows-ix86+x86_64