CRAN Package Check Results for Package HyperbolicDist

Last updated on 2015-01-26 03:52:26.

Flavor Version Tinstall Tcheck Ttotal Status Flags
r-devel-linux-x86_64-debian-clang 0.6-2 1.06 31.50 32.55 NOTE
r-devel-linux-x86_64-debian-gcc 0.6-2 1.00 33.01 34.01 NOTE
r-devel-linux-x86_64-fedora-clang 0.6-2 66.79 NOTE
r-devel-linux-x86_64-fedora-gcc 0.6-2 66.35 NOTE
r-devel-osx-x86_64-clang 0.6-2 61.26 NOTE
r-devel-windows-ix86+x86_64 0.6-2 6.00 63.00 69.00 NOTE
r-patched-linux-x86_64 0.6-2 1.16 33.57 34.74 NOTE
r-patched-solaris-sparc 0.6-2 418.10 NOTE
r-patched-solaris-x86 0.6-2 84.20 NOTE
r-release-linux-ix86 0.6-2 1.47 41.04 42.51 NOTE
r-release-linux-x86_64 0.6-2 1.09 33.07 34.16 NOTE
r-release-osx-x86_64-mavericks 0.6-2 NOTE
r-release-windows-ix86+x86_64 0.6-2 4.00 57.00 61.00 NOTE
r-oldrel-windows-ix86+x86_64 0.6-2 4.00 84.00 88.00 NOTE

Check Details

Version: 0.6-2
Check: R code for possible problems
Result: NOTE
    hyperbCvMTestPValue: no visible binding for global variable
     ‘hyperbWSqTable’
    momIntegrated : ddist: no visible global function definition for ‘dvg’
    
    Found the following calls to data() loading into the global environment:
    File ‘HyperbolicDist/R/hyperbCvMTest.R’:
     data(hyperbWSqTable)
    File ‘HyperbolicDist/R/zzz.R’:
     data(hyperbWSqTable)
    See section ‘Good practice’ in ‘?data’.
Flavors: r-devel-linux-x86_64-debian-clang, r-devel-linux-x86_64-debian-gcc, r-devel-linux-x86_64-fedora-clang, r-devel-osx-x86_64-clang, r-patched-linux-x86_64, r-release-linux-ix86, r-release-linux-x86_64

Version: 0.6-2
Check: R code for possible problems
Result: NOTE
    hyperbCvMTestPValue: no visible binding for global variable
     ‘hyperbWSqTable’
    momIntegrated : ddist: no visible global function definition for ‘dvg’
Flavors: r-devel-linux-x86_64-fedora-gcc, r-devel-windows-ix86+x86_64, r-patched-solaris-sparc, r-patched-solaris-x86, r-release-osx-x86_64-mavericks, r-release-windows-ix86+x86_64

Version: 0.6-2
Check: R code for possible problems
Result: NOTE
    hyperbCvMTestPValue: no visible binding for global variable
     'hyperbWSqTable'
Flavor: r-oldrel-windows-ix86+x86_64