CRAN Package Check Results for Package HyperbolicDist

Last updated on 2014-04-25 05:47:17.

Flavor Version Tinstall Tcheck Ttotal Status Flags
r-devel-linux-x86_64-debian-clang 0.6-2 1.23 34.82 36.06 NOTE
r-devel-linux-x86_64-debian-gcc 0.6-2 1.14 34.09 35.23 NOTE
r-devel-linux-x86_64-fedora-clang 0.6-2 69.52 NOTE
r-devel-linux-x86_64-fedora-gcc 0.6-2 66.37 NOTE
r-devel-osx-x86_64-clang 0.6-2 61.39 NOTE
r-devel-osx-x86_64-gcc 0.6-2 NOTE
r-devel-windows-ix86+x86_64 0.6-2 3.00 45.00 48.00 NOTE
r-patched-linux-x86_64 0.6-2 1.12 33.86 34.98 NOTE
r-patched-solaris-sparc 0.6-2 406.60 NOTE
r-patched-solaris-x86 0.6-2 84.70 NOTE
r-release-linux-ix86 0.6-2 2.00 56.00 58.00 NOTE
r-release-linux-x86_64 0.6-2 1.24 33.79 35.03 NOTE
r-release-osx-x86_64-mavericks 0.6-2 WARN
r-release-windows-ix86+x86_64 0.6-2 3.00 47.00 50.00 NOTE
r-oldrel-windows-ix86+x86_64 0.6-2 3.00 51.00 54.00 NOTE

Check Details

Version: 0.6-2
Check: R code for possible problems
Result: NOTE
    hyperbCvMTestPValue: no visible binding for global variable
     ‘hyperbWSqTable’
    
    Found the following calls to data() loading into the global environment:
    File ‘HyperbolicDist/R/hyperbCvMTest.R’:
     data(hyperbWSqTable)
    File ‘HyperbolicDist/R/zzz.R’:
     data(hyperbWSqTable)
    See section ‘Good practice’ in ‘?data’.
Flavors: r-devel-linux-x86_64-debian-clang, r-devel-linux-x86_64-debian-gcc, r-devel-linux-x86_64-fedora-clang, r-devel-osx-x86_64-clang, r-patched-linux-x86_64, r-release-linux-ix86, r-release-linux-x86_64

Version: 0.6-2
Check: R code for possible problems
Result: NOTE
    hyperbCvMTestPValue: no visible binding for global variable
     ‘hyperbWSqTable’
Flavors: r-devel-linux-x86_64-fedora-gcc, r-devel-windows-ix86+x86_64, r-patched-solaris-sparc, r-patched-solaris-x86, r-release-windows-ix86+x86_64, r-oldrel-windows-ix86+x86_64

Version: 0.6-2
Check: package dependencies
Result: NOTE
    Package suggested but not available for checking: ‘VarianceGamma’
Flavors: r-devel-osx-x86_64-gcc, r-release-osx-x86_64-mavericks

Version: 0.6-2
Check: R code for possible problems
Result: NOTE
    hyperbCvMTestPValue: no visible binding for global variable
     ‘hyperbWSqTable’
    momIntegrated : ddist: no visible global function definition for ‘dvg’
Flavors: r-devel-osx-x86_64-gcc, r-release-osx-x86_64-mavericks

Version: 0.6-2
Check: Rd cross-references
Result: NOTE
    Package unavailable to check Rd xrefs: ‘VarianceGamma’
Flavors: r-devel-osx-x86_64-gcc, r-release-osx-x86_64-mavericks

Version: 0.6-2
Check: PDF version of manual
Result: WARNING
    LaTeX errors when creating PDF version.
    This typically indicates Rd problems.
    LaTeX errors found:
    ! LaTeX Error: File `upquote.sty' not found.
    
    Type X to quit or <RETURN> to proceed,
    or enter new name. (Default extension: sty)
    
    b63f5f7/Rd2.tex:8: ==> Fatal error occurred, no output PDF file produced!
Flavor: r-release-osx-x86_64-mavericks