CRAN Package Check Results for Package HyperbolicDist

Last updated on 2016-06-25 11:49:10.

Flavor Version Tinstall Tcheck Ttotal Status Flags
r-devel-linux-x86_64-debian-gcc 0.6-2 1.08 33.07 34.15 NOTE
r-devel-linux-x86_64-fedora-clang 0.6-2 58.01 NOTE
r-devel-linux-x86_64-fedora-gcc 0.6-2 54.79 NOTE
r-devel-osx-x86_64-clang 0.6-2 47.94 NOTE
r-devel-windows-ix86+x86_64 0.6-2 5.00 74.00 79.00 NOTE
r-patched-linux-x86_64 0.6-2 1.18 32.50 33.67 NOTE
r-patched-solaris-sparc 0.6-2 393.90 NOTE
r-patched-solaris-x86 0.6-2 71.70 NOTE
r-release-linux-x86_64 0.6-2 1.17 33.37 34.54 NOTE
r-release-osx-x86_64-mavericks 0.6-2 NOTE
r-release-windows-ix86+x86_64 0.6-2 7.00 55.00 62.00 NOTE
r-oldrel-windows-ix86+x86_64 0.6-2 6.00 72.00 78.00 NOTE

Check Details

Version: 0.6-2
Check: R code for possible problems
Result: NOTE
    ghypBreaks: no visible global function definition for ‘uniroot’
    ghypCalcRange: no visible global function definition for ‘uniroot’
    ghypMode: no visible global function definition for ‘optim’
    gigBreaks: no visible global function definition for ‘uniroot’
    gigCalcRange: no visible global function definition for ‘uniroot’
    hyperbBreaks: no visible global function definition for ‘uniroot’
    hyperbCvMTestPValue: no visible global function definition for ‘data’
    hyperbCvMTestPValue: no visible binding for global variable
     ‘hyperbWSqTable’
    hyperbFit: no visible global function definition for ‘na.omit’
    hyperbFit: no visible global function definition for ‘optim’
    hyperbFit: no visible global function definition for ‘nlm’
    hyperbFitStart: no visible global function definition for ‘hist’
    hyperbFitStart: no visible global function definition for ‘na.omit’
    hyperbFitStart: no visible global function definition for ‘lm’
    hyperbFitStart: no visible global function definition for ‘sd’
    hyperbFitStart: no visible global function definition for ‘optim’
    hyperbFitStart: no visible global function definition for ‘median’
    hyperbFitStartMoM : fun2: no visible global function definition for
     ‘var’
    hyperbFitStartMoM: no visible global function definition for ‘optim’
    kurtosis: no visible global function definition for ‘var’
    logHist: no visible global function definition for ‘hist.default’
    logHist: no visible global function definition for ‘plot’
    logHist: no visible global function definition for ‘points’
    logHist: no visible global function definition for ‘segments’
    momIntegrated : ddist: no visible global function definition for
     ‘dgamma’
    momIntegrated : ddist: no visible global function definition for ‘dvg’
    momIntegrated: no visible global function definition for ‘integrate’
    plot.hyperbFit: no visible global function definition for ‘par’
    plot.hyperbFit: no visible global function definition for
     ‘dev.interactive’
    plot.hyperbFit: no visible global function definition for
     ‘hist.default’
    plot.hyperbFit: no visible global function definition for ‘curve’
    plot.hyperbFit: no visible global function definition for ‘title’
    ppghyp: no visible global function definition for ‘ppoints’
    ppghyp: no visible global function definition for ‘plot’
    ppghyp: no visible global function definition for ‘title’
    ppghyp: no visible global function definition for ‘abline’
    ppgig: no visible global function definition for ‘ppoints’
    ppgig: no visible global function definition for ‘plot’
    ppgig: no visible global function definition for ‘title’
    ppgig: no visible global function definition for ‘abline’
    pphyperb: no visible global function definition for ‘ppoints’
    pphyperb: no visible global function definition for ‘plot’
    pphyperb: no visible global function definition for ‘title’
    pphyperb: no visible global function definition for ‘abline’
    ppskewlap: no visible global function definition for ‘ppoints’
    ppskewlap: no visible global function definition for ‘plot’
    ppskewlap: no visible global function definition for ‘title’
    ppskewlap: no visible global function definition for ‘abline’
    qghyp: no visible global function definition for ‘uniroot’
    qghyp: no visible global function definition for ‘splinefun’
    qgig: no visible global function definition for ‘splinefun’
    qgig: no visible global function definition for ‘uniroot’
    qhyperb: no visible global function definition for ‘splinefun’
    qhyperb: no visible global function definition for ‘uniroot’
    qqghyp: no visible global function definition for ‘ppoints’
    qqghyp: no visible global function definition for ‘plot’
    qqghyp: no visible global function definition for ‘title’
    qqghyp: no visible global function definition for ‘abline’
    qqgig: no visible global function definition for ‘ppoints’
    qqgig: no visible global function definition for ‘plot’
    qqgig: no visible global function definition for ‘title’
    qqgig: no visible global function definition for ‘abline’
    qqhyperb: no visible global function definition for ‘ppoints’
    qqhyperb: no visible global function definition for ‘plot’
    qqhyperb: no visible global function definition for ‘title’
    qqhyperb: no visible global function definition for ‘abline’
    qqskewlap: no visible global function definition for ‘ppoints’
    qqskewlap: no visible global function definition for ‘plot’
    qqskewlap: no visible global function definition for ‘title’
    qqskewlap: no visible global function definition for ‘abline’
    rghyp: no visible global function definition for ‘rnorm’
    rgig: no visible global function definition for ‘uniroot’
    rgig: no visible global function definition for ‘runif’
    rgig1: no visible global function definition for ‘uniroot’
    rgig1: no visible global function definition for ‘runif’
    rhyperb: no visible global function definition for ‘rnorm’
    rskewlap: no visible global function definition for ‘rexp’
    safeIntegrate: no visible global function definition for ‘integrate’
    skewness: no visible global function definition for ‘sd’
    Undefined global functions or variables:
     abline curve data dev.interactive dgamma dvg hist hist.default
     hyperbWSqTable integrate lm median na.omit nlm optim par plot points
     ppoints rexp rnorm runif sd segments splinefun title uniroot var
    Consider adding
     importFrom("grDevices", "dev.interactive")
     importFrom("graphics", "abline", "curve", "hist", "hist.default",
     "par", "plot", "points", "segments", "title")
     importFrom("stats", "dgamma", "integrate", "lm", "median", "na.omit",
     "nlm", "optim", "ppoints", "rexp", "rnorm", "runif", "sd",
     "splinefun", "uniroot", "var")
     importFrom("utils", "data")
    to your NAMESPACE file.
    
    Found the following calls to data() loading into the global environment:
    File ‘HyperbolicDist/R/hyperbCvMTest.R’:
     data(hyperbWSqTable)
    File ‘HyperbolicDist/R/zzz.R’:
     data(hyperbWSqTable)
    See section ‘Good practice’ in ‘?data’.
Flavors: r-devel-linux-x86_64-debian-gcc, r-devel-linux-x86_64-fedora-clang, r-devel-osx-x86_64-clang, r-patched-linux-x86_64, r-release-linux-x86_64

Version: 0.6-2
Check: R code for possible problems
Result: NOTE
    ghypBreaks: no visible global function definition for ‘uniroot’
    ghypCalcRange: no visible global function definition for ‘uniroot’
    ghypMode: no visible global function definition for ‘optim’
    gigBreaks: no visible global function definition for ‘uniroot’
    gigCalcRange: no visible global function definition for ‘uniroot’
    hyperbBreaks: no visible global function definition for ‘uniroot’
    hyperbCvMTestPValue: no visible global function definition for ‘data’
    hyperbCvMTestPValue: no visible binding for global variable
     ‘hyperbWSqTable’
    hyperbFit: no visible global function definition for ‘na.omit’
    hyperbFit: no visible global function definition for ‘optim’
    hyperbFit: no visible global function definition for ‘nlm’
    hyperbFitStart: no visible global function definition for ‘hist’
    hyperbFitStart: no visible global function definition for ‘na.omit’
    hyperbFitStart: no visible global function definition for ‘lm’
    hyperbFitStart: no visible global function definition for ‘sd’
    hyperbFitStart: no visible global function definition for ‘optim’
    hyperbFitStart: no visible global function definition for ‘median’
    hyperbFitStartMoM : fun2: no visible global function definition for
     ‘var’
    hyperbFitStartMoM: no visible global function definition for ‘optim’
    kurtosis: no visible global function definition for ‘var’
    logHist: no visible global function definition for ‘hist.default’
    logHist: no visible global function definition for ‘plot’
    logHist: no visible global function definition for ‘points’
    logHist: no visible global function definition for ‘segments’
    momIntegrated : ddist: no visible global function definition for
     ‘dgamma’
    momIntegrated : ddist: no visible global function definition for ‘dvg’
    momIntegrated: no visible global function definition for ‘integrate’
    plot.hyperbFit: no visible global function definition for ‘par’
    plot.hyperbFit: no visible global function definition for
     ‘dev.interactive’
    plot.hyperbFit: no visible global function definition for
     ‘hist.default’
    plot.hyperbFit: no visible global function definition for ‘curve’
    plot.hyperbFit: no visible global function definition for ‘title’
    ppghyp: no visible global function definition for ‘ppoints’
    ppghyp: no visible global function definition for ‘plot’
    ppghyp: no visible global function definition for ‘title’
    ppghyp: no visible global function definition for ‘abline’
    ppgig: no visible global function definition for ‘ppoints’
    ppgig: no visible global function definition for ‘plot’
    ppgig: no visible global function definition for ‘title’
    ppgig: no visible global function definition for ‘abline’
    pphyperb: no visible global function definition for ‘ppoints’
    pphyperb: no visible global function definition for ‘plot’
    pphyperb: no visible global function definition for ‘title’
    pphyperb: no visible global function definition for ‘abline’
    ppskewlap: no visible global function definition for ‘ppoints’
    ppskewlap: no visible global function definition for ‘plot’
    ppskewlap: no visible global function definition for ‘title’
    ppskewlap: no visible global function definition for ‘abline’
    qghyp: no visible global function definition for ‘uniroot’
    qghyp: no visible global function definition for ‘splinefun’
    qgig: no visible global function definition for ‘splinefun’
    qgig: no visible global function definition for ‘uniroot’
    qhyperb: no visible global function definition for ‘splinefun’
    qhyperb: no visible global function definition for ‘uniroot’
    qqghyp: no visible global function definition for ‘ppoints’
    qqghyp: no visible global function definition for ‘plot’
    qqghyp: no visible global function definition for ‘title’
    qqghyp: no visible global function definition for ‘abline’
    qqgig: no visible global function definition for ‘ppoints’
    qqgig: no visible global function definition for ‘plot’
    qqgig: no visible global function definition for ‘title’
    qqgig: no visible global function definition for ‘abline’
    qqhyperb: no visible global function definition for ‘ppoints’
    qqhyperb: no visible global function definition for ‘plot’
    qqhyperb: no visible global function definition for ‘title’
    qqhyperb: no visible global function definition for ‘abline’
    qqskewlap: no visible global function definition for ‘ppoints’
    qqskewlap: no visible global function definition for ‘plot’
    qqskewlap: no visible global function definition for ‘title’
    qqskewlap: no visible global function definition for ‘abline’
    rghyp: no visible global function definition for ‘rnorm’
    rgig: no visible global function definition for ‘uniroot’
    rgig: no visible global function definition for ‘runif’
    rgig1: no visible global function definition for ‘uniroot’
    rgig1: no visible global function definition for ‘runif’
    rhyperb: no visible global function definition for ‘rnorm’
    rskewlap: no visible global function definition for ‘rexp’
    safeIntegrate: no visible global function definition for ‘integrate’
    skewness: no visible global function definition for ‘sd’
    Undefined global functions or variables:
     abline curve data dev.interactive dgamma dvg hist hist.default
     hyperbWSqTable integrate lm median na.omit nlm optim par plot points
     ppoints rexp rnorm runif sd segments splinefun title uniroot var
    Consider adding
     importFrom("grDevices", "dev.interactive")
     importFrom("graphics", "abline", "curve", "hist", "hist.default",
     "par", "plot", "points", "segments", "title")
     importFrom("stats", "dgamma", "integrate", "lm", "median", "na.omit",
     "nlm", "optim", "ppoints", "rexp", "rnorm", "runif", "sd",
     "splinefun", "uniroot", "var")
     importFrom("utils", "data")
    to your NAMESPACE file.
Flavors: r-devel-linux-x86_64-fedora-gcc, r-devel-windows-ix86+x86_64, r-patched-solaris-sparc, r-patched-solaris-x86, r-release-osx-x86_64-mavericks, r-release-windows-ix86+x86_64

Version: 0.6-2
Check: R code for possible problems
Result: NOTE
    hyperbCvMTestPValue: no visible binding for global variable
     'hyperbWSqTable'
    momIntegrated : ddist: no visible global function definition for 'dvg'
Flavor: r-oldrel-windows-ix86+x86_64