CRAN Package Check Results for Package HyperbolicDist

Last updated on 2015-03-29 19:48:42.

Flavor Version Tinstall Tcheck Ttotal Status Flags
r-devel-linux-x86_64-debian-clang 0.6-2 1.06 32.22 33.28 NOTE
r-devel-linux-x86_64-debian-gcc 0.6-2 1.02 30.30 31.32 NOTE
r-devel-linux-x86_64-fedora-clang 0.6-2 63.50 NOTE
r-devel-linux-x86_64-fedora-gcc 0.6-2 58.58 NOTE
r-devel-osx-x86_64-clang 0.6-2 63.75 NOTE
r-prerel-windows-ix86+x86_64 0.6-2 6.00 50.00 56.00 NOTE
r-prerel-linux-x86_64 0.6-2 1.10 30.83 31.93 NOTE
r-prerel-solaris-sparc 0.6-2 436.20 NOTE
r-prerel-solaris-x86 0.6-2 77.50 NOTE
r-release-linux-x86_64 0.6-2 1.12 33.47 34.59 NOTE
r-release-osx-x86_64-mavericks 0.6-2 NOTE
r-release-windows-ix86+x86_64 0.6-2 4.00 54.00 58.00 NOTE
r-oldrel-windows-ix86+x86_64 0.6-2 4.00 54.00 58.00 NOTE

Check Details

Version: 0.6-2
Check: R code for possible problems
Result: NOTE
    hyperbCvMTestPValue: no visible binding for global variable
     ‘hyperbWSqTable’
    momIntegrated : ddist: no visible global function definition for ‘dvg’
    
    Found the following calls to data() loading into the global environment:
    File ‘HyperbolicDist/R/hyperbCvMTest.R’:
     data(hyperbWSqTable)
    File ‘HyperbolicDist/R/zzz.R’:
     data(hyperbWSqTable)
    See section ‘Good practice’ in ‘?data’.
Flavors: r-devel-linux-x86_64-debian-clang, r-devel-linux-x86_64-debian-gcc, r-devel-linux-x86_64-fedora-clang, r-devel-osx-x86_64-clang, r-prerel-linux-x86_64, r-release-linux-x86_64

Version: 0.6-2
Check: R code for possible problems
Result: NOTE
    hyperbCvMTestPValue: no visible binding for global variable
     ‘hyperbWSqTable’
    momIntegrated : ddist: no visible global function definition for ‘dvg’
Flavors: r-devel-linux-x86_64-fedora-gcc, r-prerel-windows-ix86+x86_64, r-prerel-solaris-sparc, r-prerel-solaris-x86, r-release-osx-x86_64-mavericks, r-release-windows-ix86+x86_64

Version: 0.6-2
Check: R code for possible problems
Result: NOTE
    hyperbCvMTestPValue: no visible binding for global variable
     'hyperbWSqTable'
Flavor: r-oldrel-windows-ix86+x86_64