CRAN Package Check Results for Package HyperbolicDist

Last updated on 2015-04-27 17:48:20.

Flavor Version Tinstall Tcheck Ttotal Status Flags
r-devel-linux-x86_64-debian-clang 0.6-2 1.04 32.09 33.12 NOTE
r-devel-linux-x86_64-debian-gcc 0.6-2 1.02 30.99 32.02 NOTE
r-devel-linux-x86_64-fedora-clang 0.6-2 63.28 NOTE
r-devel-linux-x86_64-fedora-gcc 0.6-2 59.04 NOTE
r-devel-osx-x86_64-clang 0.6-2 58.09 NOTE
r-devel-windows-ix86+x86_64 0.6-2 4.00 68.00 72.00 NOTE
r-patched-linux-x86_64 0.6-2 1.03 31.17 32.20 NOTE
r-patched-solaris-sparc 0.6-2 436.20 NOTE
r-patched-solaris-x86 0.6-2 77.20 NOTE
r-release-linux-x86_64 0.6-2 1.03 33.81 34.84 NOTE
r-release-osx-x86_64-mavericks 0.6-2 NOTE
r-release-osx-x86_64-snowleopard 0.6-2 NOTE
r-release-windows-ix86+x86_64 0.6-2 6.00 63.00 69.00 NOTE
r-oldrel-windows-ix86+x86_64 0.6-2 3.00 46.00 49.00 NOTE

Check Details

Version: 0.6-2
Check: R code for possible problems
Result: NOTE
    hyperbCvMTestPValue: no visible binding for global variable
     ‘hyperbWSqTable’
    momIntegrated : ddist: no visible global function definition for ‘dvg’
    
    Found the following calls to data() loading into the global environment:
    File ‘HyperbolicDist/R/hyperbCvMTest.R’:
     data(hyperbWSqTable)
    File ‘HyperbolicDist/R/zzz.R’:
     data(hyperbWSqTable)
    See section ‘Good practice’ in ‘?data’.
Flavors: r-devel-linux-x86_64-debian-clang, r-devel-linux-x86_64-debian-gcc, r-devel-linux-x86_64-fedora-clang, r-devel-osx-x86_64-clang, r-release-linux-x86_64

Version: 0.6-2
Check: R code for possible problems
Result: NOTE
    hyperbCvMTestPValue: no visible binding for global variable
     ‘hyperbWSqTable’
    momIntegrated : ddist: no visible global function definition for ‘dvg’
Flavors: r-devel-linux-x86_64-fedora-gcc, r-devel-windows-ix86+x86_64, r-patched-solaris-sparc, r-patched-solaris-x86, r-release-osx-x86_64-mavericks, r-release-osx-x86_64-snowleopard, r-release-windows-ix86+x86_64, r-oldrel-windows-ix86+x86_64

Version: 0.6-2
Check: package dependencies
Result: NOTE
    Package suggested but not available for checking: ‘VarianceGamma’
Flavor: r-release-osx-x86_64-snowleopard

Version: 0.6-2
Check: Rd cross-references
Result: NOTE
    Package unavailable to check Rd xrefs: ‘VarianceGamma’
Flavor: r-release-osx-x86_64-snowleopard