CRAN Package Check Results for Package HyperbolicDist

Last updated on 2014-12-21 03:48:17.

Flavor Version Tinstall Tcheck Ttotal Status Flags
r-devel-linux-x86_64-debian-clang 0.6-2 1.07 32.44 33.50 NOTE
r-devel-linux-x86_64-debian-gcc 0.6-2 1.04 30.82 31.85 NOTE
r-devel-linux-x86_64-fedora-clang 0.6-2 67.44 NOTE
r-devel-linux-x86_64-fedora-gcc 0.6-2 62.07 NOTE
r-devel-osx-x86_64-clang 0.6-2 61.31 NOTE
r-devel-windows-ix86+x86_64 0.6-2 4.00 49.00 53.00 NOTE
r-patched-linux-x86_64 0.6-2 1.08 32.98 34.06 NOTE
r-patched-solaris-sparc 0.6-2 409.20 NOTE
r-patched-solaris-x86 0.6-2 83.20 NOTE
r-release-linux-ix86 0.6-2 1.48 41.12 42.60 NOTE
r-release-linux-x86_64 0.6-2 1.09 32.84 33.93 NOTE
r-release-osx-x86_64-mavericks 0.6-2 NOTE
r-release-windows-ix86+x86_64 0.6-2 4.00 50.00 54.00 NOTE
r-oldrel-windows-ix86+x86_64 0.6-2 4.00 59.00 63.00 NOTE

Check Details

Version: 0.6-2
Check: R code for possible problems
Result: NOTE
    hyperbCvMTestPValue: no visible binding for global variable
     ‘hyperbWSqTable’
    momIntegrated : ddist: no visible global function definition for ‘dvg’
    
    Found the following calls to data() loading into the global environment:
    File ‘HyperbolicDist/R/hyperbCvMTest.R’:
     data(hyperbWSqTable)
    File ‘HyperbolicDist/R/zzz.R’:
     data(hyperbWSqTable)
    See section ‘Good practice’ in ‘?data’.
Flavors: r-devel-linux-x86_64-debian-clang, r-devel-linux-x86_64-debian-gcc, r-devel-linux-x86_64-fedora-clang, r-devel-osx-x86_64-clang, r-patched-linux-x86_64, r-release-linux-ix86, r-release-linux-x86_64

Version: 0.6-2
Check: R code for possible problems
Result: NOTE
    hyperbCvMTestPValue: no visible binding for global variable
     ‘hyperbWSqTable’
    momIntegrated : ddist: no visible global function definition for ‘dvg’
Flavors: r-devel-linux-x86_64-fedora-gcc, r-devel-windows-ix86+x86_64, r-patched-solaris-sparc, r-patched-solaris-x86, r-release-windows-ix86+x86_64

Version: 0.6-2
Check: R code for possible problems
Result: NOTE
    hyperbCvMTestPValue: no visible binding for global variable
     ‘hyperbWSqTable’
Flavors: r-release-osx-x86_64-mavericks, r-oldrel-windows-ix86+x86_64