CRAN Package Check Results for Package HypergeoMat

Last updated on 2024-02-25 21:49:35 CET.

Flavor Version Tinstall Tcheck Ttotal Status Flags
r-devel-linux-x86_64-debian-clang 4.0.2 32.09 47.34 79.43 OK
r-devel-linux-x86_64-debian-gcc 4.0.2 23.08 38.04 61.12 OK
r-devel-linux-x86_64-fedora-clang 4.0.2 114.35 OK
r-devel-linux-x86_64-fedora-gcc 4.0.2 122.25 OK
r-devel-windows-x86_64 4.0.2 26.00 83.00 109.00 OK
r-patched-linux-x86_64 4.0.2 26.73 48.07 74.80 OK
r-release-linux-x86_64 4.0.2 30.19 48.58 78.77 OK
r-release-macos-arm64 4.0.2 50.00 NOTE
r-release-macos-x86_64 4.0.2 64.00 NOTE
r-release-windows-x86_64 4.0.2 33.00 95.00 128.00 OK
r-oldrel-macos-arm64 4.0.2 40.00 NOTE
r-oldrel-windows-x86_64 4.0.2 31.00 97.00 128.00 OK

Check Details

Version: 4.0.2
Check: installed package size
Result: NOTE installed size is 5.2Mb sub-directories of 1Mb or more: libs 5.1Mb Flavors: r-release-macos-arm64, r-oldrel-macos-arm64

Version: 4.0.2
Check: package dependencies
Result: NOTE Package suggested but not available for checking: ‘jack’ Flavor: r-release-macos-x86_64