CRAN Package Check Results for Package IAT

Last updated on 2015-05-06 17:47:54.

Flavor Version Tinstall Tcheck Ttotal Status Flags
r-devel-linux-x86_64-debian-clang 0.2 1.54 18.12 19.66 OK
r-devel-linux-x86_64-debian-gcc 0.2 1.70 17.08 18.79 OK
r-devel-linux-x86_64-fedora-clang 0.2 38.75 OK
r-devel-linux-x86_64-fedora-gcc 0.2 36.12 OK
r-devel-osx-x86_64-clang 0.2 37.27 OK
r-devel-windows-ix86+x86_64 0.2 5.00 30.00 35.00 OK
r-patched-linux-x86_64 0.2 1.64 18.06 19.70 OK
r-patched-solaris-sparc 0.2 245.10 OK
r-patched-solaris-x86 0.2 52.40 OK
r-release-linux-x86_64 0.2 1.57 17.19 18.76 OK
r-release-osx-x86_64-mavericks 0.2 OK
r-release-osx-x86_64-snowleopard 0.2 ERROR
r-release-windows-ix86+x86_64 0.2 5.00 30.00 35.00 OK
r-oldrel-windows-ix86+x86_64 0.2 10.00 61.00 71.00 OK

Check Details

Version: 0.2
Check: package dependencies
Result: ERROR
    Package required but not available: ‘ggplot2’
    
    See section ‘The DESCRIPTION file’ in the ‘Writing R Extensions’
    manual.
Flavor: r-release-osx-x86_64-snowleopard