CRAN Package Check Results for Package IAT

Last updated on 2015-08-03 17:47:41.

Flavor Version Tinstall Tcheck Ttotal Status Flags
r-devel-linux-x86_64-debian-clang 0.2 1.68 17.19 18.88 NOTE
r-devel-linux-x86_64-debian-gcc 0.2 1.51 17.30 18.82 NOTE
r-devel-linux-x86_64-fedora-clang 0.2 39.37 NOTE
r-devel-linux-x86_64-fedora-gcc 0.2 36.98 NOTE
r-devel-osx-x86_64-clang 0.2 35.30 OK
r-devel-windows-ix86+x86_64 0.2 6.00 33.00 39.00 NOTE
r-patched-linux-x86_64 0.2 1.63 17.50 19.13 OK
r-patched-solaris-sparc 0.2 253.20 OK
r-patched-solaris-x86 0.2 54.10 OK
r-release-linux-x86_64 0.2 1.89 17.65 19.54 OK
r-release-osx-x86_64-mavericks 0.2 OK
r-release-windows-ix86+x86_64 0.2 8.00 31.00 39.00 OK
r-oldrel-windows-ix86+x86_64 0.2 11.00 56.00 67.00 OK

Check Details

Version: 0.2
Check: R code for possible problems
Result: NOTE
    cleanIAT: no visible global function definition for ‘sd’
    cleanIAT: no visible global function definition for ‘reshape’
    plotIndVar: no visible global function definition for ‘sd’
    plotItemVar: no visible global function definition for ‘sd’
    Undefined global functions or variables:
     reshape sd
    Consider adding
     importFrom("stats", "reshape", "sd")
    to your NAMESPACE.
Flavors: r-devel-linux-x86_64-debian-clang, r-devel-linux-x86_64-debian-gcc, r-devel-linux-x86_64-fedora-clang, r-devel-linux-x86_64-fedora-gcc, r-devel-windows-ix86+x86_64