CRAN Package Check Results for Package IAT

Last updated on 2014-04-24 03:47:46.

Flavor Version Tinstall Tcheck Ttotal Status Flags
r-devel-linux-x86_64-debian-clang 0.1 2.41 24.86 27.27 OK
r-devel-linux-x86_64-debian-gcc 0.1 2.42 24.84 27.26 OK
r-devel-linux-x86_64-fedora-clang 0.1 52.43 OK
r-devel-linux-x86_64-fedora-gcc 0.1 50.42 OK
r-devel-osx-x86_64-clang 0.1 58.77 OK
r-devel-osx-x86_64-gcc 0.1 ERROR
r-devel-windows-ix86+x86_64 0.1 7.00 38.00 45.00 OK
r-patched-linux-x86_64 0.1 2.37 26.39 28.76 OK
r-patched-solaris-sparc 0.1 305.00 OK
r-patched-solaris-x86 0.1 72.60 OK
r-release-linux-ix86 0.1 4.00 49.00 53.00 OK
r-release-linux-x86_64 0.1 2.38 24.61 26.99 OK
r-release-osx-x86_64-mavericks 0.1 OK
r-release-osx-x86_64-snowleopard 0.1 OK
r-release-windows-ix86+x86_64 0.1 7.00 42.00 49.00 OK
r-oldrel-windows-ix86+x86_64 0.1 7.00 42.00 49.00 OK

Check Details

Version: 0.1
Check: package dependencies
Result: ERROR
    Package required but not available: ‘ggplot2’
    
    See the information on DESCRIPTION files in the chapter ‘Creating R
    packages’ of the ‘Writing R Extensions’ manual.
Flavor: r-devel-osx-x86_64-gcc