CRAN Package Check Results for Package IATscores

Last updated on 2020-02-21 03:47:16 CET.

Flavor Version Tinstall Tcheck Ttotal Status Flags
r-devel-linux-x86_64-debian-clang 0.2.4 13.29 104.13 117.42 OK
r-devel-linux-x86_64-debian-gcc 0.2.4 11.99 77.99 89.98 OK
r-devel-linux-x86_64-fedora-clang 0.2.4 143.54 OK
r-devel-linux-x86_64-fedora-gcc 0.2.4 135.24 OK
r-devel-windows-ix86+x86_64 0.2.4 29.00 109.00 138.00 OK
r-devel-windows-ix86+x86_64-gcc8 0.2.4 50.00 165.00 215.00 OK
r-patched-linux-x86_64 0.2.4 11.53 86.15 97.68 OK
r-patched-solaris-x86 0.2.4 191.90 OK
r-release-linux-x86_64 0.2.4 10.90 87.00 97.90 OK
r-release-windows-ix86+x86_64 0.2.4 27.00 115.00 142.00 OK
r-release-osx-x86_64 0.2.4 OK
r-oldrel-windows-ix86+x86_64 0.2.3 16.00 177.00 193.00 OK
r-oldrel-osx-x86_64 0.2.4 ERROR

Check Details

Version: 0.2.4
Check: whether package can be installed
Result: ERROR
    Installation failed.
Flavor: r-oldrel-osx-x86_64