Last updated on 2022-07-02 05:50:59 CEST.
Flavor | Version | Tinstall | Tcheck | Ttotal | Status | Flags |
---|---|---|---|---|---|---|
r-devel-linux-x86_64-debian-clang | 0.2.7 | 14.46 | 146.86 | 161.32 | OK | |
r-devel-linux-x86_64-debian-gcc | 0.2.7 | 12.86 | 108.30 | 121.16 | OK | |
r-devel-linux-x86_64-fedora-clang | 0.2.7 | 205.94 | WARN | |||
r-devel-linux-x86_64-fedora-gcc | 0.2.7 | 192.49 | WARN | |||
r-devel-windows-x86_64 | 0.2.7 | 27.00 | 165.00 | 192.00 | OK | |
r-patched-linux-x86_64 | 0.2.7 | 17.54 | 134.78 | 152.32 | OK | |
r-release-linux-x86_64 | 0.2.7 | 9.72 | 135.85 | 145.57 | OK | |
r-release-macos-arm64 | 0.2.7 | 49.00 | OK | |||
r-release-macos-x86_64 | 0.2.7 | 88.00 | OK | |||
r-release-windows-x86_64 | 0.2.7 | 25.00 | 161.00 | 186.00 | OK | |
r-oldrel-macos-arm64 | 0.2.7 | 53.00 | OK | |||
r-oldrel-macos-x86_64 | 0.2.7 | 100.00 | OK | |||
r-oldrel-windows-ix86+x86_64 | 0.2.7 | 36.00 | 167.00 | 203.00 | OK |
Version: 0.2.7
Check: package dependencies
Result: WARN
Requires (indirectly) orphaned package: ‘gtools’
Flavors: r-devel-linux-x86_64-fedora-clang, r-devel-linux-x86_64-fedora-gcc