CRAN Package Check Results for Package IATscores

Last updated on 2020-09-19 07:52:16 CEST.

Flavor Version Tinstall Tcheck Ttotal Status Flags
r-devel-linux-x86_64-debian-clang 0.2.7 14.85 110.53 125.38 OK
r-devel-linux-x86_64-debian-gcc 0.2.7 11.12 83.56 94.68 OK
r-devel-linux-x86_64-fedora-clang 0.2.7 161.91 OK
r-devel-linux-x86_64-fedora-gcc 0.2.7 157.98 OK
r-devel-windows-ix86+x86_64 0.2.7 35.00 141.00 176.00 OK
r-patched-linux-x86_64 0.2.7 9.13 107.71 116.84 OK
r-patched-solaris-x86 0.2.7 222.40 OK
r-release-linux-x86_64 0.2.7 9.66 107.70 117.36 OK
r-release-macos-x86_64 0.2.7 OK
r-release-windows-ix86+x86_64 0.2.7 32.00 145.00 177.00 OK
r-oldrel-macos-x86_64 0.2.7 ERROR
r-oldrel-windows-ix86+x86_64 0.2.4 29.00 113.00 142.00 OK

Check Details

Version: 0.2.7
Check: whether package can be installed
Result: ERROR
    Installation failed.
Flavor: r-oldrel-macos-x86_64