CRAN Package Check Results for Package IBHM

Last updated on 2014-08-30 04:48:14.

Flavor Version Tinstall Tcheck Ttotal Status Flags
r-devel-linux-x86_64-debian-clang 1.1-11 7.46 87.61 95.07 NOTE
r-devel-linux-x86_64-debian-gcc 1.1-11 9.04 98.53 107.57 NOTE
r-devel-linux-x86_64-fedora-clang 1.1-11 186.76 NOTE
r-devel-linux-x86_64-fedora-gcc 1.1-11 179.33 NOTE
r-devel-osx-x86_64-clang 1.1-11 145.83 NOTE
r-devel-windows-ix86+x86_64 1.1-11 45.00 256.00 301.00 NOTE
r-patched-linux-x86_64 1.1-11 9.11 101.86 110.97 NOTE
r-patched-solaris-sparc 1.1-11 1686.90 NOTE
r-patched-solaris-x86 1.1-11 215.00 NOTE
r-release-linux-ix86 1.1-11 11.89 130.86 142.75 OK
r-release-linux-x86_64 1.1-11 9.48 102.92 112.40 OK
r-release-osx-x86_64-mavericks 1.1-11 OK
r-release-osx-x86_64-snowleopard 1.1-11 OK
r-release-windows-ix86+x86_64 1.1-11 33.00 262.00 295.00 OK
r-oldrel-windows-ix86+x86_64 1.1-11 34.00 263.00 297.00 OK

Check Details

Version: 1.1-11
Check: dependencies in R code
Result: NOTE
    Package in Depends field not imported from: ‘compiler’
     These packages need to be imported from (in the NAMESPACE file)
     for when this namespace is loaded but not attached.
    See the information on DESCRIPTION files in the chapter ‘Creating R
    packages’ of the ‘Writing R Extensions’ manual.
Flavors: r-devel-linux-x86_64-debian-clang, r-devel-linux-x86_64-debian-gcc, r-devel-linux-x86_64-fedora-clang, r-devel-linux-x86_64-fedora-gcc, r-devel-osx-x86_64-clang, r-devel-windows-ix86+x86_64, r-patched-linux-x86_64, r-patched-solaris-sparc, r-patched-solaris-x86

Version: 1.1-11
Check: R code for possible problems
Result: NOTE
    TrainIBHM: no visible global function definition for ‘enableJIT’
Flavors: r-devel-linux-x86_64-debian-clang, r-devel-linux-x86_64-debian-gcc, r-devel-linux-x86_64-fedora-clang, r-devel-linux-x86_64-fedora-gcc, r-devel-osx-x86_64-clang, r-devel-windows-ix86+x86_64