CRAN Package Check Results for Package IBHM

Last updated on 2015-05-24 10:46:59.

Flavor Version Tinstall Tcheck Ttotal Status Flags
r-devel-linux-x86_64-debian-clang 1.1-11 8.54 82.66 91.20 NOTE
r-devel-linux-x86_64-debian-gcc 1.1-11 9.45 86.70 96.15 NOTE
r-devel-linux-x86_64-fedora-clang 1.1-11 178.84 NOTE
r-devel-linux-x86_64-fedora-gcc 1.1-11 161.86 NOTE
r-devel-osx-x86_64-clang 1.1-11 141.42 NOTE
r-devel-windows-ix86+x86_64 1.1-11 36.00 270.00 306.00 NOTE
r-patched-linux-x86_64 1.1-11 9.69 76.45 86.14 NOTE
r-patched-solaris-sparc 1.1-11 1587.20 NOTE
r-patched-solaris-x86 1.1-11 201.30 NOTE
r-release-linux-x86_64 1.1-11 9.61 76.76 86.38 NOTE
r-release-osx-x86_64-mavericks 1.1-11 NOTE
r-release-osx-x86_64-snowleopard 1.1-11 NOTE
r-release-windows-ix86+x86_64 1.1-11 30.00 239.00 269.00 NOTE
r-oldrel-windows-ix86+x86_64 1.1-11 36.00 348.00 384.00 NOTE

Check Details

Version: 1.1-11
Check: dependencies in R code
Result: NOTE
    Package in Depends field not imported from: ‘compiler’
     These packages need to be imported from (in the NAMESPACE file)
     for when this namespace is loaded but not attached.
Flavors: r-devel-linux-x86_64-debian-clang, r-devel-linux-x86_64-debian-gcc, r-devel-linux-x86_64-fedora-clang, r-devel-linux-x86_64-fedora-gcc, r-devel-osx-x86_64-clang, r-devel-windows-ix86+x86_64, r-patched-linux-x86_64, r-patched-solaris-sparc, r-patched-solaris-x86, r-release-linux-x86_64, r-release-osx-x86_64-mavericks, r-release-osx-x86_64-snowleopard, r-release-windows-ix86+x86_64, r-oldrel-windows-ix86+x86_64

Version: 1.1-11
Check: S3 generic/method consistency
Result: NOTE
    Found the following apparent S3 methods exported but not registered:
     length.IBHM predict.IBHM print.summary.IBHM summary.IBHM
    See section ‘Registering S3 methods’ in the ‘Writing R Extensions’
    manual.
Flavors: r-devel-linux-x86_64-debian-clang, r-devel-linux-x86_64-debian-gcc, r-devel-linux-x86_64-fedora-clang, r-devel-linux-x86_64-fedora-gcc, r-devel-osx-x86_64-clang, r-patched-linux-x86_64, r-patched-solaris-sparc, r-patched-solaris-x86, r-release-linux-x86_64

Version: 1.1-11
Check: R code for possible problems
Result: NOTE
    TrainIBHM: no visible global function definition for ‘enableJIT’
Flavors: r-devel-linux-x86_64-debian-clang, r-devel-linux-x86_64-debian-gcc, r-devel-linux-x86_64-fedora-clang, r-devel-linux-x86_64-fedora-gcc, r-devel-osx-x86_64-clang, r-devel-windows-ix86+x86_64, r-patched-linux-x86_64, r-patched-solaris-sparc, r-patched-solaris-x86, r-release-linux-x86_64, r-release-osx-x86_64-mavericks, r-release-osx-x86_64-snowleopard, r-release-windows-ix86+x86_64, r-oldrel-windows-ix86+x86_64