CRAN Package Check Results for Package IBHM

Last updated on 2015-01-27 17:53:18.

Flavor Version Tinstall Tcheck Ttotal Status Flags
r-devel-linux-x86_64-debian-clang 1.1-11 7.83 79.30 87.13 NOTE
r-devel-linux-x86_64-debian-gcc 1.1-11 9.47 80.25 89.72 NOTE
r-devel-linux-x86_64-fedora-clang 1.1-11 189.49 NOTE
r-devel-linux-x86_64-fedora-gcc 1.1-11 190.00 NOTE
r-devel-osx-x86_64-clang 1.1-11 152.01 NOTE
r-devel-windows-ix86+x86_64 1.1-11 35.00 261.00 296.00 NOTE
r-patched-linux-x86_64 1.1-11 9.89 87.33 97.22 NOTE
r-patched-solaris-sparc 1.1-11 1666.70 NOTE
r-patched-solaris-x86 1.1-11 220.40 NOTE
r-release-linux-ix86 1.1-11 11.37 124.34 135.71 NOTE
r-release-linux-x86_64 1.1-11 9.46 87.40 96.86 NOTE
r-release-osx-x86_64-mavericks 1.1-11 NOTE
r-release-osx-x86_64-snowleopard 1.1-11 OK
r-release-windows-ix86+x86_64 1.1-11 36.00 244.00 280.00 NOTE
r-oldrel-windows-ix86+x86_64 1.1-11 33.00 347.00 380.00 OK

Check Details

Version: 1.1-11
Check: dependencies in R code
Result: NOTE
    Package in Depends field not imported from: ‘compiler’
     These packages need to be imported from (in the NAMESPACE file)
     for when this namespace is loaded but not attached.
Flavors: r-devel-linux-x86_64-debian-clang, r-devel-linux-x86_64-debian-gcc, r-devel-linux-x86_64-fedora-clang, r-devel-linux-x86_64-fedora-gcc, r-devel-osx-x86_64-clang, r-devel-windows-ix86+x86_64

Version: 1.1-11
Check: R code for possible problems
Result: NOTE
    TrainIBHM: no visible global function definition for ‘enableJIT’
Flavors: r-devel-linux-x86_64-debian-clang, r-devel-linux-x86_64-debian-gcc, r-devel-linux-x86_64-fedora-clang, r-devel-linux-x86_64-fedora-gcc, r-devel-osx-x86_64-clang, r-devel-windows-ix86+x86_64, r-patched-linux-x86_64, r-patched-solaris-sparc, r-patched-solaris-x86, r-release-linux-ix86, r-release-linux-x86_64, r-release-osx-x86_64-mavericks, r-release-windows-ix86+x86_64

Version: 1.1-11
Check: S3 generic/method consistency
Result: NOTE
    Found the following apparent S3 methods exported but not registered:
     print.summary.IBHM summary.IBHM predict.IBHM length.IBHM
    See section ‘Registering S3 methods’ in the ‘Writing R Extensions’
    manual.
Flavors: r-devel-linux-x86_64-debian-gcc, r-devel-linux-x86_64-fedora-clang, r-devel-linux-x86_64-fedora-gcc, r-devel-osx-x86_64-clang

Version: 1.1-11
Check: dependencies in R code
Result: NOTE
    Package in Depends field not imported from: ‘compiler’
     These packages need to be imported from (in the NAMESPACE file)
     for when this namespace is loaded but not attached.
    See the information on DESCRIPTION files in the chapter ‘Creating R
    packages’ of the ‘Writing R Extensions’ manual.
Flavors: r-patched-linux-x86_64, r-patched-solaris-sparc, r-patched-solaris-x86, r-release-linux-ix86, r-release-linux-x86_64, r-release-osx-x86_64-mavericks, r-release-windows-ix86+x86_64