CRAN Package Check Results for Package IBHM

Last updated on 2016-06-25 16:47:51.

Flavor Version Tinstall Tcheck Ttotal Status Flags
r-devel-linux-x86_64-debian-gcc 1.1-11 11.77 85.34 97.11 NOTE
r-devel-linux-x86_64-fedora-clang 1.1-11 175.67 NOTE
r-devel-linux-x86_64-fedora-gcc 1.1-11 162.77 NOTE
r-devel-osx-x86_64-clang 1.1-11 137.26 NOTE
r-devel-windows-ix86+x86_64 1.1-11 48.00 302.00 350.00 NOTE
r-patched-linux-x86_64 1.1-11 8.85 78.04 86.88 NOTE
r-patched-solaris-sparc 1.1-11 1558.60 NOTE
r-patched-solaris-x86 1.1-11 189.20 NOTE
r-release-linux-x86_64 1.1-11 9.09 78.86 87.96 NOTE
r-release-osx-x86_64-mavericks 1.1-11 NOTE
r-release-windows-ix86+x86_64 1.1-11 49.00 247.00 296.00 NOTE
r-oldrel-windows-ix86+x86_64 1.1-11 48.00 320.00 368.00 NOTE

Check Details

Version: 1.1-11
Check: dependencies in R code
Result: NOTE
    Package in Depends field not imported from: ‘compiler’
     These packages need to be imported from (in the NAMESPACE file)
     for when this namespace is loaded but not attached.
Flavors: r-devel-linux-x86_64-debian-gcc, r-devel-linux-x86_64-fedora-clang, r-devel-linux-x86_64-fedora-gcc, r-devel-osx-x86_64-clang, r-devel-windows-ix86+x86_64, r-patched-linux-x86_64, r-patched-solaris-sparc, r-patched-solaris-x86, r-release-linux-x86_64, r-release-osx-x86_64-mavericks, r-release-windows-ix86+x86_64, r-oldrel-windows-ix86+x86_64

Version: 1.1-11
Check: S3 generic/method consistency
Result: NOTE
    Found the following apparent S3 methods exported but not registered:
     length.IBHM predict.IBHM print.summary.IBHM summary.IBHM
    See section ‘Registering S3 methods’ in the ‘Writing R Extensions’
    manual.
Flavors: r-devel-linux-x86_64-debian-gcc, r-devel-linux-x86_64-fedora-clang, r-devel-linux-x86_64-fedora-gcc, r-devel-osx-x86_64-clang, r-patched-linux-x86_64, r-patched-solaris-sparc, r-patched-solaris-x86, r-release-linux-x86_64

Version: 1.1-11
Check: R code for possible problems
Result: NOTE
    ConfigureIBHM : <anonymous>: no visible global function definition for
     ‘dnorm’
    FindActiv: no visible global function definition for ‘sd’
    OptimizeActivCMAES: no visible global function definition for ‘runif’
    OptimizeActivNM: no visible global function definition for ‘optim’
    OptimizeActivNM: no visible global function definition for ‘runif’
    OptimizeAllParams : goal: no visible global function definition for
     ‘relist’
    OptimizeAllParams: no visible global function definition for ‘optim’
    OptimizeAllParams: no visible global function definition for ‘relist’
    OptimizeAllWeights: no visible global function definition for ‘optim’
    OptimizeScalCMAES: no visible global function definition for ‘runif’
    OptimizeScalNM: no visible global function definition for ‘optim’
    OptimizeScalNM: no visible global function definition for ‘runif’
    OptimizeWeights: no visible global function definition for ‘optim’
    TrainIBHM: no visible global function definition for ‘enableJIT’
    ValidationSC : <anonymous>: no visible global function definition for
     ‘predict’
    group.by.samplesPerDim: no visible global function definition for ‘sd’
    summary.IBHM: no visible global function definition for ‘predict’
    summary.IBHM: no visible global function definition for ‘sd’
    summary.IBHM: no visible global function definition for ‘cor’
    Undefined global functions or variables:
     cor dnorm enableJIT optim predict relist runif sd
    Consider adding
     importFrom("stats", "cor", "dnorm", "optim", "predict", "runif", "sd")
     importFrom("utils", "relist")
    to your NAMESPACE file.
Flavors: r-devel-linux-x86_64-debian-gcc, r-devel-linux-x86_64-fedora-clang, r-devel-linux-x86_64-fedora-gcc, r-devel-osx-x86_64-clang, r-devel-windows-ix86+x86_64, r-patched-linux-x86_64, r-patched-solaris-sparc, r-patched-solaris-x86, r-release-linux-x86_64, r-release-osx-x86_64-mavericks, r-release-windows-ix86+x86_64

Version: 1.1-11
Check: installed package size
Result: NOTE
     installed size is 5.1Mb
     sub-directories of 1Mb or more:
     libs 5.0Mb
Flavor: r-patched-solaris-sparc

Version: 1.1-11
Check: R code for possible problems
Result: NOTE
    TrainIBHM: no visible global function definition for 'enableJIT'
Flavor: r-oldrel-windows-ix86+x86_64