CRAN Package Check Results for Package IBHM

Last updated on 2014-12-21 18:52:07.

Flavor Version Tinstall Tcheck Ttotal Status Flags
r-devel-linux-x86_64-debian-clang 1.1-11 7.98 82.09 90.07 NOTE
r-devel-linux-x86_64-debian-gcc 1.1-11 9.16 82.47 91.63 NOTE
r-devel-linux-x86_64-fedora-clang 1.1-11 185.72 NOTE
r-devel-linux-x86_64-fedora-gcc 1.1-11 184.36 NOTE
r-devel-osx-x86_64-clang 1.1-11 152.45 NOTE
r-devel-windows-ix86+x86_64 1.1-11 32.00 237.00 269.00 NOTE
r-patched-linux-x86_64 1.1-11 9.46 86.67 96.13 NOTE
r-patched-solaris-sparc 1.1-11 1630.30 NOTE
r-patched-solaris-x86 1.1-11 217.40 NOTE
r-release-linux-ix86 1.1-11 11.35 124.26 135.60 NOTE
r-release-linux-x86_64 1.1-11 9.25 86.22 95.47 NOTE
r-release-osx-x86_64-mavericks 1.1-11 OK
r-release-osx-x86_64-snowleopard 1.1-11 OK
r-release-windows-ix86+x86_64 1.1-11 29.00 249.00 278.00 NOTE
r-oldrel-windows-ix86+x86_64 1.1-11 31.00 247.00 278.00 OK

Check Details

Version: 1.1-11
Check: dependencies in R code
Result: NOTE
    Package in Depends field not imported from: ‘compiler’
     These packages need to be imported from (in the NAMESPACE file)
     for when this namespace is loaded but not attached.
    See the information on DESCRIPTION files in the chapter ‘Creating R
    packages’ of the ‘Writing R Extensions’ manual.
Flavors: r-devel-linux-x86_64-debian-clang, r-devel-linux-x86_64-debian-gcc, r-devel-linux-x86_64-fedora-clang, r-devel-linux-x86_64-fedora-gcc, r-devel-osx-x86_64-clang, r-devel-windows-ix86+x86_64, r-patched-linux-x86_64, r-patched-solaris-sparc, r-patched-solaris-x86, r-release-linux-ix86, r-release-linux-x86_64, r-release-windows-ix86+x86_64

Version: 1.1-11
Check: R code for possible problems
Result: NOTE
    TrainIBHM: no visible global function definition for ‘enableJIT’
Flavors: r-devel-linux-x86_64-debian-clang, r-devel-linux-x86_64-debian-gcc, r-devel-linux-x86_64-fedora-clang, r-devel-linux-x86_64-fedora-gcc, r-devel-osx-x86_64-clang, r-devel-windows-ix86+x86_64, r-patched-linux-x86_64, r-patched-solaris-sparc, r-patched-solaris-x86, r-release-linux-ix86, r-release-linux-x86_64, r-release-windows-ix86+x86_64