CRAN Package Check Results for Package IBHM

Last updated on 2017-01-22 19:47:01.

Flavor Version Tinstall Tcheck Ttotal Status Flags
r-devel-linux-x86_64-debian-clang 1.1-11 9.99 92.80 102.80 NOTE
r-devel-linux-x86_64-debian-gcc 1.1-11 10.52 90.08 100.59 NOTE
r-devel-linux-x86_64-fedora-clang 1.1-11 197.95 NOTE --no-stop-on-test-error
r-devel-linux-x86_64-fedora-gcc 1.1-11 177.59 NOTE --no-stop-on-test-error
r-devel-macos-x86_64-clang 1.1-11 141.27 NOTE --no-stop-on-test-error
r-devel-windows-ix86+x86_64 1.1-11 38.00 285.00 323.00 NOTE
r-patched-linux-x86_64 1.1-11 9.08 79.25 88.33 NOTE
r-patched-solaris-sparc 1.1-11 1561.90 NOTE
r-patched-solaris-x86 1.1-11 190.30 NOTE
r-release-linux-x86_64 1.1-11 8.97 78.28 87.25 NOTE
r-release-osx-x86_64-mavericks 1.1-11 NOTE
r-release-windows-ix86+x86_64 1.1-11 73.00 269.00 342.00 NOTE
r-oldrel-windows-ix86+x86_64 1.1-11 69.00 331.00 400.00 NOTE

Check Details

Version: 1.1-11
Check: dependencies in R code
Result: NOTE
    Package in Depends field not imported from: ‘compiler’
     These packages need to be imported from (in the NAMESPACE file)
     for when this namespace is loaded but not attached.
Flavors: r-devel-linux-x86_64-debian-clang, r-devel-linux-x86_64-debian-gcc, r-devel-windows-ix86+x86_64, r-patched-linux-x86_64, r-patched-solaris-sparc, r-patched-solaris-x86, r-release-linux-x86_64, r-release-osx-x86_64-mavericks, r-release-windows-ix86+x86_64, r-oldrel-windows-ix86+x86_64

Version: 1.1-11
Check: S3 generic/method consistency
Result: NOTE
    Found the following apparent S3 methods exported but not registered:
     length.IBHM predict.IBHM print.summary.IBHM summary.IBHM
    See section ‘Registering S3 methods’ in the ‘Writing R Extensions’
    manual.
Flavors: r-devel-linux-x86_64-debian-clang, r-devel-linux-x86_64-debian-gcc, r-patched-linux-x86_64, r-patched-solaris-sparc, r-patched-solaris-x86, r-release-linux-x86_64

Version: 1.1-11
Check: R code for possible problems
Result: NOTE
    ConfigureIBHM : <anonymous>: no visible global function definition for
     ‘dnorm’
    FindActiv: no visible global function definition for ‘sd’
    OptimizeActivCMAES: no visible global function definition for ‘runif’
    OptimizeActivNM: no visible global function definition for ‘optim’
    OptimizeActivNM: no visible global function definition for ‘runif’
    OptimizeAllParams : goal: no visible global function definition for
     ‘relist’
    OptimizeAllParams: no visible global function definition for ‘optim’
    OptimizeAllParams: no visible global function definition for ‘relist’
    OptimizeAllWeights: no visible global function definition for ‘optim’
    OptimizeScalCMAES: no visible global function definition for ‘runif’
    OptimizeScalNM: no visible global function definition for ‘optim’
    OptimizeScalNM: no visible global function definition for ‘runif’
    OptimizeWeights: no visible global function definition for ‘optim’
    TrainIBHM: no visible global function definition for ‘enableJIT’
    ValidationSC : <anonymous>: no visible global function definition for
     ‘predict’
    group.by.samplesPerDim: no visible global function definition for ‘sd’
    summary.IBHM: no visible global function definition for ‘predict’
    summary.IBHM: no visible global function definition for ‘sd’
    summary.IBHM: no visible global function definition for ‘cor’
    Undefined global functions or variables:
     cor dnorm enableJIT optim predict relist runif sd
    Consider adding
     importFrom("stats", "cor", "dnorm", "optim", "predict", "runif", "sd")
     importFrom("utils", "relist")
    to your NAMESPACE file.
Flavors: r-devel-linux-x86_64-debian-clang, r-devel-linux-x86_64-debian-gcc, r-devel-windows-ix86+x86_64, r-patched-linux-x86_64, r-patched-solaris-sparc, r-patched-solaris-x86, r-release-linux-x86_64, r-release-osx-x86_64-mavericks, r-release-windows-ix86+x86_64

Version: 1.1-11
Flags: --no-stop-on-test-error
Check: dependencies in R code
Result: NOTE
    Package in Depends field not imported from: ‘compiler’
     These packages need to be imported from (in the NAMESPACE file)
     for when this namespace is loaded but not attached.
Flavors: r-devel-linux-x86_64-fedora-clang, r-devel-linux-x86_64-fedora-gcc, r-devel-macos-x86_64-clang

Version: 1.1-11
Flags: --no-stop-on-test-error
Check: S3 generic/method consistency
Result: NOTE
    Found the following apparent S3 methods exported but not registered:
     length.IBHM predict.IBHM print.summary.IBHM summary.IBHM
    See section ‘Registering S3 methods’ in the ‘Writing R Extensions’
    manual.
Flavors: r-devel-linux-x86_64-fedora-clang, r-devel-linux-x86_64-fedora-gcc, r-devel-macos-x86_64-clang

Version: 1.1-11
Flags: --no-stop-on-test-error
Check: R code for possible problems
Result: NOTE
    ConfigureIBHM : <anonymous>: no visible global function definition for
     ‘dnorm’
    FindActiv: no visible global function definition for ‘sd’
    OptimizeActivCMAES: no visible global function definition for ‘runif’
    OptimizeActivNM: no visible global function definition for ‘optim’
    OptimizeActivNM: no visible global function definition for ‘runif’
    OptimizeAllParams : goal: no visible global function definition for
     ‘relist’
    OptimizeAllParams: no visible global function definition for ‘optim’
    OptimizeAllParams: no visible global function definition for ‘relist’
    OptimizeAllWeights: no visible global function definition for ‘optim’
    OptimizeScalCMAES: no visible global function definition for ‘runif’
    OptimizeScalNM: no visible global function definition for ‘optim’
    OptimizeScalNM: no visible global function definition for ‘runif’
    OptimizeWeights: no visible global function definition for ‘optim’
    TrainIBHM: no visible global function definition for ‘enableJIT’
    ValidationSC : <anonymous>: no visible global function definition for
     ‘predict’
    group.by.samplesPerDim: no visible global function definition for ‘sd’
    summary.IBHM: no visible global function definition for ‘predict’
    summary.IBHM: no visible global function definition for ‘sd’
    summary.IBHM: no visible global function definition for ‘cor’
    Undefined global functions or variables:
     cor dnorm enableJIT optim predict relist runif sd
    Consider adding
     importFrom("stats", "cor", "dnorm", "optim", "predict", "runif", "sd")
     importFrom("utils", "relist")
    to your NAMESPACE file.
Flavors: r-devel-linux-x86_64-fedora-clang, r-devel-linux-x86_64-fedora-gcc, r-devel-macos-x86_64-clang

Version: 1.1-11
Check: R code for possible problems
Result: NOTE
    TrainIBHM: no visible global function definition for 'enableJIT'
Flavor: r-oldrel-windows-ix86+x86_64