CRAN Package Check Results for Package IBHM

Last updated on 2015-04-28 03:47:21.

Flavor Version Tinstall Tcheck Ttotal Status Flags
r-devel-linux-x86_64-debian-clang 1.1-11 8.22 82.26 90.48 NOTE
r-devel-linux-x86_64-debian-gcc 1.1-11 9.18 80.52 89.69 NOTE
r-devel-linux-x86_64-fedora-clang 1.1-11 176.44 NOTE
r-devel-linux-x86_64-fedora-gcc 1.1-11 163.38 NOTE
r-devel-osx-x86_64-clang 1.1-11 145.42 NOTE
r-devel-windows-ix86+x86_64 1.1-11 30.00 229.00 259.00 NOTE
r-patched-linux-x86_64 1.1-11 9.28 82.48 91.76 NOTE
r-patched-solaris-sparc 1.1-11 1601.40 NOTE
r-patched-solaris-x86 1.1-11 202.30 NOTE
r-release-linux-x86_64 1.1-11 9.17 80.48 89.65 NOTE
r-release-osx-x86_64-mavericks 1.1-11 NOTE
r-release-osx-x86_64-snowleopard 1.1-11 NOTE
r-release-windows-ix86+x86_64 1.1-11 40.00 260.00 300.00 NOTE
r-oldrel-windows-ix86+x86_64 1.1-11 32.00 315.00 347.00 NOTE

Check Details

Version: 1.1-11
Check: dependencies in R code
Result: NOTE
    Package in Depends field not imported from: ‘compiler’
     These packages need to be imported from (in the NAMESPACE file)
     for when this namespace is loaded but not attached.
Flavors: r-devel-linux-x86_64-debian-clang, r-devel-linux-x86_64-debian-gcc, r-devel-linux-x86_64-fedora-clang, r-devel-linux-x86_64-fedora-gcc, r-devel-osx-x86_64-clang, r-devel-windows-ix86+x86_64, r-patched-solaris-sparc, r-patched-solaris-x86, r-release-linux-x86_64, r-release-osx-x86_64-mavericks, r-release-osx-x86_64-snowleopard, r-release-windows-ix86+x86_64, r-oldrel-windows-ix86+x86_64

Version: 1.1-11
Check: S3 generic/method consistency
Result: NOTE
    Found the following apparent S3 methods exported but not registered:
     length.IBHM predict.IBHM print.summary.IBHM summary.IBHM
    See section ‘Registering S3 methods’ in the ‘Writing R Extensions’
    manual.
Flavors: r-devel-linux-x86_64-debian-clang, r-devel-linux-x86_64-debian-gcc, r-devel-linux-x86_64-fedora-clang, r-devel-linux-x86_64-fedora-gcc, r-devel-osx-x86_64-clang, r-patched-solaris-x86, r-release-linux-x86_64

Version: 1.1-11
Check: R code for possible problems
Result: NOTE
    TrainIBHM: no visible global function definition for ‘enableJIT’
Flavors: r-devel-linux-x86_64-debian-clang, r-devel-linux-x86_64-debian-gcc, r-devel-linux-x86_64-fedora-clang, r-devel-linux-x86_64-fedora-gcc, r-devel-osx-x86_64-clang, r-devel-windows-ix86+x86_64, r-patched-solaris-sparc, r-patched-solaris-x86, r-release-linux-x86_64, r-release-osx-x86_64-mavericks, r-release-osx-x86_64-snowleopard, r-release-windows-ix86+x86_64, r-oldrel-windows-ix86+x86_64