CRAN Package Check Results for Package IBHM

Last updated on 2014-10-31 20:48:11.

Flavor Version Tinstall Tcheck Ttotal Status Flags
r-devel-linux-x86_64-debian-clang 1.1-11 7.78 81.84 89.62 NOTE
r-devel-linux-x86_64-debian-gcc 1.1-11 9.08 83.01 92.08 NOTE
r-devel-linux-x86_64-fedora-clang 1.1-11 188.03 NOTE
r-devel-linux-x86_64-fedora-gcc 1.1-11 179.44 NOTE
r-devel-osx-x86_64-clang 1.1-11 147.55 NOTE
r-devel-windows-ix86+x86_64 1.1-11 33.00 228.00 261.00 NOTE
r-patched-linux-x86_64 1.1-11 9.26 86.67 95.92 NOTE
r-patched-solaris-sparc 1.1-11 1630.30 NOTE
r-patched-solaris-x86 1.1-11 219.70 NOTE
r-release-linux-ix86 1.1-11 11.94 131.54 143.48 OK
r-release-linux-x86_64 1.1-11 9.18 88.04 97.22 OK
r-release-osx-x86_64-mavericks 1.1-11 OK
r-release-osx-x86_64-snowleopard 1.1-11 OK
r-release-windows-ix86+x86_64 1.1-11 34.00 274.00 308.00 OK
r-oldrel-windows-ix86+x86_64 1.1-11 36.00 275.00 311.00 OK

Check Details

Version: 1.1-11
Check: dependencies in R code
Result: NOTE
    Package in Depends field not imported from: ‘compiler’
     These packages need to be imported from (in the NAMESPACE file)
     for when this namespace is loaded but not attached.
    See the information on DESCRIPTION files in the chapter ‘Creating R
    packages’ of the ‘Writing R Extensions’ manual.
Flavors: r-devel-linux-x86_64-debian-clang, r-devel-linux-x86_64-debian-gcc, r-devel-linux-x86_64-fedora-clang, r-devel-linux-x86_64-fedora-gcc, r-devel-osx-x86_64-clang, r-devel-windows-ix86+x86_64, r-patched-linux-x86_64, r-patched-solaris-sparc, r-patched-solaris-x86

Version: 1.1-11
Check: R code for possible problems
Result: NOTE
    TrainIBHM: no visible global function definition for ‘enableJIT’
Flavors: r-devel-linux-x86_64-debian-clang, r-devel-linux-x86_64-debian-gcc, r-devel-linux-x86_64-fedora-clang, r-devel-linux-x86_64-fedora-gcc, r-devel-osx-x86_64-clang, r-devel-windows-ix86+x86_64, r-patched-linux-x86_64, r-patched-solaris-sparc, r-patched-solaris-x86