CRAN Package Check Results for Package IBHM

Last updated on 2015-09-02 11:48:27.

Flavor Version Tinstall Tcheck Ttotal Status Flags
r-devel-linux-x86_64-debian-clang 1.1-11 8.18 85.92 94.09 NOTE
r-devel-linux-x86_64-debian-gcc 1.1-11 9.24 78.59 87.84 NOTE
r-devel-linux-x86_64-fedora-clang 1.1-11 170.62 NOTE
r-devel-linux-x86_64-fedora-gcc 1.1-11 160.79 NOTE
r-devel-osx-x86_64-clang 1.1-11 142.93 NOTE
r-devel-windows-ix86+x86_64 1.1-11 44.00 304.00 348.00 WARN
r-patched-linux-x86_64 1.1-11 9.29 80.92 90.21 NOTE
r-patched-solaris-sparc 1.1-11 1580.60 NOTE
r-patched-solaris-x86 1.1-11 199.40 NOTE
r-release-linux-x86_64 1.1-11 9.24 80.50 89.74 NOTE
r-release-osx-x86_64-mavericks 1.1-11 NOTE
r-release-windows-ix86+x86_64 1.1-11 44.00 299.00 343.00 NOTE
r-oldrel-windows-ix86+x86_64 1.1-11 48.00 326.00 374.00 NOTE

Check Details

Version: 1.1-11
Check: dependencies in R code
Result: NOTE
    Package in Depends field not imported from: ‘compiler’
     These packages need to be imported from (in the NAMESPACE file)
     for when this namespace is loaded but not attached.
Flavors: r-devel-linux-x86_64-debian-clang, r-devel-linux-x86_64-debian-gcc, r-devel-linux-x86_64-fedora-clang, r-devel-linux-x86_64-fedora-gcc, r-devel-osx-x86_64-clang, r-devel-windows-ix86+x86_64, r-patched-linux-x86_64, r-patched-solaris-sparc, r-patched-solaris-x86, r-release-linux-x86_64, r-release-osx-x86_64-mavericks, r-release-windows-ix86+x86_64, r-oldrel-windows-ix86+x86_64

Version: 1.1-11
Check: S3 generic/method consistency
Result: NOTE
    Found the following apparent S3 methods exported but not registered:
     length.IBHM predict.IBHM print.summary.IBHM summary.IBHM
    See section ‘Registering S3 methods’ in the ‘Writing R Extensions’
    manual.
Flavors: r-devel-linux-x86_64-debian-clang, r-devel-linux-x86_64-debian-gcc, r-devel-linux-x86_64-fedora-clang, r-devel-linux-x86_64-fedora-gcc, r-devel-osx-x86_64-clang, r-patched-linux-x86_64, r-patched-solaris-sparc, r-patched-solaris-x86, r-release-linux-x86_64

Version: 1.1-11
Check: R code for possible problems
Result: NOTE
    ConfigureIBHM : <anonymous>: no visible global function definition for
     ‘dnorm’
    CreateContext: no visible binding for global variable ‘ScalEvaluator’
    FindActiv: no visible global function definition for ‘sd’
    OptimizeActivCMAES: no visible global function definition for ‘runif’
    OptimizeActivNM: no visible global function definition for ‘optim’
    OptimizeActivNM: no visible global function definition for ‘runif’
    OptimizeAllParams : goal: no visible global function definition for
     ‘relist’
    OptimizeAllParams: no visible global function definition for ‘optim’
    OptimizeAllParams: no visible global function definition for ‘relist’
    OptimizeAllWeights: no visible global function definition for ‘optim’
    OptimizeScalCMAES: no visible global function definition for ‘runif’
    OptimizeScalNM: no visible global function definition for ‘optim’
    OptimizeScalNM: no visible global function definition for ‘runif’
    OptimizeWeights: no visible global function definition for ‘optim’
    TrainIBHM: no visible global function definition for ‘enableJIT’
    ValidationSC : <anonymous>: no visible global function definition for
     ‘predict’
    group.by.samplesPerDim: no visible global function definition for ‘sd’
    summary.IBHM: no visible global function definition for ‘predict’
    summary.IBHM: no visible global function definition for ‘sd’
    summary.IBHM: no visible global function definition for ‘cor’
    Undefined global functions or variables:
     ScalEvaluator cor dnorm enableJIT optim predict relist runif sd
    Consider adding
     importFrom("stats", "cor", "dnorm", "optim", "predict", "runif", "sd")
     importFrom("utils", "relist")
    to your NAMESPACE.
Flavors: r-devel-linux-x86_64-debian-clang, r-devel-linux-x86_64-debian-gcc, r-devel-linux-x86_64-fedora-clang, r-devel-linux-x86_64-fedora-gcc

Version: 1.1-11
Check: R code for possible problems
Result: NOTE
    TrainIBHM: no visible global function definition for ‘enableJIT’
    Undefined global functions or variables:
     enableJIT
Flavor: r-devel-osx-x86_64-clang

Version: 1.1-11
Check: whether the namespace can be loaded with stated dependencies
Result: WARN
    
    This application has requested the Runtime to terminate it in an unusual way.
    Please contact the application's support team for more information.
    terminate called after throwing an instance of 'Rcpp::eval_error'
     what(): could not find function "new"
    
    A namespace must be able to be loaded with just the base namespace
    loaded: otherwise if the namespace gets loaded by a saved object, the
    session will be unable to start.
    
    Probably some imports need to be declared in the NAMESPACE file.
Flavors: r-devel-windows-ix86+x86_64, r-devel-windows-ix86+x86_64

Version: 1.1-11
Check: R code for possible problems
Result: NOTE
    
    This application has requested the Runtime to terminate it in an unusual way.
    Please contact the application's support team for more information.
    terminate called after throwing an instance of 'Rcpp::eval_error'
     what(): could not find function "new"
Flavor: r-devel-windows-ix86+x86_64

Version: 1.1-11
Check: R code for possible problems
Result: NOTE
    TrainIBHM: no visible global function definition for ‘enableJIT’
Flavors: r-patched-linux-x86_64, r-patched-solaris-sparc, r-patched-solaris-x86, r-release-linux-x86_64, r-release-osx-x86_64-mavericks, r-release-windows-ix86+x86_64, r-oldrel-windows-ix86+x86_64