CRAN Package Check Results for Package IBHM

Last updated on 2014-09-01 11:48:56.

Flavor Version Tinstall Tcheck Ttotal Status Flags
r-devel-linux-x86_64-debian-clang 1.1-11 7.34 87.20 94.54 NOTE
r-devel-linux-x86_64-debian-gcc 1.1-11 9.06 99.46 108.52 NOTE
r-devel-linux-x86_64-fedora-clang 1.1-11 186.76 NOTE
r-devel-linux-x86_64-fedora-gcc 1.1-11 179.45 NOTE
r-devel-osx-x86_64-clang 1.1-11 145.45 NOTE
r-devel-windows-ix86+x86_64 1.1-11 33.00 260.00 293.00 NOTE
r-patched-linux-x86_64 1.1-11 10.26 104.17 114.42 NOTE
r-patched-solaris-sparc 1.1-11 1686.90 NOTE
r-patched-solaris-x86 1.1-11 215.00 NOTE
r-release-linux-ix86 1.1-11 11.86 131.31 143.17 OK
r-release-linux-x86_64 1.1-11 9.28 107.36 116.64 OK
r-release-osx-x86_64-mavericks 1.1-11 OK
r-release-osx-x86_64-snowleopard 1.1-11 OK
r-release-windows-ix86+x86_64 1.1-11 35.00 341.00 376.00 OK
r-oldrel-windows-ix86+x86_64 1.1-11 45.00 267.00 312.00 OK

Check Details

Version: 1.1-11
Check: dependencies in R code
Result: NOTE
    Package in Depends field not imported from: ‘compiler’
     These packages need to be imported from (in the NAMESPACE file)
     for when this namespace is loaded but not attached.
    See the information on DESCRIPTION files in the chapter ‘Creating R
    packages’ of the ‘Writing R Extensions’ manual.
Flavors: r-devel-linux-x86_64-debian-clang, r-devel-linux-x86_64-debian-gcc, r-devel-linux-x86_64-fedora-clang, r-devel-linux-x86_64-fedora-gcc, r-devel-osx-x86_64-clang, r-devel-windows-ix86+x86_64, r-patched-linux-x86_64, r-patched-solaris-sparc, r-patched-solaris-x86

Version: 1.1-11
Check: R code for possible problems
Result: NOTE
    TrainIBHM: no visible global function definition for ‘enableJIT’
Flavors: r-devel-linux-x86_64-debian-clang, r-devel-linux-x86_64-debian-gcc, r-devel-linux-x86_64-fedora-clang, r-devel-linux-x86_64-fedora-gcc, r-devel-osx-x86_64-clang, r-devel-windows-ix86+x86_64