CRAN Package Check Results for Package IBHM

Last updated on 2014-11-23 17:49:29.

Flavor Version Tinstall Tcheck Ttotal Status Flags
r-devel-linux-x86_64-debian-clang 1.1-11 7.76 81.81 89.56 NOTE
r-devel-linux-x86_64-debian-gcc 1.1-11 9.16 82.34 91.50 NOTE
r-devel-linux-x86_64-fedora-clang 1.1-11 195.45 NOTE
r-devel-linux-x86_64-fedora-gcc 1.1-11 181.44 NOTE
r-devel-osx-x86_64-clang 1.1-11 150.84 NOTE
r-devel-windows-ix86+x86_64 1.1-11 33.00 264.00 297.00 NOTE
r-patched-linux-x86_64 1.1-11 9.42 86.75 96.17 NOTE
r-patched-solaris-sparc 1.1-11 1630.30 NOTE
r-patched-solaris-x86 1.1-11 216.20 NOTE
r-release-linux-ix86 1.1-11 11.88 123.95 135.83 NOTE
r-release-linux-x86_64 1.1-11 9.78 87.78 97.56 NOTE
r-release-osx-x86_64-mavericks 1.1-11 OK
r-release-osx-x86_64-snowleopard 1.1-11 OK
r-release-windows-ix86+x86_64 1.1-11 32.00 285.00 317.00 NOTE
r-oldrel-windows-ix86+x86_64 1.1-11 35.00 254.00 289.00 OK

Check Details

Version: 1.1-11
Check: dependencies in R code
Result: NOTE
    Package in Depends field not imported from: ‘compiler’
     These packages need to be imported from (in the NAMESPACE file)
     for when this namespace is loaded but not attached.
    See the information on DESCRIPTION files in the chapter ‘Creating R
    packages’ of the ‘Writing R Extensions’ manual.
Flavors: r-devel-linux-x86_64-debian-clang, r-devel-linux-x86_64-debian-gcc, r-devel-linux-x86_64-fedora-clang, r-devel-linux-x86_64-fedora-gcc, r-devel-osx-x86_64-clang, r-devel-windows-ix86+x86_64, r-patched-linux-x86_64, r-patched-solaris-sparc, r-patched-solaris-x86, r-release-linux-ix86, r-release-linux-x86_64, r-release-windows-ix86+x86_64

Version: 1.1-11
Check: R code for possible problems
Result: NOTE
    TrainIBHM: no visible global function definition for ‘enableJIT’
Flavors: r-devel-linux-x86_64-debian-clang, r-devel-linux-x86_64-debian-gcc, r-devel-linux-x86_64-fedora-clang, r-devel-linux-x86_64-fedora-gcc, r-devel-osx-x86_64-clang, r-devel-windows-ix86+x86_64, r-patched-linux-x86_64, r-patched-solaris-sparc, r-patched-solaris-x86, r-release-linux-ix86, r-release-linux-x86_64, r-release-windows-ix86+x86_64