CRAN Package Check Results for Package IBHM

Last updated on 2017-04-27 10:48:26.

Flavor Version Tinstall Tcheck Ttotal Status Flags
r-devel-linux-x86_64-debian-clang 1.1-11 10.44 104.78 115.22 NOTE
r-devel-linux-x86_64-debian-gcc 1.1-11 10.50 82.62 93.12 NOTE
r-devel-linux-x86_64-fedora-clang 1.1-11 219.25 NOTE --no-stop-on-test-error
r-devel-linux-x86_64-fedora-gcc 1.1-11 176.20 NOTE --no-stop-on-test-error
r-devel-windows-ix86+x86_64 1.1-11 42.00 325.00 367.00 NOTE
r-patched-linux-x86_64 1.1-11 9.30 83.22 92.52 NOTE
r-patched-solaris-sparc 1.1-11 1588.30 NOTE
r-patched-solaris-x86 1.1-11 202.00 NOTE
r-release-linux-x86_64 1.1-11 9.25 85.21 94.46 NOTE
r-release-windows-ix86+x86_64 1.1-11 39.00 270.00 309.00 NOTE
r-release-osx-x86_64 1.1-11 NOTE
r-oldrel-windows-ix86+x86_64 1.1-11 41.00 315.00 356.00 NOTE
r-oldrel-osx-x86_64 1.1-11 NOTE

Check Details

Version: 1.1-11
Check: dependencies in R code
Result: NOTE
    Package in Depends field not imported from: ‘compiler’
     These packages need to be imported from (in the NAMESPACE file)
     for when this namespace is loaded but not attached.
Flavors: r-devel-linux-x86_64-debian-clang, r-devel-linux-x86_64-debian-gcc, r-devel-windows-ix86+x86_64, r-patched-linux-x86_64, r-patched-solaris-sparc, r-patched-solaris-x86, r-release-linux-x86_64, r-release-windows-ix86+x86_64, r-release-osx-x86_64, r-oldrel-windows-ix86+x86_64, r-oldrel-osx-x86_64

Version: 1.1-11
Check: S3 generic/method consistency
Result: NOTE
    Found the following apparent S3 methods exported but not registered:
     length.IBHM predict.IBHM print.summary.IBHM summary.IBHM
    See section ‘Registering S3 methods’ in the ‘Writing R Extensions’
    manual.
Flavors: r-devel-linux-x86_64-debian-clang, r-devel-linux-x86_64-debian-gcc, r-patched-linux-x86_64, r-patched-solaris-sparc, r-patched-solaris-x86, r-release-linux-x86_64

Version: 1.1-11
Check: R code for possible problems
Result: NOTE
    ConfigureIBHM : <anonymous>: no visible global function definition for
     ‘dnorm’
    FindActiv: no visible global function definition for ‘sd’
    OptimizeActivCMAES: no visible global function definition for ‘runif’
    OptimizeActivNM: no visible global function definition for ‘optim’
    OptimizeActivNM: no visible global function definition for ‘runif’
    OptimizeAllParams : goal: no visible global function definition for
     ‘relist’
    OptimizeAllParams: no visible global function definition for ‘optim’
    OptimizeAllParams: no visible global function definition for ‘relist’
    OptimizeAllWeights: no visible global function definition for ‘optim’
    OptimizeScalCMAES: no visible global function definition for ‘runif’
    OptimizeScalNM: no visible global function definition for ‘optim’
    OptimizeScalNM: no visible global function definition for ‘runif’
    OptimizeWeights: no visible global function definition for ‘optim’
    TrainIBHM: no visible global function definition for ‘enableJIT’
    ValidationSC : <anonymous>: no visible global function definition for
     ‘predict’
    group.by.samplesPerDim: no visible global function definition for ‘sd’
    summary.IBHM: no visible global function definition for ‘predict’
    summary.IBHM: no visible global function definition for ‘sd’
    summary.IBHM: no visible global function definition for ‘cor’
    Undefined global functions or variables:
     cor dnorm enableJIT optim predict relist runif sd
    Consider adding
     importFrom("stats", "cor", "dnorm", "optim", "predict", "runif", "sd")
     importFrom("utils", "relist")
    to your NAMESPACE file.
Flavors: r-devel-linux-x86_64-debian-clang, r-devel-linux-x86_64-debian-gcc, r-devel-windows-ix86+x86_64, r-patched-linux-x86_64, r-patched-solaris-sparc, r-patched-solaris-x86, r-release-linux-x86_64, r-release-windows-ix86+x86_64, r-release-osx-x86_64, r-oldrel-windows-ix86+x86_64, r-oldrel-osx-x86_64

Version: 1.1-11
Check: compiled code
Result: NOTE
    File ‘IBHM/libs/IBHM.so’:
     Found no calls to: ‘R_registerRoutines’, ‘R_useDynamicSymbols’
    
    It is good practice to register native routines and to disable symbol
    search.
    
    See ‘Writing portable packages’ in the ‘Writing R Extensions’ manual.
Flavors: r-devel-linux-x86_64-debian-clang, r-devel-linux-x86_64-debian-gcc, r-patched-linux-x86_64, r-release-linux-x86_64

Version: 1.1-11
Flags: --no-stop-on-test-error
Check: dependencies in R code
Result: NOTE
    Package in Depends field not imported from: ‘compiler’
     These packages need to be imported from (in the NAMESPACE file)
     for when this namespace is loaded but not attached.
Flavors: r-devel-linux-x86_64-fedora-clang, r-devel-linux-x86_64-fedora-gcc

Version: 1.1-11
Flags: --no-stop-on-test-error
Check: S3 generic/method consistency
Result: NOTE
    Found the following apparent S3 methods exported but not registered:
     length.IBHM predict.IBHM print.summary.IBHM summary.IBHM
    See section ‘Registering S3 methods’ in the ‘Writing R Extensions’
    manual.
Flavors: r-devel-linux-x86_64-fedora-clang, r-devel-linux-x86_64-fedora-gcc

Version: 1.1-11
Flags: --no-stop-on-test-error
Check: R code for possible problems
Result: NOTE
    ConfigureIBHM : <anonymous>: no visible global function definition for
     ‘dnorm’
    FindActiv: no visible global function definition for ‘sd’
    OptimizeActivCMAES: no visible global function definition for ‘runif’
    OptimizeActivNM: no visible global function definition for ‘optim’
    OptimizeActivNM: no visible global function definition for ‘runif’
    OptimizeAllParams : goal: no visible global function definition for
     ‘relist’
    OptimizeAllParams: no visible global function definition for ‘optim’
    OptimizeAllParams: no visible global function definition for ‘relist’
    OptimizeAllWeights: no visible global function definition for ‘optim’
    OptimizeScalCMAES: no visible global function definition for ‘runif’
    OptimizeScalNM: no visible global function definition for ‘optim’
    OptimizeScalNM: no visible global function definition for ‘runif’
    OptimizeWeights: no visible global function definition for ‘optim’
    TrainIBHM: no visible global function definition for ‘enableJIT’
    ValidationSC : <anonymous>: no visible global function definition for
     ‘predict’
    group.by.samplesPerDim: no visible global function definition for ‘sd’
    summary.IBHM: no visible global function definition for ‘predict’
    summary.IBHM: no visible global function definition for ‘sd’
    summary.IBHM: no visible global function definition for ‘cor’
    Undefined global functions or variables:
     cor dnorm enableJIT optim predict relist runif sd
    Consider adding
     importFrom("stats", "cor", "dnorm", "optim", "predict", "runif", "sd")
     importFrom("utils", "relist")
    to your NAMESPACE file.
Flavors: r-devel-linux-x86_64-fedora-clang, r-devel-linux-x86_64-fedora-gcc

Version: 1.1-11
Flags: --no-stop-on-test-error
Check: compiled code
Result: NOTE
    File ‘IBHM/libs/IBHM.so’:
     Found no calls to: ‘R_registerRoutines’, ‘R_useDynamicSymbols’
    
    It is good practice to register native routines and to disable symbol
    search.
    
    See ‘Writing portable packages’ in the ‘Writing R Extensions’ manual.
Flavors: r-devel-linux-x86_64-fedora-clang, r-devel-linux-x86_64-fedora-gcc