CRAN Package Check Results for Package IC2

Last updated on 2015-07-06 23:47:48.

Flavor Version Tinstall Tcheck Ttotal Status Flags
r-devel-linux-x86_64-debian-clang 1.0-1 0.56 10.74 11.30 NOTE
r-devel-linux-x86_64-debian-gcc 1.0-1 0.59 10.54 11.13 NOTE
r-devel-linux-x86_64-fedora-clang 1.0-1 21.23 NOTE
r-devel-linux-x86_64-fedora-gcc 1.0-1 19.68 NOTE
r-devel-osx-x86_64-clang 1.0-1 22.47 NOTE
r-devel-windows-ix86+x86_64 1.0-1 3.00 19.00 22.00 NOTE
r-patched-linux-x86_64 1.0-1 0.58 11.04 11.63 NOTE
r-patched-solaris-sparc 1.0-1 131.00 NOTE
r-patched-solaris-x86 1.0-1 31.70 NOTE
r-release-linux-x86_64 1.0-1 0.57 10.94 11.51 NOTE
r-release-osx-x86_64-mavericks 1.0-1 NOTE
r-release-windows-ix86+x86_64 1.0-1 3.00 19.00 22.00 NOTE
r-oldrel-windows-ix86+x86_64 1.0-1 4.00 23.00 27.00 OK

Check Details

Version: 1.0-1
Check: DESCRIPTION meta-information
Result: NOTE
    Malformed Description field: should contain one or more complete sentences.
Flavors: r-devel-linux-x86_64-debian-clang, r-devel-linux-x86_64-debian-gcc, r-devel-linux-x86_64-fedora-clang, r-devel-linux-x86_64-fedora-gcc, r-devel-osx-x86_64-clang, r-devel-windows-ix86+x86_64, r-patched-linux-x86_64, r-patched-solaris-sparc, r-patched-solaris-x86, r-release-linux-x86_64, r-release-osx-x86_64-mavericks, r-release-windows-ix86+x86_64

Version: 1.0-1
Check: R code for possible problems
Result: NOTE
    calcAtkinson: no visible global function definition for
     ‘complete.cases’
    calcAtkinson: no visible global function definition for ‘weighted.mean’
    calcConc: no visible global function definition for ‘complete.cases’
    calcConc: no visible global function definition for ‘weighted.mean’
    calcConc: no visible global function definition for ‘coef’
    calcConc: no visible global function definition for ‘lm’
    calcGEI: no visible global function definition for ‘complete.cases’
    calcGEI: no visible global function definition for ‘weighted.mean’
    calcTheil0: no visible global function definition for ‘weighted.mean’
    calcTheil1: no visible global function definition for ‘weighted.mean’
    curveLoCo: no visible global function definition for ‘complete.cases’
    curveLoCo: no visible global function definition for ‘weighted.mean’
    curveLoCo: no visible global function definition for ‘plot’
    curveLoCo: no visible global function definition for ‘abline’
    curveLoCo: no visible global function definition for ‘lines’
    decompAtkinson: no visible global function definition for
     ‘complete.cases’
    decompAtkinson: no visible global function definition for
     ‘weighted.mean’
    decompAtkinson : <anonymous>: no visible global function definition for
     ‘weighted.mean’
    decompGEI: no visible global function definition for ‘complete.cases’
    decompGEI: no visible global function definition for ‘weighted.mean’
    decompGEI : <anonymous>: no visible global function definition for
     ‘weighted.mean’
    decompSGini: no visible global function definition for ‘complete.cases’
    decompSGini: no visible global function definition for ‘weighted.mean’
    decompSGini : <anonymous>: no visible global function definition for
     ‘weighted.mean’
    decompSGini: no visible global function definition for ‘coef’
    decompSGini: no visible global function definition for ‘lm’
    Undefined global functions or variables:
     abline coef complete.cases lines lm plot weighted.mean
Flavors: r-devel-linux-x86_64-debian-clang, r-devel-linux-x86_64-debian-gcc, r-devel-linux-x86_64-fedora-clang, r-devel-linux-x86_64-fedora-gcc, r-devel-windows-ix86+x86_64

Version: 1.0-1
Check: Rd line widths
Result: NOTE
    Rd file 'curveConcent.Rd':
     \examples lines wider than 100 characters:
     curveConcent(x=hhbudgets[, "transporte"], y=hhbudgets[,"ingreso"], w=hhbudgets[,"factor"], col="red", xlab="Ranking by income")
     curveConcent(x=hhbudgets[, "mantenimiento"], y=hhbudgets[,"ingreso"], w=hhbudgets[,"factor"], col="blue", add=TRUE)
     curveConcent(x=hhbudgets[, "publico"], y=hhbudgets[,"ingreso"], w=hhbudgets[,"factor"], col="green", add=TRUE)
     legend("topleft", legend = c("All transport", "Private: Maintenance and repair", "Public transport"), col=c("red", "blue", "green"), lt ... [TRUNCATED]
    
    Rd file 'decompAtkinson.Rd':
     \examples lines wider than 100 characters:
     summary(decompAtkinson(x=hhbudgets[,"transporte"], z=hhbudgets[,"tenencia"], w=hhbudgets[,"factor"], decomp="DP", ELMO=FALSE))
     summary(decompAtkinson(x=hhbudgets[,"transporte"], z=hhbudgets[,"tenencia"], w=hhbudgets[,"factor"], decomp="DP", epsilon=0.25))
    
    Rd file 'decompGEI.Rd':
     \examples lines wider than 100 characters:
     summary(decompGEI(x=hhbudgets[,"transporte"], z=hhbudgets[,"tenencia"], w=hhbudgets[,"factor"], alpha=1.5))
    
    Rd file 'decompSGini.Rd':
     \examples lines wider than 100 characters:
     decompSGini(x=hhbudgets[,"transporte"], z=hhbudgets[,"estructura"], w=hhbudgets[,"factor"], decomp="YL", ELMO=FALSE)
     summary(decompSGini(x=hhbudgets[,"transporte"], z=hhbudgets[,"tenencia"], w=hhbudgets[,"factor"], param=1.5))
    
    These lines will be truncated in the PDF manual.
Flavors: r-devel-linux-x86_64-debian-clang, r-devel-linux-x86_64-debian-gcc, r-devel-linux-x86_64-fedora-clang, r-devel-linux-x86_64-fedora-gcc, r-patched-linux-x86_64, r-release-linux-x86_64