CRAN Package Check Results for Package IC2

Last updated on 2015-03-27 19:48:26.

Flavor Version Tinstall Tcheck Ttotal Status Flags
r-devel-linux-x86_64-debian-clang 1.0-1 0.60 11.67 12.27 NOTE
r-devel-linux-x86_64-debian-gcc 1.0-1 0.59 10.85 11.44 NOTE
r-devel-linux-x86_64-fedora-clang 1.0-1 22.48 NOTE
r-devel-linux-x86_64-fedora-gcc 1.0-1 21.32 NOTE
r-devel-osx-x86_64-clang 1.0-1 30.66 NOTE
r-prerel-windows-ix86+x86_64 1.0-1 3.00 19.00 22.00 NOTE
r-prerel-linux-x86_64 1.0-1 0.58 11.04 11.62 NOTE
r-prerel-solaris-sparc 1.0-1 154.50 NOTE
r-prerel-solaris-x86 1.0-1 31.00 NOTE
r-release-linux-x86_64 1.0-1 0.84 12.01 12.86 NOTE
r-release-osx-x86_64-mavericks 1.0-1 OK
r-release-windows-ix86+x86_64 1.0-1 4.00 23.00 27.00 OK
r-oldrel-windows-ix86+x86_64 1.0-1 2.00 19.00 21.00 OK

Check Details

Version: 1.0-1
Check: DESCRIPTION meta-information
Result: NOTE
    Malformed Description field: should contain one or more complete sentences.
Flavors: r-devel-linux-x86_64-debian-clang, r-devel-linux-x86_64-debian-gcc, r-devel-linux-x86_64-fedora-clang, r-devel-linux-x86_64-fedora-gcc, r-devel-osx-x86_64-clang, r-prerel-windows-ix86+x86_64, r-prerel-linux-x86_64, r-prerel-solaris-sparc, r-prerel-solaris-x86

Version: 1.0-1
Check: Rd line widths
Result: NOTE
    Rd file 'curveConcent.Rd':
     \examples lines wider than 100 characters:
     curveConcent(x=hhbudgets[, "transporte"], y=hhbudgets[,"ingreso"], w=hhbudgets[,"factor"], col="red", xlab="Ranking by income")
     curveConcent(x=hhbudgets[, "mantenimiento"], y=hhbudgets[,"ingreso"], w=hhbudgets[,"factor"], col="blue", add=TRUE)
     curveConcent(x=hhbudgets[, "publico"], y=hhbudgets[,"ingreso"], w=hhbudgets[,"factor"], col="green", add=TRUE)
     legend("topleft", legend = c("All transport", "Private: Maintenance and repair", "Public transport"), col=c("red", "blue", "green"), lt ... [TRUNCATED]
    
    Rd file 'decompAtkinson.Rd':
     \examples lines wider than 100 characters:
     summary(decompAtkinson(x=hhbudgets[,"transporte"], z=hhbudgets[,"tenencia"], w=hhbudgets[,"factor"], decomp="DP", ELMO=FALSE))
     summary(decompAtkinson(x=hhbudgets[,"transporte"], z=hhbudgets[,"tenencia"], w=hhbudgets[,"factor"], decomp="DP", epsilon=0.25))
    
    Rd file 'decompGEI.Rd':
     \examples lines wider than 100 characters:
     summary(decompGEI(x=hhbudgets[,"transporte"], z=hhbudgets[,"tenencia"], w=hhbudgets[,"factor"], alpha=1.5))
    
    Rd file 'decompSGini.Rd':
     \examples lines wider than 100 characters:
     decompSGini(x=hhbudgets[,"transporte"], z=hhbudgets[,"estructura"], w=hhbudgets[,"factor"], decomp="YL", ELMO=FALSE)
     summary(decompSGini(x=hhbudgets[,"transporte"], z=hhbudgets[,"tenencia"], w=hhbudgets[,"factor"], param=1.5))
    
    These lines will be truncated in the PDF manual.
Flavors: r-devel-linux-x86_64-debian-clang, r-devel-linux-x86_64-debian-gcc, r-devel-linux-x86_64-fedora-clang, r-devel-linux-x86_64-fedora-gcc, r-prerel-linux-x86_64, r-release-linux-x86_64