CRAN Package Check Results for Package IC2

Last updated on 2014-10-02 11:48:08.

Flavor Version Tinstall Tcheck Ttotal Status Flags
r-devel-linux-x86_64-debian-clang 1.0-1 0.72 11.09 11.81 NOTE
r-devel-linux-x86_64-debian-gcc 1.0-1 0.62 10.98 11.59 NOTE
r-devel-linux-x86_64-fedora-clang 1.0-1 23.12 NOTE
r-devel-linux-x86_64-fedora-gcc 1.0-1 26.38 NOTE
r-devel-osx-x86_64-clang 1.0-1 25.06 OK
r-devel-windows-ix86+x86_64 1.0-1 3.00 18.00 21.00 OK
r-patched-linux-x86_64 1.0-1 0.65 11.45 12.10 NOTE
r-patched-solaris-sparc 1.0-1 130.70 OK
r-patched-solaris-x86 1.0-1 33.40 OK
r-release-linux-ix86 1.0-1 0.94 16.82 17.76 OK
r-release-linux-x86_64 1.0-1 0.62 11.40 12.02 NOTE
r-release-osx-x86_64-mavericks 1.0-1 OK
r-release-windows-ix86+x86_64 1.0-1 4.00 20.00 24.00 OK
r-oldrel-windows-ix86+x86_64 1.0-1 2.00 19.00 21.00 OK

Check Details

Version: 1.0-1
Check: Rd line widths
Result: NOTE
    Rd file 'curveConcent.Rd':
     \examples lines wider than 100 characters:
     curveConcent(x=hhbudgets[, "transporte"], y=hhbudgets[,"ingreso"], w=hhbudgets[,"factor"], col="red", xlab="Ranking by income")
     curveConcent(x=hhbudgets[, "mantenimiento"], y=hhbudgets[,"ingreso"], w=hhbudgets[,"factor"], col="blue", add=TRUE)
     curveConcent(x=hhbudgets[, "publico"], y=hhbudgets[,"ingreso"], w=hhbudgets[,"factor"], col="green", add=TRUE)
     legend("topleft", legend = c("All transport", "Private: Maintenance and repair", "Public transport"), col=c("red", "blue", "green"), lt ... [TRUNCATED]
    
    Rd file 'decompAtkinson.Rd':
     \examples lines wider than 100 characters:
     summary(decompAtkinson(x=hhbudgets[,"transporte"], z=hhbudgets[,"tenencia"], w=hhbudgets[,"factor"], decomp="DP", ELMO=FALSE))
     summary(decompAtkinson(x=hhbudgets[,"transporte"], z=hhbudgets[,"tenencia"], w=hhbudgets[,"factor"], decomp="DP", epsilon=0.25))
    
    Rd file 'decompGEI.Rd':
     \examples lines wider than 100 characters:
     summary(decompGEI(x=hhbudgets[,"transporte"], z=hhbudgets[,"tenencia"], w=hhbudgets[,"factor"], alpha=1.5))
    
    Rd file 'decompSGini.Rd':
     \examples lines wider than 100 characters:
     decompSGini(x=hhbudgets[,"transporte"], z=hhbudgets[,"estructura"], w=hhbudgets[,"factor"], decomp="YL", ELMO=FALSE)
     summary(decompSGini(x=hhbudgets[,"transporte"], z=hhbudgets[,"tenencia"], w=hhbudgets[,"factor"], param=1.5))
    
    These lines will be truncated in the PDF manual.
Flavors: r-devel-linux-x86_64-debian-clang, r-devel-linux-x86_64-debian-gcc, r-devel-linux-x86_64-fedora-clang, r-devel-linux-x86_64-fedora-gcc, r-patched-linux-x86_64, r-release-linux-x86_64