CRAN Package Check Results for Package ICAOD

Last updated on 2022-08-12 06:49:22 CEST.

Flavor Version Tinstall Tcheck Ttotal Status Flags
r-devel-linux-x86_64-debian-clang 1.0.1 148.08 132.52 280.60 NOTE
r-devel-linux-x86_64-debian-gcc 1.0.1 110.31 94.50 204.81 NOTE
r-devel-linux-x86_64-fedora-clang 1.0.1 403.90 NOTE
r-devel-linux-x86_64-fedora-gcc 1.0.1 363.05 NOTE
r-devel-windows-x86_64 1.0.1 137.00 176.00 313.00 NOTE
r-patched-linux-x86_64 1.0.1 115.78 122.24 238.02 NOTE
r-release-linux-x86_64 1.0.1 117.58 117.78 235.36 NOTE
r-release-macos-arm64 1.0.1 79.00 NOTE
r-release-macos-x86_64 1.0.1 132.00 NOTE
r-release-windows-x86_64 1.0.1 131.00 170.00 301.00 NOTE
r-oldrel-macos-arm64 1.0.1 93.00 NOTE
r-oldrel-macos-x86_64 1.0.1 117.00 NOTE
r-oldrel-windows-ix86+x86_64 1.0.1 346.00 225.00 571.00 NOTE

Check Details

Version: 1.0.1
Check: LazyData
Result: NOTE
     'LazyData' is specified without a 'data' directory
Flavors: r-devel-linux-x86_64-debian-clang, r-devel-linux-x86_64-debian-gcc, r-devel-linux-x86_64-fedora-clang, r-devel-linux-x86_64-fedora-gcc, r-devel-windows-x86_64, r-patched-linux-x86_64, r-release-linux-x86_64, r-release-macos-arm64, r-release-macos-x86_64, r-release-windows-x86_64, r-oldrel-macos-arm64, r-oldrel-macos-x86_64, r-oldrel-windows-ix86+x86_64

Version: 1.0.1
Check: installed package size
Result: NOTE
     installed size is 7.0Mb
     sub-directories of 1Mb or more:
     libs 6.2Mb
Flavors: r-release-macos-arm64, r-release-macos-x86_64, r-oldrel-macos-arm64, r-oldrel-macos-x86_64