CRAN Package Check Results for Package ICC

Last updated on 2015-06-29 23:46:55.

Flavor Version Tinstall Tcheck Ttotal Status Flags
r-devel-linux-x86_64-debian-clang 2.3.0 0.56 9.08 9.65 NOTE
r-devel-linux-x86_64-debian-gcc 2.3.0 0.50 8.68 9.18 NOTE
r-devel-linux-x86_64-fedora-clang 2.3.0 18.09 OK
r-devel-linux-x86_64-fedora-gcc 2.3.0 16.71 OK
r-devel-osx-x86_64-clang 2.3.0 19.11 OK
r-devel-windows-ix86+x86_64 2.3.0 4.00 16.00 20.00 OK
r-patched-linux-x86_64 2.3.0 0.56 9.66 10.21 OK
r-patched-solaris-sparc 2.3.0 98.20 OK
r-patched-solaris-x86 2.3.0 27.80 OK
r-release-linux-x86_64 2.3.0 0.56 9.11 9.67 OK
r-release-osx-x86_64-mavericks 2.3.0 OK
r-release-windows-ix86+x86_64 2.3.0 4.00 22.00 26.00 OK
r-oldrel-windows-ix86+x86_64 2.3.0 4.00 23.00 27.00 OK

Check Details

Version: 2.3.0
Check: R code for possible problems
Result: NOTE
    ICCbare: no visible global function definition for ‘na.omit’
    ICCbare: no visible global function definition for ‘formula’
    ICCbare: no visible global function definition for ‘replications’
    ICCbare: no visible global function definition for ‘aggregate’
    ICCbare: no visible global function definition for ‘anova’
    ICCbare: no visible global function definition for ‘aov’
    ICCbareF: no visible global function definition for ‘aggregate’
    ICCest: no visible global function definition for ‘na.omit’
    ICCest: no visible global function definition for ‘anova’
    ICCest: no visible global function definition for ‘aov’
    ICCest: no visible global function definition for ‘aggregate’
    ICCest: no visible global function definition for ‘qf’
    ICCest: no visible global function definition for ‘qnorm’
    Nest: no visible global function definition for ‘qnorm’
    effort : CIW: no visible global function definition for ‘qf’
    effort: no visible global function definition for ‘plot’
    effort: no visible global function definition for ‘axis’
    effort: no visible global function definition for ‘lines’
    effort: no visible global function definition for ‘legend’
Flavors: r-devel-linux-x86_64-debian-clang, r-devel-linux-x86_64-debian-gcc