CRAN Package Check Results for Package ICC

Last updated on 2015-09-04 08:50:34.

Flavor Version Tinstall Tcheck Ttotal Status Flags
r-devel-linux-x86_64-debian-clang 2.3.0 0.52 8.84 9.36 NOTE
r-devel-linux-x86_64-debian-gcc 2.3.0 0.48 9.08 9.56 NOTE
r-devel-linux-x86_64-fedora-clang 2.3.0 18.10 NOTE
r-devel-linux-x86_64-fedora-gcc 2.3.0 16.08 NOTE
r-devel-osx-x86_64-clang 2.3.0 17.92 OK
r-devel-windows-ix86+x86_64 2.3.0 3.00 18.00 21.00 NOTE
r-patched-linux-x86_64 2.3.0 0.56 9.33 9.89 OK
r-patched-solaris-sparc 2.3.0 113.20 OK
r-patched-solaris-x86 2.3.0 26.30 OK
r-release-linux-x86_64 2.3.0 0.59 9.52 10.11 OK
r-release-osx-x86_64-mavericks 2.3.0 OK
r-release-windows-ix86+x86_64 2.3.0 3.00 24.00 27.00 OK
r-oldrel-windows-ix86+x86_64 2.3.0 4.00 23.00 27.00 OK

Check Details

Version: 2.3.0
Check: R code for possible problems
Result: NOTE
    ICCbare: no visible global function definition for ‘na.omit’
    ICCbare: no visible global function definition for ‘formula’
    ICCbare: no visible global function definition for ‘replications’
    ICCbare: no visible global function definition for ‘aggregate’
    ICCbare: no visible global function definition for ‘anova’
    ICCbare: no visible global function definition for ‘aov’
    ICCbareF: no visible global function definition for ‘aggregate’
    ICCest: no visible global function definition for ‘na.omit’
    ICCest: no visible global function definition for ‘anova’
    ICCest: no visible global function definition for ‘aov’
    ICCest: no visible global function definition for ‘aggregate’
    ICCest: no visible global function definition for ‘qf’
    ICCest: no visible global function definition for ‘qnorm’
    Nest: no visible global function definition for ‘qnorm’
    effort : CIW: no visible global function definition for ‘qf’
    effort: no visible global function definition for ‘plot’
    effort: no visible global function definition for ‘axis’
    effort: no visible global function definition for ‘lines’
    effort: no visible global function definition for ‘legend’
    Undefined global functions or variables:
     aggregate anova aov axis formula legend lines na.omit plot qf qnorm
     replications
    Consider adding
     importFrom("graphics", "axis", "legend", "lines", "plot")
     importFrom("stats", "aggregate", "anova", "aov", "formula", "na.omit",
     "qf", "qnorm", "replications")
    to your NAMESPACE.
Flavors: r-devel-linux-x86_64-debian-clang, r-devel-linux-x86_64-debian-gcc, r-devel-linux-x86_64-fedora-clang, r-devel-linux-x86_64-fedora-gcc, r-devel-windows-ix86+x86_64