CRAN Package Check Results for Package ICDS

Last updated on 2020-09-24 06:54:05 CEST.

Flavor Version Tinstall Tcheck Ttotal Status Flags
r-devel-linux-x86_64-debian-clang 0.1.1 23.81 215.24 239.05 OK
r-devel-linux-x86_64-debian-gcc 0.1.1 16.50 158.56 175.06 OK
r-devel-linux-x86_64-fedora-clang 0.1.1 306.58 OK
r-devel-linux-x86_64-fedora-gcc 0.1.1 293.41 OK
r-devel-windows-ix86+x86_64 0.1.1 50.00 269.00 319.00 OK
r-patched-linux-x86_64 0.1.1 18.97 198.73 217.70 OK
r-patched-solaris-x86 0.1.1 395.20 OK
r-release-linux-x86_64 0.1.1 21.22 198.06 219.28 OK
r-release-macos-x86_64 0.1.1 OK
r-release-windows-ix86+x86_64 0.1.1 62.00 248.00 310.00 OK
r-oldrel-macos-x86_64 0.1.1 ERROR
r-oldrel-windows-ix86+x86_64 0.1.1 27.00 231.00 258.00 OK

Check Details

Version: 0.1.1
Check: package dependencies
Result: ERROR
    Package required but not available: ‘org.Hs.eg.db’
    
    See section ‘The DESCRIPTION file’ in the ‘Writing R Extensions’
    manual.
Flavor: r-oldrel-macos-x86_64