CRAN Package Check Results for Package ICE

Last updated on 2015-04-18 11:25:34.

Flavor Version Tinstall Tcheck Ttotal Status Flags
r-devel-linux-x86_64-debian-clang 0.69 0.92 10.83 11.76 NOTE
r-devel-linux-x86_64-debian-gcc 0.69 0.97 10.84 11.81 NOTE
r-devel-linux-x86_64-fedora-clang 0.69 22.41 NOTE
r-devel-linux-x86_64-fedora-gcc 0.69 23.15 NOTE
r-devel-osx-x86_64-clang 0.69 27.02 NOTE
r-patched-linux-x86_64 0.69 0.94 10.82 11.75 NOTE
r-patched-solaris-sparc 0.69 147.30 NOTE
r-patched-solaris-x86 0.69 32.30 NOTE
r-release-linux-x86_64 0.69 0.89 10.78 11.67 NOTE
r-release-osx-x86_64-mavericks 0.69 NOTE
r-release-osx-x86_64-snowleopard 0.69 NOTE
r-release-windows-ix86+x86_64 0.69 5.00 32.00 37.00 NOTE
r-oldrel-windows-ix86+x86_64 0.69 5.00 31.00 36.00 NOTE

Check Details

Version: 0.69
Check: DESCRIPTION meta-information
Result: NOTE
    Malformed Description field: should contain one or more complete sentences.
Flavors: r-devel-linux-x86_64-debian-clang, r-devel-linux-x86_64-debian-gcc, r-devel-linux-x86_64-fedora-clang, r-devel-linux-x86_64-fedora-gcc, r-devel-osx-x86_64-clang, r-patched-linux-x86_64, r-patched-solaris-sparc, r-patched-solaris-x86, r-release-linux-x86_64

Version: 0.69
Check: dependencies in R code
Result: NOTE
    'library' or 'require' call to ‘KernSmooth’ which was already attached by Depends.
     Please remove these calls from your code.
Flavors: r-devel-linux-x86_64-debian-clang, r-devel-linux-x86_64-debian-gcc, r-devel-linux-x86_64-fedora-clang, r-devel-linux-x86_64-fedora-gcc, r-devel-osx-x86_64-clang, r-patched-linux-x86_64, r-patched-solaris-sparc, r-patched-solaris-x86, r-release-linux-x86_64, r-release-windows-ix86+x86_64

Version: 0.69
Check: Rd line widths
Result: NOTE
    Rd file 'ickde.Rd':
     \usage lines wider than 90 characters:
     ickde(I, h, f, m, n.iterations = 10, x1, xm, right.limit = 10000,kernel="gaussian", old=TRUE)
    
    These lines will be truncated in the PDF manual.
Flavors: r-devel-linux-x86_64-debian-clang, r-devel-linux-x86_64-debian-gcc, r-devel-linux-x86_64-fedora-clang, r-devel-linux-x86_64-fedora-gcc, r-patched-linux-x86_64, r-release-linux-x86_64

Version: 0.69
Check: dependencies in R code
Result: NOTE
    'library' or 'require' call to ‘KernSmooth’ which was already attached by Depends.
     Please remove these calls from your code.
    See the information on DESCRIPTION files in the chapter ‘Creating R
    packages’ of the ‘Writing R Extensions’ manual.
Flavors: r-release-osx-x86_64-mavericks, r-release-osx-x86_64-snowleopard, r-oldrel-windows-ix86+x86_64