CRAN Package Check Results for Package ICE

Last updated on 2014-12-18 23:47:51.

Flavor Version Tinstall Tcheck Ttotal Status Flags
r-devel-linux-x86_64-debian-clang 0.69 0.93 11.64 12.58 NOTE
r-devel-linux-x86_64-debian-gcc 0.69 0.96 11.54 12.50 NOTE
r-devel-linux-x86_64-fedora-clang 0.69 25.83 NOTE
r-devel-linux-x86_64-fedora-gcc 0.69 24.69 NOTE
r-devel-osx-x86_64-clang 0.69 28.54 NOTE
r-devel-windows-ix86+x86_64 0.69 8.00 24.00 32.00 NOTE
r-patched-linux-x86_64 0.69 1.01 11.76 12.78 NOTE
r-patched-solaris-sparc 0.69 140.50 NOTE
r-patched-solaris-x86 0.69 38.10 NOTE
r-release-linux-ix86 0.69 1.37 17.63 19.00 NOTE
r-release-linux-x86_64 0.69 0.95 11.57 12.52 NOTE
r-release-osx-x86_64-mavericks 0.69 NOTE
r-release-osx-x86_64-snowleopard 0.69 NOTE
r-release-windows-ix86+x86_64 0.69 6.00 25.00 31.00 NOTE
r-oldrel-windows-ix86+x86_64 0.69 5.00 24.00 29.00 NOTE

Check Details

Version: 0.69
Check: dependencies in R code
Result: NOTE
    'library' or 'require' call to ‘KernSmooth’ which was already attached by Depends.
     Please remove these calls from your code.
    See the information on DESCRIPTION files in the chapter ‘Creating R
    packages’ of the ‘Writing R Extensions’ manual.
Flavors: r-devel-linux-x86_64-debian-clang, r-devel-linux-x86_64-debian-gcc, r-devel-linux-x86_64-fedora-clang, r-devel-linux-x86_64-fedora-gcc, r-devel-osx-x86_64-clang, r-devel-windows-ix86+x86_64, r-patched-linux-x86_64, r-patched-solaris-sparc, r-patched-solaris-x86, r-release-linux-ix86, r-release-linux-x86_64, r-release-osx-x86_64-mavericks, r-release-osx-x86_64-snowleopard, r-release-windows-ix86+x86_64, r-oldrel-windows-ix86+x86_64

Version: 0.69
Check: Rd line widths
Result: NOTE
    Rd file 'ickde.Rd':
     \usage lines wider than 90 characters:
     ickde(I, h, f, m, n.iterations = 10, x1, xm, right.limit = 10000,kernel="gaussian", old=TRUE)
    
    These lines will be truncated in the PDF manual.
Flavors: r-devel-linux-x86_64-debian-clang, r-devel-linux-x86_64-debian-gcc, r-devel-linux-x86_64-fedora-clang, r-devel-linux-x86_64-fedora-gcc, r-patched-linux-x86_64, r-release-linux-x86_64