CRAN Package Check Results for Package ICE

Last updated on 2016-02-12 21:47:34.

Flavor Version Tinstall Tcheck Ttotal Status Flags
r-devel-linux-x86_64-debian-gcc 0.69 0.86 9.79 10.65 NOTE
r-devel-linux-x86_64-fedora-clang 0.69 18.91 NOTE
r-devel-linux-x86_64-fedora-gcc 0.69 18.03 NOTE
r-devel-osx-x86_64-clang 0.69 22.84 NOTE
r-devel-windows-ix86+x86_64 0.69 8.00 38.00 46.00 NOTE
r-patched-linux-x86_64 0.69 0.96 10.59 11.55 NOTE
r-patched-solaris-sparc 0.69 126.80 NOTE
r-patched-solaris-x86 0.69 29.40 NOTE
r-release-linux-x86_64 0.69 1.00 10.54 11.54 NOTE
r-release-osx-x86_64-mavericks 0.69 NOTE
r-release-windows-ix86+x86_64 0.69 7.00 39.00 46.00 NOTE
r-oldrel-windows-ix86+x86_64 0.69 9.00 29.00 38.00 NOTE

Check Details

Version: 0.69
Check: DESCRIPTION meta-information
Result: NOTE
    Malformed Description field: should contain one or more complete sentences.
Flavors: r-devel-linux-x86_64-debian-gcc, r-devel-linux-x86_64-fedora-clang, r-devel-linux-x86_64-fedora-gcc, r-devel-osx-x86_64-clang, r-devel-windows-ix86+x86_64, r-patched-linux-x86_64, r-patched-solaris-sparc, r-patched-solaris-x86, r-release-linux-x86_64, r-release-osx-x86_64-mavericks, r-release-windows-ix86+x86_64

Version: 0.69
Check: dependencies in R code
Result: NOTE
    'library' or 'require' call to ‘KernSmooth’ which was already attached by Depends.
     Please remove these calls from your code.
Flavors: r-devel-linux-x86_64-debian-gcc, r-devel-linux-x86_64-fedora-clang, r-devel-linux-x86_64-fedora-gcc, r-devel-osx-x86_64-clang, r-devel-windows-ix86+x86_64, r-patched-linux-x86_64, r-patched-solaris-sparc, r-patched-solaris-x86, r-release-linux-x86_64, r-release-osx-x86_64-mavericks, r-release-windows-ix86+x86_64, r-oldrel-windows-ix86+x86_64

Version: 0.69
Check: R code for possible problems
Result: NOTE
    bickde: no visible global function definition for ‘optimize’
    iclocpoly: no visible global function definition for ‘approx’
    iclocpoly: no visible global function definition for ‘sd’
    iclocpoly: no visible global function definition for ‘dnorm’
    iclocpoly: no visible global function definition for ‘pnorm’
    iclocpoly: no visible global function definition for ‘var’
    inmost: no visible global function definition for ‘stack’
    Undefined global functions or variables:
     approx dnorm optimize pnorm sd stack var
    Consider adding
     importFrom("stats", "approx", "dnorm", "optimize", "pnorm", "sd",
     "var")
     importFrom("utils", "stack")
    to your NAMESPACE file.
Flavors: r-devel-linux-x86_64-debian-gcc, r-devel-linux-x86_64-fedora-clang, r-devel-linux-x86_64-fedora-gcc, r-devel-osx-x86_64-clang, r-devel-windows-ix86+x86_64

Version: 0.69
Check: Rd line widths
Result: NOTE
    Rd file 'ickde.Rd':
     \usage lines wider than 90 characters:
     ickde(I, h, f, m, n.iterations = 10, x1, xm, right.limit = 10000,kernel="gaussian", old=TRUE)
    
    These lines will be truncated in the PDF manual.
Flavors: r-devel-linux-x86_64-debian-gcc, r-devel-linux-x86_64-fedora-clang, r-devel-linux-x86_64-fedora-gcc, r-patched-linux-x86_64, r-release-linux-x86_64