CRAN Package Check Results for Package ICE

Last updated on 2017-03-25 15:47:50.

Flavor Version Tinstall Tcheck Ttotal Status Flags
r-devel-linux-x86_64-debian-clang 0.69 1.06 13.37 14.43 NOTE
r-devel-linux-x86_64-debian-gcc 0.69 1.00 13.67 14.67 NOTE
r-devel-linux-x86_64-fedora-clang 0.69 23.41 NOTE --no-stop-on-test-error
r-devel-linux-x86_64-fedora-gcc 0.69 22.54 NOTE --no-stop-on-test-error
r-devel-macos-x86_64-clang 0.69 20.80 NOTE --no-stop-on-test-error
r-devel-windows-ix86+x86_64 0.69 6.00 119.00 125.00 NOTE
r-patched-linux-x86_64 0.69 1.00 13.64 14.64 NOTE
r-patched-solaris-sparc 0.69 141.40 NOTE
r-patched-solaris-x86 0.69 33.90 NOTE
r-release-linux-x86_64 0.69 0.91 11.60 12.51 NOTE
r-release-osx-x86_64-mavericks 0.69 NOTE
r-release-windows-ix86+x86_64 0.69 11.00 34.00 45.00 NOTE
r-oldrel-windows-ix86+x86_64 0.69 6.00 42.00 48.00 NOTE

Check Details

Version: 0.69
Check: DESCRIPTION meta-information
Result: NOTE
    Malformed Description field: should contain one or more complete sentences.
Flavors: r-devel-linux-x86_64-debian-clang, r-devel-linux-x86_64-debian-gcc, r-devel-windows-ix86+x86_64, r-patched-linux-x86_64, r-patched-solaris-sparc, r-patched-solaris-x86, r-release-linux-x86_64, r-release-osx-x86_64-mavericks, r-release-windows-ix86+x86_64, r-oldrel-windows-ix86+x86_64

Version: 0.69
Check: dependencies in R code
Result: NOTE
    'library' or 'require' call to ‘KernSmooth’ which was already attached by Depends.
     Please remove these calls from your code.
Flavors: r-devel-linux-x86_64-debian-clang, r-devel-linux-x86_64-debian-gcc, r-devel-windows-ix86+x86_64, r-patched-linux-x86_64, r-patched-solaris-sparc, r-patched-solaris-x86, r-release-linux-x86_64, r-release-osx-x86_64-mavericks, r-release-windows-ix86+x86_64, r-oldrel-windows-ix86+x86_64

Version: 0.69
Check: R code for possible problems
Result: NOTE
    bickde: no visible global function definition for ‘optimize’
    iclocpoly: no visible global function definition for ‘approx’
    iclocpoly: no visible global function definition for ‘sd’
    iclocpoly: no visible global function definition for ‘dnorm’
    iclocpoly: no visible global function definition for ‘pnorm’
    iclocpoly: no visible global function definition for ‘var’
    inmost: no visible global function definition for ‘stack’
    Undefined global functions or variables:
     approx dnorm optimize pnorm sd stack var
    Consider adding
     importFrom("stats", "approx", "dnorm", "optimize", "pnorm", "sd",
     "var")
     importFrom("utils", "stack")
    to your NAMESPACE file.
Flavors: r-devel-linux-x86_64-debian-clang, r-devel-linux-x86_64-debian-gcc, r-devel-windows-ix86+x86_64, r-patched-linux-x86_64, r-patched-solaris-sparc, r-patched-solaris-x86, r-release-linux-x86_64, r-release-osx-x86_64-mavericks, r-release-windows-ix86+x86_64

Version: 0.69
Check: Rd line widths
Result: NOTE
    Rd file 'ickde.Rd':
     \usage lines wider than 90 characters:
     ickde(I, h, f, m, n.iterations = 10, x1, xm, right.limit = 10000,kernel="gaussian", old=TRUE)
    
    These lines will be truncated in the PDF manual.
Flavors: r-devel-linux-x86_64-debian-clang, r-devel-linux-x86_64-debian-gcc, r-patched-linux-x86_64, r-release-linux-x86_64

Version: 0.69
Check: compiled code
Result: NOTE
    File ‘ICE/libs/ICE.so’:
     Found no calls to: ‘R_registerRoutines’, ‘R_useDynamicSymbols’
    
    It is good practice to register native routines and to disable symbol
    search.
    
    See ‘Writing portable packages’ in the ‘Writing R Extensions’ manual.
Flavors: r-devel-linux-x86_64-debian-clang, r-devel-linux-x86_64-debian-gcc, r-patched-linux-x86_64

Version: 0.69
Flags: --no-stop-on-test-error
Check: DESCRIPTION meta-information
Result: NOTE
    Malformed Description field: should contain one or more complete sentences.
Flavors: r-devel-linux-x86_64-fedora-clang, r-devel-linux-x86_64-fedora-gcc, r-devel-macos-x86_64-clang

Version: 0.69
Flags: --no-stop-on-test-error
Check: dependencies in R code
Result: NOTE
    'library' or 'require' call to ‘KernSmooth’ which was already attached by Depends.
     Please remove these calls from your code.
Flavors: r-devel-linux-x86_64-fedora-clang, r-devel-linux-x86_64-fedora-gcc, r-devel-macos-x86_64-clang

Version: 0.69
Flags: --no-stop-on-test-error
Check: R code for possible problems
Result: NOTE
    bickde: no visible global function definition for ‘optimize’
    iclocpoly: no visible global function definition for ‘approx’
    iclocpoly: no visible global function definition for ‘sd’
    iclocpoly: no visible global function definition for ‘dnorm’
    iclocpoly: no visible global function definition for ‘pnorm’
    iclocpoly: no visible global function definition for ‘var’
    inmost: no visible global function definition for ‘stack’
    Undefined global functions or variables:
     approx dnorm optimize pnorm sd stack var
    Consider adding
     importFrom("stats", "approx", "dnorm", "optimize", "pnorm", "sd",
     "var")
     importFrom("utils", "stack")
    to your NAMESPACE file.
Flavors: r-devel-linux-x86_64-fedora-clang, r-devel-linux-x86_64-fedora-gcc, r-devel-macos-x86_64-clang

Version: 0.69
Flags: --no-stop-on-test-error
Check: Rd line widths
Result: NOTE
    Rd file 'ickde.Rd':
     \usage lines wider than 90 characters:
     ickde(I, h, f, m, n.iterations = 10, x1, xm, right.limit = 10000,kernel="gaussian", old=TRUE)
    
    These lines will be truncated in the PDF manual.
Flavors: r-devel-linux-x86_64-fedora-clang, r-devel-linux-x86_64-fedora-gcc

Version: 0.69
Flags: --no-stop-on-test-error
Check: compiled code
Result: NOTE
    File ‘ICE/libs/ICE.so’:
     Found no calls to: ‘R_registerRoutines’, ‘R_useDynamicSymbols’
    
    It is good practice to register native routines and to disable symbol
    search.
    
    See ‘Writing portable packages’ in the ‘Writing R Extensions’ manual.
Flavors: r-devel-linux-x86_64-fedora-clang, r-devel-linux-x86_64-fedora-gcc, r-devel-macos-x86_64-clang