CRAN Package Check Results for Package ICE

Last updated on 2014-04-25 05:47:17.

Flavor Version Tinstall Tcheck Ttotal Status Flags
r-devel-linux-x86_64-debian-clang 0.69 0.99 11.16 12.16 NOTE
r-devel-linux-x86_64-debian-gcc 0.69 0.97 11.08 12.05 NOTE
r-devel-linux-x86_64-fedora-clang 0.69 23.00 NOTE
r-devel-linux-x86_64-fedora-gcc 0.69 22.04 NOTE
r-devel-osx-x86_64-clang 0.69 25.63 NOTE
r-devel-osx-x86_64-gcc 0.69 NOTE
r-devel-windows-ix86+x86_64 0.69 4.00 24.00 28.00 NOTE
r-patched-linux-x86_64 0.69 0.95 11.53 12.48 NOTE
r-patched-solaris-sparc 0.69 135.50 NOTE
r-patched-solaris-x86 0.69 36.30 NOTE
r-release-linux-ix86 0.69 2.00 25.00 27.00 NOTE
r-release-linux-x86_64 0.69 0.97 11.28 12.25 NOTE
r-release-osx-x86_64-mavericks 0.69 WARN
r-release-osx-x86_64-snowleopard 0.69 NOTE
r-release-windows-ix86+x86_64 0.69 4.00 23.00 27.00 NOTE
r-oldrel-windows-ix86+x86_64 0.69 5.00 26.00 31.00 NOTE

Check Details

Version: 0.69
Check: dependencies in R code
Result: NOTE
    'library' or 'require' call to ‘KernSmooth’ which was already attached by Depends.
     Please remove these calls from your code.
    See the information on DESCRIPTION files in the chapter ‘Creating R
    packages’ of the ‘Writing R Extensions’ manual.
Flavors: r-devel-linux-x86_64-debian-clang, r-devel-linux-x86_64-debian-gcc, r-devel-linux-x86_64-fedora-clang, r-devel-linux-x86_64-fedora-gcc, r-devel-osx-x86_64-clang, r-devel-osx-x86_64-gcc, r-devel-windows-ix86+x86_64, r-patched-linux-x86_64, r-patched-solaris-sparc, r-patched-solaris-x86, r-release-linux-ix86, r-release-linux-x86_64, r-release-osx-x86_64-mavericks, r-release-osx-x86_64-snowleopard, r-release-windows-ix86+x86_64, r-oldrel-windows-ix86+x86_64

Version: 0.69
Check: Rd line widths
Result: NOTE
    Rd file 'ickde.Rd':
     \usage lines wider than 90 characters:
     ickde(I, h, f, m, n.iterations = 10, x1, xm, right.limit = 10000,kernel="gaussian", old=TRUE)
    
    These lines will be truncated in the PDF manual.
Flavors: r-devel-linux-x86_64-fedora-clang, r-devel-linux-x86_64-fedora-gcc

Version: 0.69
Check: PDF version of manual
Result: WARNING
    LaTeX errors when creating PDF version.
    This typically indicates Rd problems.
    LaTeX errors found:
    ! LaTeX Error: File `upquote.sty' not found.
    
    Type X to quit or <RETURN> to proceed,
    or enter new name. (Default extension: sty)
    
    bca0d53/Rd2.tex:8: ==> Fatal error occurred, no output PDF file produced!
Flavor: r-release-osx-x86_64-mavericks