CRAN Package Check Results for Package ICEinfer

Last updated on 2015-05-23 15:47:17.

Flavor Version Tinstall Tcheck Ttotal Status Flags
r-devel-linux-x86_64-debian-clang 1.0-1 0.83 39.32 40.15 NOTE
r-devel-linux-x86_64-debian-gcc 1.0-1 0.82 38.83 39.65 NOTE
r-devel-linux-x86_64-fedora-clang 1.0-1 84.50 NOTE
r-devel-linux-x86_64-fedora-gcc 1.0-1 79.36 NOTE
r-devel-osx-x86_64-clang 1.0-1 67.70 NOTE
r-devel-windows-ix86+x86_64 1.0-1 3.00 64.00 67.00 NOTE
r-patched-linux-x86_64 1.0-1 0.85 37.90 38.75 NOTE
r-patched-solaris-sparc 1.0-1 531.70 NOTE
r-patched-solaris-x86 1.0-1 90.70 NOTE
r-release-linux-x86_64 1.0-1 0.82 38.47 39.30 NOTE
r-release-osx-x86_64-mavericks 1.0-1 NOTE
r-release-osx-x86_64-snowleopard 1.0-1 NOTE
r-release-windows-ix86+x86_64 1.0-1 3.00 66.00 69.00 NOTE
r-oldrel-windows-ix86+x86_64 1.0-1 4.00 90.00 94.00 NOTE

Check Details

Version: 1.0-1
Check: dependencies in R code
Result: NOTE
    Package in Depends field not imported from: ‘lattice’
     These packages need to be imported from (in the NAMESPACE file)
     for when this namespace is loaded but not attached.
Flavors: r-devel-linux-x86_64-debian-clang, r-devel-linux-x86_64-debian-gcc, r-devel-linux-x86_64-fedora-clang, r-devel-linux-x86_64-fedora-gcc, r-devel-osx-x86_64-clang, r-devel-windows-ix86+x86_64, r-patched-linux-x86_64, r-patched-solaris-sparc, r-patched-solaris-x86, r-release-linux-x86_64, r-release-osx-x86_64-mavericks, r-release-osx-x86_64-snowleopard, r-release-windows-ix86+x86_64, r-oldrel-windows-ix86+x86_64

Version: 1.0-1
Check: S3 generic/method consistency
Result: NOTE
    Found the following apparent S3 methods exported but not registered:
     plot.ICEalice plot.ICEcolor plot.ICEepmap plot.ICEuncrt plot.ICEwedge
     print.ICEalice print.ICEcolor print.ICEepmap print.ICEscale
     print.ICEuncrt print.ICEwedge
    See section ‘Registering S3 methods’ in the ‘Writing R Extensions’
    manual.
Flavors: r-devel-linux-x86_64-debian-clang, r-devel-linux-x86_64-debian-gcc, r-devel-linux-x86_64-fedora-clang, r-devel-linux-x86_64-fedora-gcc, r-devel-osx-x86_64-clang, r-patched-linux-x86_64, r-patched-solaris-sparc, r-patched-solaris-x86, r-release-linux-x86_64

Version: 1.0-1
Check: R code for possible problems
Result: NOTE
    plot.ICEepmap: no visible global function definition for ‘contourplot’
Flavors: r-devel-linux-x86_64-debian-clang, r-devel-linux-x86_64-debian-gcc, r-devel-linux-x86_64-fedora-clang, r-devel-linux-x86_64-fedora-gcc, r-devel-osx-x86_64-clang, r-devel-windows-ix86+x86_64, r-patched-linux-x86_64, r-patched-solaris-sparc, r-patched-solaris-x86, r-release-linux-x86_64, r-release-osx-x86_64-mavericks, r-release-osx-x86_64-snowleopard, r-release-windows-ix86+x86_64, r-oldrel-windows-ix86+x86_64