CRAN Package Check Results for Package ICEinfer

Last updated on 2014-07-22 15:51:51.

Flavor Version Tinstall Tcheck Ttotal Status Flags
r-devel-linux-x86_64-debian-clang 1.0-1 0.87 41.99 42.86 NOTE
r-devel-linux-x86_64-debian-gcc 1.0-1 0.85 38.22 39.07 NOTE
r-devel-linux-x86_64-fedora-clang 1.0-1 96.12 NOTE
r-devel-linux-x86_64-fedora-gcc 1.0-1 91.68 NOTE
r-devel-osx-x86_64-clang 1.0-1 69.97 NOTE
r-devel-windows-ix86+x86_64 1.0-1 3.00 60.00 63.00 NOTE
r-patched-linux-x86_64 1.0-1 0.90 40.79 41.69 NOTE
r-patched-solaris-sparc 1.0-1 538.40 NOTE
r-patched-solaris-x86 1.0-1 108.30 NOTE
r-release-linux-ix86 1.0-1 1.30 53.22 54.53 NOTE
r-release-linux-x86_64 1.0-1 0.94 41.39 42.34 NOTE
r-release-osx-x86_64-mavericks 1.0-1 NOTE
r-release-osx-x86_64-snowleopard 1.0-1 NOTE
r-release-windows-ix86+x86_64 1.0-1 3.00 66.00 69.00 NOTE
r-oldrel-windows-ix86+x86_64 1.0-1 3.00 77.00 80.00 NOTE

Check Details

Version: 1.0-1
Check: dependencies in R code
Result: NOTE
    Package in Depends field not imported from: ‘lattice’
     These packages need to be imported from (in the NAMESPACE file)
     for when this namespace is loaded but not attached.
    See the information on DESCRIPTION files in the chapter ‘Creating R
    packages’ of the ‘Writing R Extensions’ manual.
Flavors: r-devel-linux-x86_64-debian-clang, r-devel-linux-x86_64-debian-gcc, r-devel-linux-x86_64-fedora-clang, r-devel-linux-x86_64-fedora-gcc, r-devel-osx-x86_64-clang, r-devel-windows-ix86+x86_64, r-patched-linux-x86_64, r-patched-solaris-sparc, r-patched-solaris-x86, r-release-linux-ix86, r-release-linux-x86_64, r-release-osx-x86_64-mavericks, r-release-windows-ix86+x86_64, r-oldrel-windows-ix86+x86_64

Version: 1.0-1
Check: dependencies in R code
Result: NOTE
    Package in Depends field not imported from: ‘lattice’
     These packages need to be imported from for the case when
     this namespace is loaded but not attached.
    See the information on DESCRIPTION files in the chapter ‘Creating R
    packages’ of the ‘Writing R Extensions’ manual.
Flavor: r-release-osx-x86_64-snowleopard