CRAN Package Check Results for Package ICEinfer

Last updated on 2015-04-01 23:49:15.

Flavor Version Tinstall Tcheck Ttotal Status Flags
r-devel-linux-x86_64-debian-clang 1.0-1 1.17 38.72 39.89 NOTE
r-devel-linux-x86_64-debian-gcc 1.0-1 0.90 38.11 39.01 NOTE
r-devel-linux-x86_64-fedora-clang 1.0-1 84.79 NOTE
r-devel-linux-x86_64-fedora-gcc 1.0-1 78.34 NOTE
r-devel-osx-x86_64-clang 1.0-1 71.22 NOTE
r-prerel-windows-ix86+x86_64 1.0-1 3.00 58.00 61.00 NOTE
r-prerel-linux-x86_64 1.0-1 0.82 38.20 39.02 NOTE
r-prerel-solaris-sparc 1.0-1 542.50 NOTE
r-prerel-solaris-x86 1.0-1 89.00 NOTE
r-release-linux-x86_64 1.0-1 0.92 42.72 43.64 NOTE
r-release-osx-x86_64-mavericks 1.0-1 NOTE
r-release-osx-x86_64-snowleopard 1.0-1 NOTE
r-release-windows-ix86+x86_64 1.0-1 4.00 68.00 72.00 NOTE
r-oldrel-windows-ix86+x86_64 1.0-1 4.00 72.00 76.00 NOTE

Check Details

Version: 1.0-1
Check: dependencies in R code
Result: NOTE
    Package in Depends field not imported from: ‘lattice’
     These packages need to be imported from (in the NAMESPACE file)
     for when this namespace is loaded but not attached.
Flavors: r-devel-linux-x86_64-debian-clang, r-devel-linux-x86_64-debian-gcc, r-devel-linux-x86_64-fedora-clang, r-devel-linux-x86_64-fedora-gcc, r-devel-osx-x86_64-clang, r-prerel-windows-ix86+x86_64, r-prerel-linux-x86_64, r-prerel-solaris-sparc, r-prerel-solaris-x86, r-release-linux-x86_64, r-release-windows-ix86+x86_64

Version: 1.0-1
Check: S3 generic/method consistency
Result: NOTE
    Found the following apparent S3 methods exported but not registered:
     plot.ICEalice plot.ICEcolor plot.ICEepmap plot.ICEuncrt plot.ICEwedge
     print.ICEalice print.ICEcolor print.ICEepmap print.ICEscale
     print.ICEuncrt print.ICEwedge
    See section ‘Registering S3 methods’ in the ‘Writing R Extensions’
    manual.
Flavors: r-devel-linux-x86_64-debian-clang, r-devel-linux-x86_64-debian-gcc, r-devel-linux-x86_64-fedora-clang, r-devel-linux-x86_64-fedora-gcc, r-devel-osx-x86_64-clang, r-prerel-linux-x86_64

Version: 1.0-1
Check: R code for possible problems
Result: NOTE
    plot.ICEepmap: no visible global function definition for ‘contourplot’
Flavors: r-devel-linux-x86_64-debian-clang, r-devel-linux-x86_64-debian-gcc, r-devel-linux-x86_64-fedora-clang, r-devel-linux-x86_64-fedora-gcc, r-devel-osx-x86_64-clang, r-prerel-windows-ix86+x86_64, r-prerel-linux-x86_64, r-prerel-solaris-sparc, r-prerel-solaris-x86, r-release-linux-x86_64, r-release-osx-x86_64-mavericks, r-release-windows-ix86+x86_64

Version: 1.0-1
Check: dependencies in R code
Result: NOTE
    Package in Depends field not imported from: ‘lattice’
     These packages need to be imported from (in the NAMESPACE file)
     for when this namespace is loaded but not attached.
    See the information on DESCRIPTION files in the chapter ‘Creating R
    packages’ of the ‘Writing R Extensions’ manual.
Flavors: r-release-osx-x86_64-mavericks, r-oldrel-windows-ix86+x86_64

Version: 1.0-1
Check: dependencies in R code
Result: NOTE
    Package in Depends field not imported from: ‘lattice’
     These packages need to be imported from for the case when
     this namespace is loaded but not attached.
    See the information on DESCRIPTION files in the chapter ‘Creating R
    packages’ of the ‘Writing R Extensions’ manual.
Flavor: r-release-osx-x86_64-snowleopard