CRAN Package Check Results for Package ICEinfer

Last updated on 2015-07-27 23:48:00.

Flavor Version Tinstall Tcheck Ttotal Status Flags
r-devel-linux-x86_64-debian-clang 1.0-1 0.81 41.10 41.90 NOTE
r-devel-linux-x86_64-debian-gcc 1.0-1 0.84 37.43 38.27 NOTE
r-devel-linux-x86_64-fedora-clang 1.0-1 82.08 NOTE
r-devel-linux-x86_64-fedora-gcc 1.0-1 78.43 NOTE
r-devel-osx-x86_64-clang 1.0-1 68.97 NOTE
r-devel-windows-ix86+x86_64 1.0-1 3.00 61.00 64.00 NOTE
r-patched-linux-x86_64 1.0-1 0.81 38.10 38.92 NOTE
r-patched-solaris-sparc 1.0-1 547.40 NOTE
r-patched-solaris-x86 1.0-1 88.10 NOTE
r-release-linux-x86_64 1.0-1 0.97 38.88 39.85 NOTE
r-release-osx-x86_64-mavericks 1.0-1 NOTE
r-release-windows-ix86+x86_64 1.0-1 5.00 86.00 91.00 NOTE
r-oldrel-windows-ix86+x86_64 1.0-1 6.00 70.00 76.00 NOTE

Check Details

Version: 1.0-1
Check: dependencies in R code
Result: NOTE
    Package in Depends field not imported from: ‘lattice’
     These packages need to be imported from (in the NAMESPACE file)
     for when this namespace is loaded but not attached.
Flavors: r-devel-linux-x86_64-debian-clang, r-devel-linux-x86_64-debian-gcc, r-devel-linux-x86_64-fedora-clang, r-devel-linux-x86_64-fedora-gcc, r-devel-osx-x86_64-clang, r-devel-windows-ix86+x86_64, r-patched-linux-x86_64, r-patched-solaris-sparc, r-patched-solaris-x86, r-release-linux-x86_64, r-release-osx-x86_64-mavericks, r-release-windows-ix86+x86_64, r-oldrel-windows-ix86+x86_64

Version: 1.0-1
Check: S3 generic/method consistency
Result: NOTE
    Found the following apparent S3 methods exported but not registered:
     plot.ICEalice plot.ICEcolor plot.ICEepmap plot.ICEuncrt plot.ICEwedge
     print.ICEalice print.ICEcolor print.ICEepmap print.ICEscale
     print.ICEuncrt print.ICEwedge
    See section ‘Registering S3 methods’ in the ‘Writing R Extensions’
    manual.
Flavors: r-devel-linux-x86_64-debian-clang, r-devel-linux-x86_64-debian-gcc, r-devel-linux-x86_64-fedora-clang, r-devel-linux-x86_64-fedora-gcc, r-devel-osx-x86_64-clang, r-patched-linux-x86_64, r-patched-solaris-sparc, r-patched-solaris-x86, r-release-linux-x86_64

Version: 1.0-1
Check: R code for possible problems
Result: NOTE
    ICErunif: no visible global function definition for ‘runif’
    ICEscale: no visible global function definition for ‘na.omit’
    ICEscale: no visible global function definition for ‘var’
    ICEuncrt: no visible global function definition for ‘na.omit’
    ICEuncrt: no visible global function definition for ‘runif’
    plot.ICEalice: no visible global function definition for ‘matplot’
    plot.ICEalice: no visible global function definition for ‘matlines’
    plot.ICEalice: no visible global function definition for ‘par’
    plot.ICEalice: no visible global function definition for
     ‘dev.interactive’
    plot.ICEalice: no visible global function definition for ‘axis’
    plot.ICEalice: no visible global function definition for ‘box’
    plot.ICEalice: no visible global function definition for ‘abline’
    plot.ICEcolor: no visible global function definition for ‘rainbow’
    plot.ICEcolor: no visible global function definition for ‘plot’
    plot.ICEcolor: no visible global function definition for ‘points’
    plot.ICEcolor: no visible global function definition for ‘par’
    plot.ICEcolor: no visible global function definition for ‘abline’
    plot.ICEcolor: no visible global function definition for ‘lines’
    plot.ICEcolor: no visible global function definition for
     ‘dev.interactive’
    plot.ICEcolor: no visible global function definition for ‘hist’
    plot.ICEcolor: no visible global function definition for ‘title’
    plot.ICEepmap: no visible global function definition for ‘contourplot’
    plot.ICEepmap: no visible global function definition for ‘rainbow’
    plot.ICEuncrt: no visible global function definition for ‘plot’
    plot.ICEuncrt: no visible global function definition for ‘par’
    plot.ICEuncrt: no visible global function definition for ‘abline’
    plot.ICEuncrt: no visible global function definition for ‘title’
    plot.ICEwedge: no visible global function definition for ‘plot’
    plot.ICEwedge: no visible global function definition for ‘par’
    plot.ICEwedge: no visible global function definition for ‘abline’
    plot.ICEwedge: no visible global function definition for ‘lines’
    plot.ICEwedge: no visible global function definition for ‘title’
    Undefined global functions or variables:
     abline axis box contourplot dev.interactive hist lines matlines
     matplot na.omit par plot points rainbow runif title var
    Consider adding
     importFrom("grDevices", "dev.interactive", "rainbow")
     importFrom("graphics", "abline", "axis", "box", "hist", "lines",
     "matlines", "matplot", "par", "plot", "points", "title")
     importFrom("stats", "na.omit", "runif", "var")
    to your NAMESPACE.
Flavors: r-devel-linux-x86_64-debian-clang, r-devel-linux-x86_64-debian-gcc, r-devel-linux-x86_64-fedora-clang, r-devel-linux-x86_64-fedora-gcc, r-devel-windows-ix86+x86_64

Version: 1.0-1
Check: R code for possible problems
Result: NOTE
    plot.ICEepmap: no visible global function definition for ‘contourplot’
    Undefined global functions or variables:
     contourplot
Flavor: r-devel-osx-x86_64-clang

Version: 1.0-1
Check: R code for possible problems
Result: NOTE
    plot.ICEepmap: no visible global function definition for ‘contourplot’
Flavors: r-patched-linux-x86_64, r-patched-solaris-sparc, r-patched-solaris-x86, r-release-linux-x86_64, r-release-osx-x86_64-mavericks, r-release-windows-ix86+x86_64, r-oldrel-windows-ix86+x86_64