CRAN Package Check Results for Package ICEinfer

Last updated on 2014-11-01 11:49:04.

Flavor Version Tinstall Tcheck Ttotal Status Flags
r-devel-linux-x86_64-debian-clang 1.0-1 0.89 41.30 42.18 NOTE
r-devel-linux-x86_64-debian-gcc 1.0-1 0.87 38.55 39.42 NOTE
r-devel-linux-x86_64-fedora-clang 1.0-1 93.42 NOTE
r-devel-linux-x86_64-fedora-gcc 1.0-1 88.19 NOTE
r-devel-osx-x86_64-clang 1.0-1 67.81 NOTE
r-devel-windows-ix86+x86_64 1.0-1 3.00 63.00 66.00 NOTE
r-patched-linux-x86_64 1.0-1 0.93 41.50 42.43 NOTE
r-patched-solaris-sparc 1.0-1 547.10 NOTE
r-patched-solaris-x86 1.0-1 99.30 NOTE
r-release-linux-ix86 1.0-1 1.50 53.10 54.60 NOTE
r-release-linux-x86_64 1.0-1 0.90 41.46 42.36 NOTE
r-release-osx-x86_64-mavericks 1.0-1 NOTE
r-release-osx-x86_64-snowleopard 1.0-1 NOTE
r-release-windows-ix86+x86_64 1.0-1 3.00 67.00 70.00 NOTE
r-oldrel-windows-ix86+x86_64 1.0-1 4.00 80.00 84.00 NOTE

Check Details

Version: 1.0-1
Check: dependencies in R code
Result: NOTE
    Package in Depends field not imported from: ‘lattice’
     These packages need to be imported from (in the NAMESPACE file)
     for when this namespace is loaded but not attached.
    See the information on DESCRIPTION files in the chapter ‘Creating R
    packages’ of the ‘Writing R Extensions’ manual.
Flavors: r-devel-linux-x86_64-debian-clang, r-devel-linux-x86_64-debian-gcc, r-devel-linux-x86_64-fedora-clang, r-devel-linux-x86_64-fedora-gcc, r-devel-osx-x86_64-clang, r-devel-windows-ix86+x86_64, r-patched-linux-x86_64, r-patched-solaris-sparc, r-patched-solaris-x86, r-release-linux-ix86, r-release-linux-x86_64, r-release-osx-x86_64-mavericks, r-release-windows-ix86+x86_64, r-oldrel-windows-ix86+x86_64

Version: 1.0-1
Check: R code for possible problems
Result: NOTE
    plot.ICEepmap: no visible global function definition for ‘contourplot’
Flavors: r-devel-linux-x86_64-debian-clang, r-devel-linux-x86_64-debian-gcc, r-devel-linux-x86_64-fedora-clang, r-devel-linux-x86_64-fedora-gcc, r-devel-osx-x86_64-clang, r-devel-windows-ix86+x86_64, r-patched-linux-x86_64, r-patched-solaris-sparc, r-patched-solaris-x86

Version: 1.0-1
Check: dependencies in R code
Result: NOTE
    Package in Depends field not imported from: ‘lattice’
     These packages need to be imported from for the case when
     this namespace is loaded but not attached.
    See the information on DESCRIPTION files in the chapter ‘Creating R
    packages’ of the ‘Writing R Extensions’ manual.
Flavor: r-release-osx-x86_64-snowleopard