CRAN Package Check Results for Package ICEinfer

Last updated on 2014-04-19 03:49:21.

Flavor Version Tinstall Tcheck Ttotal Status Flags
r-devel-linux-x86_64-debian-clang 1.0-1 0.94 40.54 41.48 NOTE
r-devel-linux-x86_64-debian-gcc 1.0-1 0.93 40.21 41.14 NOTE
r-devel-linux-x86_64-fedora-clang 1.0-1 96.70 NOTE
r-devel-linux-x86_64-fedora-gcc 1.0-1 91.49 NOTE
r-devel-macosx-x86_64-clang 1.0-1 70.62 NOTE
r-devel-macosx-x86_64-gcc 1.0-1 NOTE
r-devel-windows-ix86+x86_64 1.0-1 3.00 62.00 65.00 NOTE
r-patched-linux-x86_64 1.0-1 0.94 40.39 41.34 NOTE
r-patched-solaris-sparc 1.0-1 538.40 NOTE
r-patched-solaris-x86 1.0-1 101.40 NOTE
r-release-linux-ix86 1.0-1 2.00 67.00 69.00 NOTE
r-release-linux-x86_64 1.0-1 0.95 40.28 41.23 NOTE
r-release-macosx-x86_64 1.0-1 NOTE
r-release-windows-ix86+x86_64 1.0-1 3.00 65.00 68.00 NOTE
r-oldrel-windows-ix86+x86_64 1.0-1 4.00 67.00 71.00 NOTE

Check Details

Version: 1.0-1
Check: dependencies in R code
Result: NOTE
    Package in Depends field not imported from: ‘lattice’
     These packages need to be imported from (in the NAMESPACE file)
     for when this namespace is loaded but not attached.
    See the information on DESCRIPTION files in the chapter ‘Creating R
    packages’ of the ‘Writing R Extensions’ manual.
Flavors: r-devel-linux-x86_64-debian-clang, r-devel-linux-x86_64-debian-gcc, r-devel-linux-x86_64-fedora-clang, r-devel-linux-x86_64-fedora-gcc, r-devel-macosx-x86_64-clang, r-devel-macosx-x86_64-gcc, r-devel-windows-ix86+x86_64, r-patched-linux-x86_64, r-patched-solaris-sparc, r-patched-solaris-x86, r-release-linux-ix86, r-release-linux-x86_64, r-release-windows-ix86+x86_64, r-oldrel-windows-ix86+x86_64

Version: 1.0-1
Check: dependencies in R code
Result: NOTE
    Package in Depends field not imported from: ‘lattice’
     These packages need to be imported from for the case when
     this namespace is loaded but not attached.
    See the information on DESCRIPTION files in the chapter ‘Creating R
    packages’ of the ‘Writing R Extensions’ manual.
Flavor: r-release-macosx-x86_64