CRAN Package Check Results for Package ICEinfer

Last updated on 2014-08-27 15:49:31.

Flavor Version Tinstall Tcheck Ttotal Status Flags
r-devel-linux-x86_64-debian-clang 1.0-1 0.86 37.57 38.42 NOTE
r-devel-linux-x86_64-debian-gcc 1.0-1 0.82 35.47 36.29 NOTE
r-devel-linux-x86_64-fedora-clang 1.0-1 91.49 NOTE
r-devel-linux-x86_64-fedora-gcc 1.0-1 86.15 NOTE
r-devel-osx-x86_64-clang 1.0-1 65.39 NOTE
r-devel-windows-ix86+x86_64 1.0-1 4.00 62.00 66.00 NOTE
r-patched-linux-x86_64 1.0-1 0.86 39.57 40.42 NOTE
r-patched-solaris-sparc 1.0-1 559.30 NOTE
r-patched-solaris-x86 1.0-1 106.10 NOTE
r-release-linux-ix86 1.0-1 1.32 53.20 54.52 NOTE
r-release-linux-x86_64 1.0-1 0.89 38.95 39.84 NOTE
r-release-osx-x86_64-mavericks 1.0-1 NOTE
r-release-osx-x86_64-snowleopard 1.0-1 NOTE
r-release-windows-ix86+x86_64 1.0-1 3.00 64.00 67.00 NOTE
r-oldrel-windows-ix86+x86_64 1.0-1 3.00 72.00 75.00 NOTE

Check Details

Version: 1.0-1
Check: dependencies in R code
Result: NOTE
    Package in Depends field not imported from: ‘lattice’
     These packages need to be imported from (in the NAMESPACE file)
     for when this namespace is loaded but not attached.
    See the information on DESCRIPTION files in the chapter ‘Creating R
    packages’ of the ‘Writing R Extensions’ manual.
Flavors: r-devel-linux-x86_64-debian-clang, r-devel-linux-x86_64-debian-gcc, r-devel-linux-x86_64-fedora-clang, r-devel-linux-x86_64-fedora-gcc, r-devel-osx-x86_64-clang, r-devel-windows-ix86+x86_64, r-patched-linux-x86_64, r-patched-solaris-sparc, r-patched-solaris-x86, r-release-linux-ix86, r-release-linux-x86_64, r-release-osx-x86_64-mavericks, r-release-windows-ix86+x86_64, r-oldrel-windows-ix86+x86_64

Version: 1.0-1
Check: R code for possible problems
Result: NOTE
    plot.ICEepmap: no visible global function definition for ‘contourplot’
Flavors: r-devel-linux-x86_64-debian-clang, r-devel-linux-x86_64-debian-gcc, r-devel-linux-x86_64-fedora-clang, r-devel-linux-x86_64-fedora-gcc, r-devel-osx-x86_64-clang, r-devel-windows-ix86+x86_64

Version: 1.0-1
Check: dependencies in R code
Result: NOTE
    Package in Depends field not imported from: ‘lattice’
     These packages need to be imported from for the case when
     this namespace is loaded but not attached.
    See the information on DESCRIPTION files in the chapter ‘Creating R
    packages’ of the ‘Writing R Extensions’ manual.
Flavor: r-release-osx-x86_64-snowleopard