CRAN Package Check Results for Package ICGE

Last updated on 2015-07-31 20:47:00.

Flavor Version Tinstall Tcheck Ttotal Status Flags
r-devel-linux-x86_64-debian-clang 0.3 0.80 14.27 15.06 NOTE
r-devel-linux-x86_64-debian-gcc 0.3 0.96 14.13 15.09 NOTE
r-devel-linux-x86_64-fedora-clang 0.3 28.91 NOTE
r-devel-linux-x86_64-fedora-gcc 0.3 27.98 NOTE
r-devel-osx-x86_64-clang 0.3 28.37 OK
r-devel-windows-ix86+x86_64 0.3 6.00 26.00 32.00 NOTE
r-patched-linux-x86_64 0.3 0.78 14.70 15.48 OK
r-patched-solaris-sparc 0.3 189.50 OK
r-patched-solaris-x86 0.3 39.60 OK
r-release-linux-x86_64 0.3 0.80 14.41 15.21 OK
r-release-osx-x86_64-mavericks 0.3 OK
r-release-windows-ix86+x86_64 0.3 5.00 46.00 51.00 OK
r-oldrel-windows-ix86+x86_64 0.3 4.00 50.00 54.00 OK

Check Details

Version: 0.3
Check: R code for possible problems
Result: NOTE
    INCAncinner : dian: no visible global function definition for ‘cutree’
    INCAncinner : bestela: no visible global function definition for
     ‘cutree’
    center: no visible global function definition for ‘var’
    dbhatta: no visible global function definition for ‘as.dist’
    dcor: no visible global function definition for ‘cor’
    dcor: no visible global function definition for ‘as.dist’
    dgower: no visible global function definition for ‘as.dist’
    dmahal: no visible global function definition for ‘as.dist’
    dproc2: no visible global function definition for ‘as.dist’
    plot.incaix: no visible global function definition for ‘barplot’
    plot.incanc: no visible global function definition for ‘plot’
    plot.incanc: no visible global function definition for ‘lines’
    plot.incanc: no visible global function definition for ‘legend’
    selectioncluster : dian: no visible global function definition for
     ‘cutree’
    selectioncluster : bestela: no visible global function definition for
     ‘cutree’
    Undefined global functions or variables:
     as.dist barplot cor cutree legend lines plot var
    Consider adding
     importFrom("graphics", "barplot", "legend", "lines", "plot")
     importFrom("stats", "as.dist", "cor", "cutree", "var")
    to your NAMESPACE.
Flavors: r-devel-linux-x86_64-debian-clang, r-devel-linux-x86_64-debian-gcc, r-devel-linux-x86_64-fedora-clang, r-devel-linux-x86_64-fedora-gcc, r-devel-windows-ix86+x86_64