CRAN Package Check Results for Package ICGE

Last updated on 2016-05-27 17:58:51.

Flavor Version Tinstall Tcheck Ttotal Status Flags
r-devel-linux-x86_64-debian-gcc 0.3 0.79 15.23 16.02 NOTE
r-devel-linux-x86_64-fedora-clang 0.3 26.74 NOTE
r-devel-linux-x86_64-fedora-gcc 0.3 25.44 NOTE
r-devel-osx-x86_64-clang 0.3 30.65 NOTE
r-devel-windows-ix86+x86_64 0.3 4.00 34.00 38.00 NOTE
r-patched-linux-x86_64 0.3 2.73 14.34 17.07 NOTE
r-patched-solaris-sparc 0.3 174.40 NOTE
r-patched-solaris-x86 0.3 37.00 NOTE
r-release-linux-x86_64 0.3 0.86 14.97 15.83 NOTE
r-release-osx-x86_64-mavericks 0.3 NOTE
r-release-windows-ix86+x86_64 0.3 3.00 52.00 55.00 NOTE
r-oldrel-windows-ix86+x86_64 0.3 3.00 44.00 47.00 OK

Check Details

Version: 0.3
Check: R code for possible problems
Result: NOTE
    INCAncinner : dian: no visible global function definition for ‘cutree’
    INCAncinner : bestela: no visible global function definition for
     ‘cutree’
    center: no visible global function definition for ‘var’
    dbhatta: no visible global function definition for ‘as.dist’
    dcor: no visible global function definition for ‘cor’
    dcor: no visible global function definition for ‘as.dist’
    dgower: no visible global function definition for ‘as.dist’
    dmahal: no visible global function definition for ‘as.dist’
    dproc2: no visible global function definition for ‘as.dist’
    plot.incaix: no visible global function definition for ‘barplot’
    plot.incanc: no visible global function definition for ‘plot’
    plot.incanc: no visible global function definition for ‘lines’
    plot.incanc: no visible global function definition for ‘legend’
    selectioncluster : dian: no visible global function definition for
     ‘cutree’
    selectioncluster : bestela: no visible global function definition for
     ‘cutree’
    Undefined global functions or variables:
     as.dist barplot cor cutree legend lines plot var
    Consider adding
     importFrom("graphics", "barplot", "legend", "lines", "plot")
     importFrom("stats", "as.dist", "cor", "cutree", "var")
    to your NAMESPACE file.
Flavors: r-devel-linux-x86_64-debian-gcc, r-devel-linux-x86_64-fedora-clang, r-devel-linux-x86_64-fedora-gcc, r-devel-osx-x86_64-clang, r-devel-windows-ix86+x86_64, r-patched-linux-x86_64, r-patched-solaris-sparc, r-patched-solaris-x86, r-release-linux-x86_64, r-release-osx-x86_64-mavericks, r-release-windows-ix86+x86_64