CRAN Package Check Results for Package ICGE

Last updated on 2017-04-28 23:52:23.

Flavor Version Tinstall Tcheck Ttotal Status Flags
r-devel-linux-x86_64-debian-clang 0.3 0.83 17.13 17.96 NOTE
r-devel-linux-x86_64-debian-gcc 0.3 0.92 17.23 18.16 NOTE
r-devel-linux-x86_64-fedora-clang 0.3 30.48 NOTE --no-stop-on-test-error
r-devel-linux-x86_64-fedora-gcc 0.3 29.54 NOTE --no-stop-on-test-error
r-devel-windows-ix86+x86_64 0.3 4.00 47.00 51.00 NOTE
r-patched-linux-x86_64 0.3 0.89 18.53 19.41 NOTE
r-patched-solaris-sparc 0.3 188.90 NOTE
r-patched-solaris-x86 0.3 40.90 NOTE
r-release-linux-x86_64 0.3 0.80 18.68 19.48 NOTE
r-release-windows-ix86+x86_64 0.3 8.00 53.00 61.00 NOTE
r-release-osx-x86_64 0.3 NOTE
r-oldrel-windows-ix86+x86_64 0.3 4.00 35.00 39.00 NOTE
r-oldrel-osx-x86_64 0.3 NOTE

Check Details

Version: 0.3
Check: R code for possible problems
Result: NOTE
    INCAncinner : dian: no visible global function definition for ‘cutree’
    INCAncinner : bestela: no visible global function definition for
     ‘cutree’
    center: no visible global function definition for ‘var’
    dbhatta: no visible global function definition for ‘as.dist’
    dcor: no visible global function definition for ‘cor’
    dcor: no visible global function definition for ‘as.dist’
    dgower: no visible global function definition for ‘as.dist’
    dmahal: no visible global function definition for ‘as.dist’
    dproc2: no visible global function definition for ‘as.dist’
    plot.incaix: no visible global function definition for ‘barplot’
    plot.incanc: no visible global function definition for ‘plot’
    plot.incanc: no visible global function definition for ‘lines’
    plot.incanc: no visible global function definition for ‘legend’
    selectioncluster : dian: no visible global function definition for
     ‘cutree’
    selectioncluster : bestela: no visible global function definition for
     ‘cutree’
    Undefined global functions or variables:
     as.dist barplot cor cutree legend lines plot var
    Consider adding
     importFrom("graphics", "barplot", "legend", "lines", "plot")
     importFrom("stats", "as.dist", "cor", "cutree", "var")
    to your NAMESPACE file.
Flavors: r-devel-linux-x86_64-debian-clang, r-devel-linux-x86_64-debian-gcc, r-devel-windows-ix86+x86_64, r-patched-linux-x86_64, r-patched-solaris-sparc, r-patched-solaris-x86, r-release-linux-x86_64, r-release-windows-ix86+x86_64, r-release-osx-x86_64, r-oldrel-windows-ix86+x86_64, r-oldrel-osx-x86_64

Version: 0.3
Flags: --no-stop-on-test-error
Check: R code for possible problems
Result: NOTE
    INCAncinner : dian: no visible global function definition for ‘cutree’
    INCAncinner : bestela: no visible global function definition for
     ‘cutree’
    center: no visible global function definition for ‘var’
    dbhatta: no visible global function definition for ‘as.dist’
    dcor: no visible global function definition for ‘cor’
    dcor: no visible global function definition for ‘as.dist’
    dgower: no visible global function definition for ‘as.dist’
    dmahal: no visible global function definition for ‘as.dist’
    dproc2: no visible global function definition for ‘as.dist’
    plot.incaix: no visible global function definition for ‘barplot’
    plot.incanc: no visible global function definition for ‘plot’
    plot.incanc: no visible global function definition for ‘lines’
    plot.incanc: no visible global function definition for ‘legend’
    selectioncluster : dian: no visible global function definition for
     ‘cutree’
    selectioncluster : bestela: no visible global function definition for
     ‘cutree’
    Undefined global functions or variables:
     as.dist barplot cor cutree legend lines plot var
    Consider adding
     importFrom("graphics", "barplot", "legend", "lines", "plot")
     importFrom("stats", "as.dist", "cor", "cutree", "var")
    to your NAMESPACE file.
Flavors: r-devel-linux-x86_64-fedora-clang, r-devel-linux-x86_64-fedora-gcc