CRAN Package Check Results for Package ICGE

Last updated on 2015-06-30 22:47:21.

Flavor Version Tinstall Tcheck Ttotal Status Flags
r-devel-linux-x86_64-debian-clang 0.3 0.73 14.32 15.06 NOTE
r-devel-linux-x86_64-debian-gcc 0.3 0.76 14.14 14.90 NOTE
r-devel-linux-x86_64-fedora-clang 0.3 29.57 NOTE
r-devel-linux-x86_64-fedora-gcc 0.3 26.44 NOTE
r-devel-osx-x86_64-clang 0.3 29.12 OK
r-devel-windows-ix86+x86_64 0.3 5.00 26.00 31.00 NOTE
r-patched-linux-x86_64 0.3 0.80 14.71 15.51 OK
r-patched-solaris-sparc 0.3 174.20 OK
r-patched-solaris-x86 0.3 41.80 OK
r-release-linux-x86_64 0.3 0.76 14.62 15.38 OK
r-release-osx-x86_64-mavericks 0.3 OK
r-release-windows-ix86+x86_64 0.3 6.00 26.00 32.00 OK
r-oldrel-windows-ix86+x86_64 0.3 6.00 28.00 34.00 OK

Check Details

Version: 0.3
Check: R code for possible problems
Result: NOTE
    INCAncinner : dian: no visible global function definition for ‘cutree’
    INCAncinner : bestela: no visible global function definition for
     ‘cutree’
    center: no visible global function definition for ‘var’
    dbhatta: no visible global function definition for ‘as.dist’
    dcor: no visible global function definition for ‘cor’
    dcor: no visible global function definition for ‘as.dist’
    dgower: no visible global function definition for ‘as.dist’
    dmahal: no visible global function definition for ‘as.dist’
    dproc2: no visible global function definition for ‘as.dist’
    plot.incaix: no visible global function definition for ‘barplot’
    plot.incanc: no visible global function definition for ‘plot’
    plot.incanc: no visible global function definition for ‘lines’
    plot.incanc: no visible global function definition for ‘legend’
    selectioncluster : dian: no visible global function definition for
     ‘cutree’
    selectioncluster : bestela: no visible global function definition for
     ‘cutree’
Flavors: r-devel-linux-x86_64-debian-clang, r-devel-linux-x86_64-debian-gcc, r-devel-linux-x86_64-fedora-clang, r-devel-linux-x86_64-fedora-gcc, r-devel-windows-ix86+x86_64