CRAN Package Check Results for Package ICGE

Last updated on 2014-04-25 05:47:17.

Flavor Version Tinstall Tcheck Ttotal Status Flags
r-devel-linux-x86_64-debian-clang 0.3 0.85 16.19 17.04 OK
r-devel-linux-x86_64-debian-gcc 0.3 0.89 16.32 17.21 OK
r-devel-linux-x86_64-fedora-clang 0.3 32.90 OK
r-devel-linux-x86_64-fedora-gcc 0.3 31.72 OK
r-devel-osx-x86_64-clang 0.3 33.36 OK
r-devel-osx-x86_64-gcc 0.3 OK
r-devel-windows-ix86+x86_64 0.3 3.00 24.00 27.00 OK
r-patched-linux-x86_64 0.3 0.86 16.50 17.36 OK
r-patched-solaris-sparc 0.3 186.30 OK
r-patched-solaris-x86 0.3 44.90 OK
r-release-linux-ix86 0.3 1.00 32.00 33.00 OK
r-release-linux-x86_64 0.3 0.86 16.39 17.25 OK
r-release-osx-x86_64-mavericks 0.3 WARN
r-release-osx-x86_64-snowleopard 0.3 OK
r-release-windows-ix86+x86_64 0.3 3.00 25.00 28.00 OK
r-oldrel-windows-ix86+x86_64 0.3 4.00 24.00 28.00 OK

Check Details

Version: 0.3
Check: PDF version of manual
Result: WARNING
    LaTeX errors when creating PDF version.
    This typically indicates Rd problems.
    LaTeX errors found:
    ! LaTeX Error: File `upquote.sty' not found.
    
    Type X to quit or <RETURN> to proceed,
    or enter new name. (Default extension: sty)
    
    3124207/Rd2.tex:8: ==> Fatal error occurred, no output PDF file produced!
Flavor: r-release-osx-x86_64-mavericks