CRAN Package Check Results for Package ICGE

Last updated on 2015-09-05 06:48:13.

Flavor Version Tinstall Tcheck Ttotal Status Flags
r-devel-linux-x86_64-debian-clang 0.3 0.78 14.46 15.24 NOTE
r-devel-linux-x86_64-debian-gcc 0.3 0.70 13.87 14.57 NOTE
r-devel-linux-x86_64-fedora-clang 0.3 28.10 NOTE
r-devel-linux-x86_64-fedora-gcc 0.3 25.72 NOTE
r-devel-osx-x86_64-clang 0.3 27.02 OK
r-devel-windows-ix86+x86_64 0.3 6.00 29.00 35.00 NOTE
r-patched-linux-x86_64 0.3 0.78 14.62 15.40 OK
r-patched-solaris-sparc 0.3 189.50 OK
r-patched-solaris-x86 0.3 39.60 OK
r-release-linux-x86_64 0.3 0.78 14.23 15.01 OK
r-release-osx-x86_64-mavericks 0.3 OK
r-release-windows-ix86+x86_64 0.3 4.00 41.00 45.00 OK
r-oldrel-windows-ix86+x86_64 0.3 6.00 42.00 48.00 OK

Check Details

Version: 0.3
Check: R code for possible problems
Result: NOTE
    INCAncinner : dian: no visible global function definition for ‘cutree’
    INCAncinner : bestela: no visible global function definition for
     ‘cutree’
    center: no visible global function definition for ‘var’
    dbhatta: no visible global function definition for ‘as.dist’
    dcor: no visible global function definition for ‘cor’
    dcor: no visible global function definition for ‘as.dist’
    dgower: no visible global function definition for ‘as.dist’
    dmahal: no visible global function definition for ‘as.dist’
    dproc2: no visible global function definition for ‘as.dist’
    plot.incaix: no visible global function definition for ‘barplot’
    plot.incanc: no visible global function definition for ‘plot’
    plot.incanc: no visible global function definition for ‘lines’
    plot.incanc: no visible global function definition for ‘legend’
    selectioncluster : dian: no visible global function definition for
     ‘cutree’
    selectioncluster : bestela: no visible global function definition for
     ‘cutree’
    Undefined global functions or variables:
     as.dist barplot cor cutree legend lines plot var
    Consider adding
     importFrom("graphics", "barplot", "legend", "lines", "plot")
     importFrom("stats", "as.dist", "cor", "cutree", "var")
    to your NAMESPACE.
Flavors: r-devel-linux-x86_64-debian-clang, r-devel-linux-x86_64-debian-gcc, r-devel-linux-x86_64-fedora-clang, r-devel-linux-x86_64-fedora-gcc, r-devel-windows-ix86+x86_64