CRAN Package Check Results for Package ICGE

Last updated on 2018-04-22 00:46:43 CEST.

Flavor Version Tinstall Tcheck Ttotal Status Flags
r-devel-linux-x86_64-debian-clang 0.3 2.27 25.94 28.21 NOTE
r-devel-linux-x86_64-debian-gcc 0.3 1.32 20.59 21.91 NOTE
r-devel-linux-x86_64-fedora-clang 0.3 34.07 NOTE
r-devel-linux-x86_64-fedora-gcc 0.3 32.70 NOTE
r-devel-windows-ix86+x86_64 0.3 6.00 58.00 64.00 NOTE
r-devel-osx-x86_64 0.3 NOTE
r-patched-linux-x86_64 0.3 1.61 25.72 27.33 NOTE
r-patched-solaris-x86 0.3 48.70 NOTE
r-release-linux-x86_64 0.3 0.83 26.31 27.14 NOTE
r-release-windows-ix86+x86_64 0.3 5.00 54.00 59.00 NOTE
r-release-osx-x86_64 0.3 NOTE
r-oldrel-windows-ix86+x86_64 0.3 5.00 36.00 41.00 NOTE

Check Details

Version: 0.3
Check: R code for possible problems
Result: NOTE
    INCAncinner : dian: no visible global function definition for ‘cutree’
    INCAncinner : bestela: no visible global function definition for
     ‘cutree’
    center: no visible global function definition for ‘var’
    dbhatta: no visible global function definition for ‘as.dist’
    dcor: no visible global function definition for ‘cor’
    dcor: no visible global function definition for ‘as.dist’
    dgower: no visible global function definition for ‘as.dist’
    dmahal: no visible global function definition for ‘as.dist’
    dproc2: no visible global function definition for ‘as.dist’
    plot.incaix: no visible global function definition for ‘barplot’
    plot.incanc: no visible global function definition for ‘plot’
    plot.incanc: no visible global function definition for ‘lines’
    plot.incanc: no visible global function definition for ‘legend’
    selectioncluster : dian: no visible global function definition for
     ‘cutree’
    selectioncluster : bestela: no visible global function definition for
     ‘cutree’
    Undefined global functions or variables:
     as.dist barplot cor cutree legend lines plot var
    Consider adding
     importFrom("graphics", "barplot", "legend", "lines", "plot")
     importFrom("stats", "as.dist", "cor", "cutree", "var")
    to your NAMESPACE file.
Flavors: r-devel-linux-x86_64-debian-clang, r-devel-linux-x86_64-debian-gcc, r-devel-linux-x86_64-fedora-clang, r-devel-linux-x86_64-fedora-gcc, r-devel-windows-ix86+x86_64, r-devel-osx-x86_64, r-patched-linux-x86_64, r-patched-solaris-x86, r-release-linux-x86_64, r-release-windows-ix86+x86_64, r-release-osx-x86_64, r-oldrel-windows-ix86+x86_64