CRAN Package Check Results for Package ICS

Last updated on 2016-06-25 18:46:43.

Flavor Version Tinstall Tcheck Ttotal Status Flags
r-devel-linux-x86_64-debian-gcc 1.2-5 0.93 26.00 26.93 OK
r-devel-linux-x86_64-fedora-clang 1.2-5 47.34 OK
r-devel-linux-x86_64-fedora-gcc 1.2-5 45.08 OK
r-devel-osx-x86_64-clang 1.2-5 40.43 OK
r-devel-windows-ix86+x86_64 1.2-5 6.00 71.00 77.00 OK
r-patched-linux-x86_64 1.2-5 1.01 25.54 26.55 OK
r-patched-solaris-sparc 1.2-5 268.70 OK
r-patched-solaris-x86 1.2-5 59.00 OK
r-release-linux-x86_64 1.2-5 0.87 25.84 26.72 OK
r-release-osx-x86_64-mavericks 1.2-5 NOTE
r-release-windows-ix86+x86_64 1.2-5 7.00 53.00 60.00 OK
r-oldrel-windows-ix86+x86_64 1.2-5 7.00 76.00 83.00 OK

Check Details

Version: 1.2-5
Check: re-building of vignette outputs
Result: NOTE
    Error in re-building vignettes:
     ...
     input string 342 is invalid in this locale
    Warning in grepl("(Rerun to get|biblatex.*\\(re\\)run)", readLines(log, :
     input string 350 is invalid in this locale
    Error in texi2dvi(file = file, pdf = TRUE, clean = clean, quiet = quiet, :
     Running 'texi2dvi' on 'ICS.tex' failed.
    LaTeX errors:
    ! Undefined control sequence.
    l.15 x<9c><ed>\<cf>
     O^^S<df>^^V?ԇ<bc><89><a4>ÄMCRhnbta<a0>d6Ƙ<94>^^Ekw<fe><0b>]<eb><c2>tk\<c1><bf>Ѕ1q<c9>ưe^^VT^^S^^S<88>^^...
    The control sequence at the end of the top line
    of your error message was never \def'ed. If you have
    ! Undefined control sequence.
    l.15 ...^S<df>^^V?ԇ<bc><89><a4>ÄMCRhnbta<a0>d6Ƙ<94>^^Ekw<fe><0b>]<eb><c2>tk\<c1>
     <bf>Ѕ1q<c9>ưe^^VT^^S^^S<88>^^S<a7><8d>A...
    The control sequence at the end of the top line
    of your error message was never \def'ed. If you have
    ! Undefined control sequence.
    l.16 <c3>^^PB\<be>
     |<f9>Ǐ^^_<86>a<80>H!D&<93>A7|^^Z<86>a<9a>&c<8c>1<b6><b9><b9>9::jYV&<93>i<0b><e3>z^^O<e0>իWM-+++{{{<bd>X<eb>d^^...
    The control sequence at the end of the top line
    of your error message was never \def'ed. If you have
    ! Undefined control sequence.
    l.20 cB<88><ef><9e>^^W<c4><e3>Q<c6>^^L<c7><f9>O2^^Yk^^
    Calls: buildVignettes -> texi2pdf -> texi2dvi
    Execution halted
Flavor: r-release-osx-x86_64-mavericks