CRAN Package Check Results for Package ICS

Last updated on 2015-09-03 03:48:28.

Flavor Version Tinstall Tcheck Ttotal Status Flags
r-devel-linux-x86_64-debian-clang 1.2-4 0.85 15.95 16.80 NOTE
r-devel-linux-x86_64-debian-gcc 1.2-4 0.90 15.40 16.30 NOTE
r-devel-linux-x86_64-fedora-clang 1.2-4 31.49 NOTE
r-devel-linux-x86_64-fedora-gcc 1.2-4 29.43 NOTE
r-devel-osx-x86_64-clang 1.2-4 29.95 OK
r-devel-windows-ix86+x86_64 1.2-4 6.00 32.00 38.00 NOTE
r-patched-linux-x86_64 1.2-4 1.08 16.32 17.39 OK
r-patched-solaris-sparc 1.2-4 216.50 OK
r-patched-solaris-x86 1.2-4 46.90 OK
r-release-linux-x86_64 1.2-4 1.22 16.65 17.87 OK
r-release-osx-x86_64-mavericks 1.2-4 OK
r-release-windows-ix86+x86_64 1.2-4 5.00 30.00 35.00 OK
r-oldrel-windows-ix86+x86_64 1.2-4 7.00 36.00 43.00 OK

Check Details

Version: 1.2-4
Check: R code for possible problems
Result: NOTE
    screeplot.ics: no visible global function definition for ‘axis’
    Undefined global functions or variables:
     axis
    Consider adding
     importFrom("graphics", "axis")
    to your NAMESPACE.
Flavors: r-devel-linux-x86_64-debian-clang, r-devel-linux-x86_64-debian-gcc, r-devel-linux-x86_64-fedora-clang, r-devel-linux-x86_64-fedora-gcc, r-devel-windows-ix86+x86_64