CRAN Package Check Results for Package ICS

Last updated on 2014-07-24 05:48:27.

Flavor Version Tinstall Tcheck Ttotal Status Flags
r-devel-linux-x86_64-debian-clang 1.2-4 1.02 17.36 18.39 OK
r-devel-linux-x86_64-debian-gcc 1.2-4 1.00 17.93 18.93 OK
r-devel-linux-x86_64-fedora-clang 1.2-4 39.59 OK
r-devel-linux-x86_64-fedora-gcc 1.2-4 37.22 OK
r-devel-osx-x86_64-clang 1.2-4 36.16 OK
r-devel-windows-ix86+x86_64 1.2-4 3.00 30.00 33.00 OK
r-patched-linux-x86_64 1.2-4 1.00 17.09 18.09 OK
r-patched-solaris-sparc 1.2-4 216.20 OK
r-patched-solaris-x86 1.2-4 51.00 OK
r-release-linux-ix86 1.2-4 1.47 25.04 26.51 OK
r-release-linux-x86_64 1.2-4 1.03 17.33 18.36 OK
r-release-osx-x86_64-mavericks 1.2-4 OK
r-release-osx-x86_64-snowleopard 1.2-4 WARN
r-release-windows-ix86+x86_64 1.2-4 3.00 28.00 31.00 OK
r-oldrel-windows-ix86+x86_64 1.2-4 4.00 28.00 32.00 OK

Check Details

Version: 1.2-4
Check: package dependencies
Result: NOTE
    Package suggested but not available for checking: 'ICSNP'
Flavor: r-release-osx-x86_64-snowleopard

Version: 1.2-4
Check: Rd cross-references
Result: NOTE
    Package unavailable to check Rd xrefs: 'ICSNP'
Flavor: r-release-osx-x86_64-snowleopard

Version: 1.2-4
Check: examples
Result: WARNING
    checking a package with encoding 'latin1' in an ASCII locale
    
     OK
Flavor: r-release-osx-x86_64-snowleopard