CRAN Package Check Results for Package ICS

Last updated on 2014-10-20 19:49:32.

Flavor Version Tinstall Tcheck Ttotal Status Flags
r-devel-linux-x86_64-debian-clang 1.2-4 1.04 17.65 18.69 OK
r-devel-linux-x86_64-debian-gcc 1.2-4 1.03 17.62 18.66 OK
r-devel-linux-x86_64-fedora-clang 1.2-4 38.83 OK
r-devel-linux-x86_64-fedora-gcc 1.2-4 36.46 OK
r-devel-osx-x86_64-clang 1.2-4 37.70 OK
r-devel-windows-ix86+x86_64 1.2-4 3.00 29.00 32.00 OK
r-patched-linux-x86_64 1.2-4 1.16 18.20 19.36 OK
r-patched-solaris-sparc 1.2-4 218.30 OK
r-patched-solaris-x86 1.2-4 53.20 OK
r-release-linux-ix86 1.2-4 1.56 26.14 27.70 OK
r-release-linux-x86_64 1.2-4 1.14 18.44 19.59 OK
r-release-osx-x86_64-mavericks 1.2-4 OK
r-release-osx-x86_64-snowleopard 1.2-4 WARN
r-release-windows-ix86+x86_64 1.2-4 4.00 31.00 35.00 OK
r-oldrel-windows-ix86+x86_64 1.2-4 4.00 35.00 39.00 OK

Check Details

Version: 1.2-4
Check: package dependencies
Result: NOTE
    Package suggested but not available for checking: 'ICSNP'
Flavor: r-release-osx-x86_64-snowleopard

Version: 1.2-4
Check: Rd cross-references
Result: NOTE
    Package unavailable to check Rd xrefs: 'ICSNP'
Flavor: r-release-osx-x86_64-snowleopard

Version: 1.2-4
Check: examples
Result: WARN
    checking a package with encoding 'latin1' in an ASCII locale
    
     OK
Flavor: r-release-osx-x86_64-snowleopard