CRAN Package Check Results for Package ICS

Last updated on 2014-11-28 16:46:31.

Flavor Version Tinstall Tcheck Ttotal Status Flags
r-devel-linux-x86_64-debian-clang 1.2-4 1.14 17.78 18.92 OK
r-devel-linux-x86_64-debian-gcc 1.2-4 1.05 17.25 18.30 OK
r-devel-linux-x86_64-fedora-clang 1.2-4 41.49 OK
r-devel-linux-x86_64-fedora-gcc 1.2-4 39.77 OK
r-devel-osx-x86_64-clang 1.2-4 38.37 OK
r-devel-windows-ix86+x86_64 1.2-4 4.00 31.00 35.00 OK
r-patched-linux-x86_64 1.2-4 1.55 18.69 20.24 OK
r-patched-solaris-sparc 1.2-4 218.30 OK
r-patched-solaris-x86 1.2-4 53.30 OK
r-release-linux-ix86 1.2-4 1.45 24.54 25.99 OK
r-release-linux-x86_64 1.2-4 1.07 17.95 19.02 OK
r-release-osx-x86_64-mavericks 1.2-4 OK
r-release-osx-x86_64-snowleopard 1.2-4 WARN
r-release-windows-ix86+x86_64 1.2-4 4.00 32.00 36.00 OK
r-oldrel-windows-ix86+x86_64 1.2-4 4.00 30.00 34.00 OK

Check Details

Version: 1.2-4
Check: package dependencies
Result: NOTE
    Package suggested but not available for checking: 'ICSNP'
Flavor: r-release-osx-x86_64-snowleopard

Version: 1.2-4
Check: Rd cross-references
Result: NOTE
    Package unavailable to check Rd xrefs: 'ICSNP'
Flavor: r-release-osx-x86_64-snowleopard

Version: 1.2-4
Check: examples
Result: WARN
    checking a package with encoding 'latin1' in an ASCII locale
    
     OK
Flavor: r-release-osx-x86_64-snowleopard