CRAN Package Check Results for Package ICS

Last updated on 2016-12-03 23:47:42.

Flavor Version Tinstall Tcheck Ttotal Status Flags
r-devel-linux-x86_64-debian-clang 1.3-0 2.72 47.75 50.46 OK
r-devel-linux-x86_64-debian-gcc 1.3-0 2.88 46.99 49.87 OK
r-devel-linux-x86_64-fedora-clang 1.3-0 108.97 OK
r-devel-linux-x86_64-fedora-gcc 1.3-0 108.97 OK
r-devel-macos-x86_64-clang 1.3-0 84.22 OK
r-devel-windows-ix86+x86_64 1.3-0 6.00 75.00 81.00 OK
r-patched-linux-x86_64 1.3-0 2.71 41.83 44.54 OK
r-patched-solaris-sparc 1.3-0 555.60 OK
r-patched-solaris-x86 1.3-0 116.20 OK
r-release-linux-x86_64 1.3-0 2.56 42.56 45.12 OK
r-release-osx-x86_64-mavericks 1.3-0 NOTE
r-release-windows-ix86+x86_64 1.3-0 10.00 97.00 107.00 OK
r-oldrel-windows-ix86+x86_64 1.3-0 11.00 109.00 120.00 OK

Check Details

Version: 1.3-0
Check: re-building of vignette outputs
Result: NOTE
    Error in re-building vignettes:
     ...
     input string 342 is invalid in this locale
    Warning in grepl("(Rerun to get|biblatex.*\\(re\\)run)", readLines(log, :
     input string 350 is invalid in this locale
    Error in texi2dvi(file = file, pdf = TRUE, clean = clean, quiet = quiet, :
     Running 'texi2dvi' on 'ICS.tex' failed.
    LaTeX errors:
    ! Undefined control sequence.
    l.15 x<9c><ed>\<cf>
     O^^S<df>^^V?ԇ<bc><89><a4>ÄMCRhnbta<a0>d6Ƙ<94>^^Ekw<fe><0b>]<eb><c2>tk\<c1><bf>Ѕ1q<c9>ưe^^VT^^S^^S<88>^^...
    The control sequence at the end of the top line
    of your error message was never \def'ed. If you have
    ! Undefined control sequence.
    l.15 ...^S<df>^^V?ԇ<bc><89><a4>ÄMCRhnbta<a0>d6Ƙ<94>^^Ekw<fe><0b>]<eb><c2>tk\<c1>
     <bf>Ѕ1q<c9>ưe^^VT^^S^^S<88>^^S<a7><8d>A...
    The control sequence at the end of the top line
    of your error message was never \def'ed. If you have
    ! Undefined control sequence.
    l.16 <c3>^^PB\<be>
     |<f9>Ǐ^^_<86>a<80>H!D&<93>A7|^^Z<86>a<9a>&c<8c>1<b6><b9><b9>9::jYV&<93>i<0b><e3>z^^O<e0>իWM-+++{{{<bd>X<eb>d^^...
    The control sequence at the end of the top line
    of your error message was never \def'ed. If you have
    ! Undefined control sequence.
    l.20 cB<88><ef><9e>^^W<c4><e3>Q<c6>^^L<c7><f9>O2^^Yk^^
    Calls: buildVignettes -> texi2pdf -> texi2dvi
    Execution halted
Flavor: r-release-osx-x86_64-mavericks