CRAN Package Check Results for Package ICS

Last updated on 2015-03-06 03:46:36.

Flavor Version Tinstall Tcheck Ttotal Status Flags
r-devel-linux-x86_64-debian-clang 1.2-4 1.36 16.03 17.39 OK
r-devel-linux-x86_64-debian-gcc 1.2-4 1.33 15.95 17.28 OK
r-devel-linux-x86_64-fedora-clang 1.2-4 33.36 OK
r-devel-linux-x86_64-fedora-gcc 1.2-4 32.55 OK
r-devel-osx-x86_64-clang 1.2-4 34.52 OK
r-devel-windows-ix86+x86_64 1.2-4 3.00 28.00 31.00 OK
r-patched-linux-x86_64 1.2-4 1.12 18.06 19.19 OK
r-patched-solaris-sparc 1.2-4 245.00 OK
r-patched-solaris-x86 1.2-4 55.60 OK
r-release-linux-ix86 1.2-4 1.45 25.48 26.93 OK
r-release-linux-x86_64 1.2-4 1.06 18.14 19.20 OK
r-release-osx-x86_64-mavericks 1.2-4 OK
r-release-osx-x86_64-snowleopard 1.2-4 WARN
r-release-windows-ix86+x86_64 1.2-4 4.00 30.00 34.00 OK
r-oldrel-windows-ix86+x86_64 1.2-4 5.00 34.00 39.00 OK

Check Details

Version: 1.2-4
Check: package dependencies
Result: NOTE
    Package suggested but not available for checking: 'ICSNP'
Flavor: r-release-osx-x86_64-snowleopard

Version: 1.2-4
Check: Rd cross-references
Result: NOTE
    Package unavailable to check Rd xrefs: 'ICSNP'
Flavor: r-release-osx-x86_64-snowleopard

Version: 1.2-4
Check: examples
Result: WARN
    checking a package with encoding 'latin1' in an ASCII locale
    
     OK
Flavor: r-release-osx-x86_64-snowleopard