CRAN Package Check Results for Package ICS

Last updated on 2014-12-18 23:47:51.

Flavor Version Tinstall Tcheck Ttotal Status Flags
r-devel-linux-x86_64-debian-clang 1.2-4 1.05 17.99 19.04 OK
r-devel-linux-x86_64-debian-gcc 1.2-4 1.03 17.56 18.59 OK
r-devel-linux-x86_64-fedora-clang 1.2-4 40.33 OK
r-devel-linux-x86_64-fedora-gcc 1.2-4 37.30 OK
r-devel-osx-x86_64-clang 1.2-4 37.28 OK
r-devel-windows-ix86+x86_64 1.2-4 4.00 29.00 33.00 OK
r-patched-linux-x86_64 1.2-4 1.50 18.18 19.68 OK
r-patched-solaris-sparc 1.2-4 218.30 OK
r-patched-solaris-x86 1.2-4 53.60 OK
r-release-linux-ix86 1.2-4 1.45 24.58 26.03 OK
r-release-linux-x86_64 1.2-4 1.14 17.83 18.98 OK
r-release-osx-x86_64-mavericks 1.2-4 OK
r-release-osx-x86_64-snowleopard 1.2-4 WARN
r-release-windows-ix86+x86_64 1.2-4 5.00 28.00 33.00 OK
r-oldrel-windows-ix86+x86_64 1.2-4 5.00 30.00 35.00 OK

Check Details

Version: 1.2-4
Check: package dependencies
Result: NOTE
    Package suggested but not available for checking: 'ICSNP'
Flavor: r-release-osx-x86_64-snowleopard

Version: 1.2-4
Check: Rd cross-references
Result: NOTE
    Package unavailable to check Rd xrefs: 'ICSNP'
Flavor: r-release-osx-x86_64-snowleopard

Version: 1.2-4
Check: examples
Result: WARN
    checking a package with encoding 'latin1' in an ASCII locale
    
     OK
Flavor: r-release-osx-x86_64-snowleopard