CRAN Package Check Results for Package ICS

Last updated on 2015-08-02 21:47:07.

Flavor Version Tinstall Tcheck Ttotal Status Flags
r-devel-linux-x86_64-debian-clang 1.2-4 0.95 17.54 18.50 NOTE
r-devel-linux-x86_64-debian-gcc 1.2-4 0.94 16.17 17.11 NOTE
r-devel-linux-x86_64-fedora-clang 1.2-4 32.86 NOTE
r-devel-linux-x86_64-fedora-gcc 1.2-4 32.90 NOTE
r-devel-osx-x86_64-clang 1.2-4 31.56 OK
r-devel-windows-ix86+x86_64 1.2-4 4.00 28.00 32.00 NOTE
r-patched-linux-x86_64 1.2-4 1.05 16.63 17.68 OK
r-patched-solaris-sparc 1.2-4 216.50 OK
r-patched-solaris-x86 1.2-4 45.90 OK
r-release-linux-x86_64 1.2-4 1.02 16.97 17.98 OK
r-release-osx-x86_64-mavericks 1.2-4 OK
r-release-windows-ix86+x86_64 1.2-4 4.00 29.00 33.00 OK
r-oldrel-windows-ix86+x86_64 1.2-4 7.00 34.00 41.00 OK

Check Details

Version: 1.2-4
Check: R code for possible problems
Result: NOTE
    screeplot.ics: no visible global function definition for ‘axis’
    Undefined global functions or variables:
     axis
    Consider adding
     importFrom("graphics", "axis")
    to your NAMESPACE.
Flavors: r-devel-linux-x86_64-debian-clang, r-devel-linux-x86_64-debian-gcc, r-devel-linux-x86_64-fedora-clang, r-devel-linux-x86_64-fedora-gcc, r-devel-windows-ix86+x86_64