CRAN Package Check Results for Package ICS

Last updated on 2015-05-05 17:47:22.

Flavor Version Tinstall Tcheck Ttotal Status Flags
r-devel-linux-x86_64-debian-clang 1.2-4 0.93 15.98 16.92 OK
r-devel-linux-x86_64-debian-gcc 1.2-4 1.20 16.37 17.56 OK
r-devel-linux-x86_64-fedora-clang 1.2-4 34.18 OK
r-devel-linux-x86_64-fedora-gcc 1.2-4 31.33 OK
r-devel-osx-x86_64-clang 1.2-4 34.49 OK
r-devel-windows-ix86+x86_64 1.2-4 4.00 27.00 31.00 OK
r-patched-linux-x86_64 1.2-4 1.08 16.86 17.94 OK
r-patched-solaris-sparc 1.2-4 219.80 OK
r-patched-solaris-x86 1.2-4 47.10 OK
r-release-linux-x86_64 1.2-4 0.94 16.00 16.94 OK
r-release-osx-x86_64-mavericks 1.2-4 OK
r-release-osx-x86_64-snowleopard 1.2-4 ERROR
r-release-windows-ix86+x86_64 1.2-4 4.00 37.00 41.00 OK
r-oldrel-windows-ix86+x86_64 1.2-4 5.00 35.00 40.00 OK

Check Details

Version: 1.2-4
Check: package dependencies
Result: ERROR
    Package required but not available: ‘survey’
    
    Package suggested but not available for checking: ‘ICSNP’
    
    See section ‘The DESCRIPTION file’ in the ‘Writing R Extensions’
    manual.
Flavor: r-release-osx-x86_64-snowleopard