CRAN Package Check Results for Package ICS

Last updated on 2014-04-19 05:47:46.

Flavor Version Tinstall Tcheck Ttotal Status Flags
r-devel-linux-x86_64-debian-clang 1.2-4 1.12 18.31 19.44 OK
r-devel-linux-x86_64-debian-gcc 1.2-4 1.18 18.22 19.40 OK
r-devel-linux-x86_64-fedora-clang 1.2-4 39.59 OK
r-devel-linux-x86_64-fedora-gcc 1.2-4 37.31 OK
r-devel-macosx-x86_64-clang 1.2-4 38.21 OK
r-devel-macosx-x86_64-gcc 1.2-4 ERROR
r-devel-windows-ix86+x86_64 1.2-4 3.00 28.00 31.00 OK
r-patched-linux-x86_64 1.2-4 1.09 18.29 19.38 OK
r-patched-solaris-sparc 1.2-4 216.20 OK
r-patched-solaris-x86 1.2-4 53.30 OK
r-release-linux-ix86 1.2-4 2.00 34.00 36.00 OK
r-release-linux-x86_64 1.2-4 1.12 18.37 19.49 OK
r-release-macosx-x86_64 1.2-4 WARN
r-release-windows-ix86+x86_64 1.2-4 4.00 26.00 30.00 OK
r-oldrel-windows-ix86+x86_64 1.2-4 4.00 29.00 33.00 OK

Check Details

Version: 1.2-4
Check: package dependencies
Result: ERROR
    Package required but not available: ‘survey’
    
    Packages suggested but not available for checking: ‘robustbase’ ‘ICSNP’
    
    See the information on DESCRIPTION files in the chapter ‘Creating R
    packages’ of the ‘Writing R Extensions’ manual.
Flavor: r-devel-macosx-x86_64-gcc

Version: 1.2-4
Check: package dependencies
Result: NOTE
    Package suggested but not available for checking: 'ICSNP'
Flavor: r-release-macosx-x86_64

Version: 1.2-4
Check: Rd cross-references
Result: NOTE
    Package unavailable to check Rd xrefs: 'ICSNP'
Flavor: r-release-macosx-x86_64

Version: 1.2-4
Check: examples
Result: WARNING
    checking a package with encoding 'latin1' in an ASCII locale
    
     OK
Flavor: r-release-macosx-x86_64