CRAN Package Check Results for Package ICS

Last updated on 2015-02-01 15:47:36.

Flavor Version Tinstall Tcheck Ttotal Status Flags
r-devel-linux-x86_64-debian-clang 1.2-4 0.97 16.10 17.07 OK
r-devel-linux-x86_64-debian-gcc 1.2-4 1.04 15.56 16.59 OK
r-devel-linux-x86_64-fedora-clang 1.2-4 37.97 OK
r-devel-linux-x86_64-fedora-gcc 1.2-4 32.46 OK
r-devel-osx-x86_64-clang 1.2-4 39.91 OK
r-devel-windows-ix86+x86_64 1.2-4 5.00 28.00 33.00 OK
r-patched-linux-x86_64 1.2-4 1.28 18.64 19.92 OK
r-patched-solaris-sparc 1.2-4 222.90 OK
r-patched-solaris-x86 1.2-4 54.20 OK
r-release-linux-ix86 1.2-4 1.44 25.41 26.85 OK
r-release-linux-x86_64 1.2-4 1.06 18.08 19.13 OK
r-release-osx-x86_64-mavericks 1.2-4 OK
r-release-osx-x86_64-snowleopard 1.2-4 WARN
r-release-windows-ix86+x86_64 1.2-4 4.00 30.00 34.00 OK
r-oldrel-windows-ix86+x86_64 1.2-4 5.00 30.00 35.00 OK

Check Details

Version: 1.2-4
Check: package dependencies
Result: NOTE
    Package suggested but not available for checking: 'ICSNP'
Flavor: r-release-osx-x86_64-snowleopard

Version: 1.2-4
Check: Rd cross-references
Result: NOTE
    Package unavailable to check Rd xrefs: 'ICSNP'
Flavor: r-release-osx-x86_64-snowleopard

Version: 1.2-4
Check: examples
Result: WARN
    checking a package with encoding 'latin1' in an ASCII locale
    
     OK
Flavor: r-release-osx-x86_64-snowleopard