CRAN Package Check Results for Package ICS

Last updated on 2014-08-21 17:46:48.

Flavor Version Tinstall Tcheck Ttotal Status Flags
r-devel-linux-x86_64-debian-clang 1.2-4 1.40 17.76 19.16 OK
r-devel-linux-x86_64-debian-gcc 1.2-4 1.14 17.44 18.58 OK
r-devel-linux-x86_64-fedora-clang 1.2-4 44.96 OK
r-devel-linux-x86_64-fedora-gcc 1.2-4 36.60 OK
r-devel-osx-x86_64-clang 1.2-4 36.73 OK
r-devel-windows-ix86+x86_64 1.2-4 4.00 29.00 33.00 OK
r-patched-linux-x86_64 1.2-4 1.08 17.55 18.64 OK
r-patched-solaris-sparc 1.2-4 218.30 OK
r-patched-solaris-x86 1.2-4 52.80 OK
r-release-linux-ix86 1.2-4 1.56 25.97 27.53 OK
r-release-linux-x86_64 1.2-4 1.12 18.56 19.68 OK
r-release-osx-x86_64-mavericks 1.2-4 OK
r-release-osx-x86_64-snowleopard 1.2-4 WARN
r-release-windows-ix86+x86_64 1.2-4 3.00 29.00 32.00 OK
r-oldrel-windows-ix86+x86_64 1.2-4 5.00 30.00 35.00 OK

Check Details

Version: 1.2-4
Check: package dependencies
Result: NOTE
    Package suggested but not available for checking: 'ICSNP'
Flavor: r-release-osx-x86_64-snowleopard

Version: 1.2-4
Check: Rd cross-references
Result: NOTE
    Package unavailable to check Rd xrefs: 'ICSNP'
Flavor: r-release-osx-x86_64-snowleopard

Version: 1.2-4
Check: examples
Result: WARN
    checking a package with encoding 'latin1' in an ASCII locale
    
     OK
Flavor: r-release-osx-x86_64-snowleopard