CRAN Package Check Results for Package ICSNP

Last updated on 2017-08-17 02:47:51.

Flavor Version Tinstall Tcheck Ttotal Status Flags
r-devel-linux-x86_64-debian-clang 1.1-0 4.00 40.74 44.74 NOTE
r-devel-linux-x86_64-debian-gcc 1.1-0 3.34 40.09 43.43 NOTE
r-devel-linux-x86_64-fedora-clang 1.1-0 106.43 NOTE
r-devel-linux-x86_64-fedora-gcc 1.1-0 99.84 NOTE
r-devel-windows-ix86+x86_64 1.1-0 11.00 86.00 97.00 OK
r-patched-linux-x86_64 1.1-0 3.48 41.33 44.81 NOTE
r-patched-solaris-x86 1.1-0 123.80 OK
r-release-linux-x86_64 1.1-0 3.43 40.97 44.39 NOTE
r-release-windows-ix86+x86_64 1.1-0 11.00 96.00 107.00 OK
r-release-osx-x86_64 1.1-0 OK
r-oldrel-windows-ix86+x86_64 1.1-0 10.00 76.00 86.00 OK
r-oldrel-osx-x86_64 1.1-0 OK

Check Details

Version: 1.1-0
Check: compiled code
Result: NOTE
    File ‘ICSNP/libs/ICSNP.so’:
     Found no calls to: ‘R_registerRoutines’, ‘R_useDynamicSymbols’
    
    It is good practice to register native routines and to disable symbol
    search.
    
    See ‘Writing portable packages’ in the ‘Writing R Extensions’ manual.
Flavors: r-devel-linux-x86_64-debian-clang, r-devel-linux-x86_64-debian-gcc, r-devel-linux-x86_64-fedora-clang, r-devel-linux-x86_64-fedora-gcc, r-patched-linux-x86_64, r-release-linux-x86_64