CRAN Package Check Results for Package ICSNP

Last updated on 2017-05-22 16:48:42.

Flavor Version Tinstall Tcheck Ttotal Status Flags
r-devel-linux-x86_64-debian-clang 1.1-0 4.07 42.37 46.44 NOTE
r-devel-linux-x86_64-debian-gcc 1.1-0 3.59 40.08 43.67 NOTE
r-devel-linux-x86_64-fedora-clang 1.1-0 98.36 NOTE --no-stop-on-test-error
r-devel-linux-x86_64-fedora-gcc 1.1-0 93.78 NOTE --no-stop-on-test-error
r-devel-windows-ix86+x86_64 1.1-0 15.00 126.00 141.00 OK
r-patched-linux-x86_64 1.1-0 3.36 40.77 44.13 NOTE
r-patched-solaris-sparc 1.1-0 611.40 OK
r-patched-solaris-x86 1.1-0 127.50 OK
r-release-linux-x86_64 1.1-0 3.54 42.09 45.63 NOTE
r-release-windows-ix86+x86_64 1.1-0 11.00 128.00 139.00 OK
r-release-osx-x86_64 1.1-0 OK
r-oldrel-windows-ix86+x86_64 1.1-0 21.00 109.00 130.00 OK
r-oldrel-osx-x86_64 1.1-0 OK

Check Details

Version: 1.1-0
Check: compiled code
Result: NOTE
    File ‘ICSNP/libs/ICSNP.so’:
     Found no calls to: ‘R_registerRoutines’, ‘R_useDynamicSymbols’
    
    It is good practice to register native routines and to disable symbol
    search.
    
    See ‘Writing portable packages’ in the ‘Writing R Extensions’ manual.
Flavors: r-devel-linux-x86_64-debian-clang, r-devel-linux-x86_64-debian-gcc, r-patched-linux-x86_64, r-release-linux-x86_64

Version: 1.1-0
Flags: --no-stop-on-test-error
Check: compiled code
Result: NOTE
    File ‘ICSNP/libs/ICSNP.so’:
     Found no calls to: ‘R_registerRoutines’, ‘R_useDynamicSymbols’
    
    It is good practice to register native routines and to disable symbol
    search.
    
    See ‘Writing portable packages’ in the ‘Writing R Extensions’ manual.
Flavors: r-devel-linux-x86_64-fedora-clang, r-devel-linux-x86_64-fedora-gcc