CRAN Package Check Results for Package ICSNP

Last updated on 2017-10-17 19:47:56.

Flavor Version Tinstall Tcheck Ttotal Status Flags
r-devel-linux-x86_64-debian-clang 1.1-0 3.84 42.08 45.92 NOTE
r-devel-linux-x86_64-debian-gcc 1.1-0 4.26 42.83 47.09 NOTE
r-devel-linux-x86_64-fedora-clang 1.1-0 98.42 NOTE
r-devel-linux-x86_64-fedora-gcc 1.1-0 96.31 NOTE
r-devel-windows-ix86+x86_64 1.1-0 12.00 86.00 98.00 OK
r-patched-linux-x86_64 1.1-0 3.59 41.00 44.60 NOTE
r-patched-solaris-x86 1.1-0 126.80 OK
r-release-linux-x86_64 1.1-0 3.42 41.43 44.84 NOTE
r-release-windows-ix86+x86_64 1.1-0 19.00 84.00 103.00 OK
r-release-osx-x86_64 1.1-0 OK
r-oldrel-windows-ix86+x86_64 1.1-0 15.00 116.00 131.00 OK
r-oldrel-osx-x86_64 1.1-0 OK

Check Details

Version: 1.1-0
Check: compiled code
Result: NOTE
    File ‘ICSNP/libs/ICSNP.so’:
     Found no calls to: ‘R_registerRoutines’, ‘R_useDynamicSymbols’
    
    It is good practice to register native routines and to disable symbol
    search.
    
    See ‘Writing portable packages’ in the ‘Writing R Extensions’ manual.
Flavors: r-devel-linux-x86_64-debian-clang, r-devel-linux-x86_64-debian-gcc, r-devel-linux-x86_64-fedora-clang, r-devel-linux-x86_64-fedora-gcc, r-patched-linux-x86_64, r-release-linux-x86_64