CRAN Package Check Results for Package ICSNP

Last updated on 2017-12-15 04:47:21 CET.

Flavor Version Tinstall Tcheck Ttotal Status Flags
r-devel-linux-x86_64-debian-clang 1.1-0 5.32 41.50 46.82 FAIL
r-devel-linux-x86_64-debian-gcc 1.1-0 3.94 46.76 50.70 NOTE
r-devel-linux-x86_64-fedora-clang 1.1-0 82.36 NOTE
r-devel-linux-x86_64-fedora-gcc 1.1-0 80.76 NOTE
r-devel-windows-ix86+x86_64 1.1-0 11.00 135.00 146.00 OK
r-patched-linux-x86_64 1.1-0 5.20 65.40 70.60 NOTE
r-patched-solaris-x86 1.1-0 123.00 OK
r-release-linux-x86_64 1.1-0 4.53 63.60 68.13 NOTE
r-release-windows-ix86+x86_64 1.1-0 11.00 89.00 100.00 OK
r-release-osx-x86_64 1.1-0 OK
r-oldrel-windows-ix86+x86_64 1.1-0 11.00 112.00 123.00 OK
r-oldrel-osx-x86_64 1.1-0 OK

Check Details

Version: 1.1-0
Check: pragmas in C/C++ headers and code
Result: FAIL
    
Flavor: r-devel-linux-x86_64-debian-clang

Version: 1.1-0
Check: compiled code
Result: NOTE
    File ‘ICSNP/libs/ICSNP.so’:
     Found no calls to: ‘R_registerRoutines’, ‘R_useDynamicSymbols’
    
    It is good practice to register native routines and to disable symbol
    search.
    
    See ‘Writing portable packages’ in the ‘Writing R Extensions’ manual.
Flavors: r-devel-linux-x86_64-debian-gcc, r-devel-linux-x86_64-fedora-clang, r-devel-linux-x86_64-fedora-gcc, r-patched-linux-x86_64, r-release-linux-x86_64