CRAN Package Check Results for Package ICSNP

Last updated on 2015-02-26 23:47:46.

Flavor Version Tinstall Tcheck Ttotal Status Flags
r-devel-linux-x86_64-debian-clang 1.0-9 1.98 20.21 22.19 NOTE
r-devel-linux-x86_64-debian-gcc 1.0-9 1.72 19.96 21.69 NOTE
r-devel-linux-x86_64-fedora-clang 1.0-9 43.69 NOTE
r-devel-linux-x86_64-fedora-gcc 1.0-9 39.91 NOTE
r-devel-osx-x86_64-clang 1.0-9 42.24 NOTE
r-devel-windows-ix86+x86_64 1.0-9 11.00 43.00 54.00 NOTE
r-patched-linux-x86_64 1.0-9 2.16 23.57 25.73 NOTE
r-patched-solaris-sparc 1.0-9 304.00 NOTE
r-patched-solaris-x86 1.0-9 67.10 NOTE
r-release-linux-ix86 1.0-9 2.43 33.66 36.10 NOTE
r-release-linux-x86_64 1.0-9 1.93 22.70 24.63 NOTE
r-release-osx-x86_64-mavericks 1.0-9 NOTE
r-release-osx-x86_64-snowleopard 1.0-9 WARN
r-release-windows-ix86+x86_64 1.0-9 9.00 50.00 59.00 NOTE
r-oldrel-windows-ix86+x86_64 1.0-9 9.00 52.00 61.00 NOTE

Check Details

Version: 1.0-9
Check: DESCRIPTION meta-information
Result: NOTE
    Malformed Description field: should contain one or more complete sentences.
Flavors: r-devel-linux-x86_64-debian-clang, r-devel-linux-x86_64-debian-gcc, r-devel-linux-x86_64-fedora-clang, r-devel-linux-x86_64-fedora-gcc, r-devel-osx-x86_64-clang, r-devel-windows-ix86+x86_64

Version: 1.0-9
Check: dependencies in R code
Result: NOTE
    ':::' call which should be '::': ‘base:::norm’
     See the note in ?`:::` about the use of this operator.
    Unexported objects imported by ':::' calls:
     ‘ICS:::frobenius.norm’ ‘ICS:::mat.sqrt’
     See the note in ?`:::` about the use of this operator.
Flavors: r-devel-linux-x86_64-debian-clang, r-devel-linux-x86_64-debian-gcc, r-devel-linux-x86_64-fedora-clang, r-devel-linux-x86_64-fedora-gcc, r-devel-osx-x86_64-clang, r-devel-windows-ix86+x86_64, r-patched-linux-x86_64, r-patched-solaris-x86

Version: 1.0-9
Check: dependencies in R code
Result: NOTE
    ':::' call which should be '::': ‘base:::norm’
     See the note in ?`:::` about the use of this operator.
    Unexported objects imported by ':::' calls:
     ‘ICS:::frobenius.norm’ ‘ICS:::mat.sqrt’
     See the note in ?`:::` about the use of this operator.
    See the information on DESCRIPTION files in the chapter ‘Creating R
    packages’ of the ‘Writing R Extensions’ manual.
Flavors: r-patched-solaris-sparc, r-release-linux-ix86, r-release-linux-x86_64, r-release-osx-x86_64-mavericks, r-release-osx-x86_64-snowleopard, r-release-windows-ix86+x86_64, r-oldrel-windows-ix86+x86_64

Version: 1.0-9
Check: examples
Result: WARN
    checking a package with encoding 'latin1' in an ASCII locale
    
     OK
Flavor: r-release-osx-x86_64-snowleopard