CRAN Package Check Results for Package ICSNP

Last updated on 2014-04-24 11:48:48.

Flavor Version Tinstall Tcheck Ttotal Status Flags
r-devel-linux-x86_64-debian-clang 1.0-9 1.80 22.92 24.72 NOTE
r-devel-linux-x86_64-debian-gcc 1.0-9 1.88 23.14 25.02 NOTE
r-devel-linux-x86_64-fedora-clang 1.0-9 47.45 NOTE
r-devel-linux-x86_64-fedora-gcc 1.0-9 46.23 NOTE
r-devel-osx-x86_64-clang 1.0-9 44.90 NOTE
r-devel-osx-x86_64-gcc 1.0-9 ERROR
r-devel-windows-ix86+x86_64 1.0-9 7.00 41.00 48.00 NOTE
r-patched-linux-x86_64 1.0-9 1.81 23.38 25.19 NOTE
r-patched-solaris-sparc 1.0-9 276.50 NOTE
r-patched-solaris-x86 1.0-9 63.50 NOTE
r-release-linux-ix86 1.0-9 3.00 41.00 44.00 NOTE
r-release-linux-x86_64 1.0-9 1.81 22.80 24.61 NOTE
r-release-osx-x86_64-mavericks 1.0-9 NOTE
r-release-osx-x86_64-snowleopard 1.0-9 WARN
r-release-windows-ix86+x86_64 1.0-9 7.00 45.00 52.00 NOTE
r-oldrel-windows-ix86+x86_64 1.0-9 7.00 47.00 54.00 NOTE

Check Details

Version: 1.0-9
Check: dependencies in R code
Result: NOTE
    ':::' call which should be '::': ‘base:::norm’
     See the note in ?`:::` about the use of this operator.
    Unexported objects imported by ':::' calls:
     ‘ICS:::frobenius.norm’ ‘ICS:::mat.sqrt’
     See the note in ?`:::` about the use of this operator.
    See the information on DESCRIPTION files in the chapter ‘Creating R
    packages’ of the ‘Writing R Extensions’ manual.
Flavors: r-devel-linux-x86_64-debian-clang, r-devel-linux-x86_64-debian-gcc, r-devel-linux-x86_64-fedora-clang, r-devel-linux-x86_64-fedora-gcc, r-devel-osx-x86_64-clang, r-devel-windows-ix86+x86_64, r-patched-linux-x86_64, r-patched-solaris-sparc, r-patched-solaris-x86, r-release-linux-ix86, r-release-linux-x86_64, r-release-osx-x86_64-mavericks, r-release-osx-x86_64-snowleopard, r-release-windows-ix86+x86_64, r-oldrel-windows-ix86+x86_64

Version: 1.0-9
Check: package dependencies
Result: ERROR
    Package required but not available: ‘ICS’
    
    See the information on DESCRIPTION files in the chapter ‘Creating R
    packages’ of the ‘Writing R Extensions’ manual.
Flavor: r-devel-osx-x86_64-gcc

Version: 1.0-9
Check: examples
Result: WARNING
    checking a package with encoding 'latin1' in an ASCII locale
    
     OK
Flavor: r-release-osx-x86_64-snowleopard