CRAN Package Check Results for Package ICSNP

Last updated on 2014-07-28 20:46:58.

Flavor Version Tinstall Tcheck Ttotal Status Flags
r-devel-linux-x86_64-debian-clang 1.0-9 1.64 21.53 23.16 NOTE
r-devel-linux-x86_64-debian-gcc 1.0-9 1.74 22.75 24.50 NOTE
r-devel-linux-x86_64-fedora-clang 1.0-9 48.67 NOTE
r-devel-linux-x86_64-fedora-gcc 1.0-9 45.31 NOTE
r-devel-osx-x86_64-clang 1.0-9 42.65 NOTE
r-devel-windows-ix86+x86_64 1.0-9 8.00 47.00 55.00 NOTE
r-patched-linux-x86_64 1.0-9 1.73 22.04 23.77 NOTE
r-patched-solaris-sparc 1.0-9 276.50 NOTE
r-patched-solaris-x86 1.0-9 61.20 NOTE
r-release-linux-ix86 1.0-9 2.52 32.04 34.56 NOTE
r-release-linux-x86_64 1.0-9 1.94 22.25 24.19 NOTE
r-release-osx-x86_64-mavericks 1.0-9 NOTE
r-release-osx-x86_64-snowleopard 1.0-9 WARN
r-release-windows-ix86+x86_64 1.0-9 7.00 52.00 59.00 NOTE
r-oldrel-windows-ix86+x86_64 1.0-9 9.00 46.00 55.00 NOTE

Check Details

Version: 1.0-9
Check: dependencies in R code
Result: NOTE
    ':::' call which should be '::': base:::norm
     See the note in ?`:::` about the use of this operator.
    Unexported objects imported by ':::' calls:
     ICS:::frobenius.norm ICS:::mat.sqrt
     See the note in ?`:::` about the use of this operator.
    See the information on DESCRIPTION files in the chapter Creating R
    packages of the Writing R Extensions manual.
Flavors: r-devel-linux-x86_64-debian-clang, r-devel-linux-x86_64-debian-gcc, r-devel-linux-x86_64-fedora-clang, r-devel-linux-x86_64-fedora-gcc, r-devel-osx-x86_64-clang, r-devel-windows-ix86+x86_64, r-patched-linux-x86_64, r-patched-solaris-sparc, r-patched-solaris-x86, r-release-linux-ix86, r-release-linux-x86_64, r-release-osx-x86_64-mavericks, r-release-osx-x86_64-snowleopard, r-release-windows-ix86+x86_64, r-oldrel-windows-ix86+x86_64

Version: 1.0-9
Check: examples
Result: WARNING
    checking a package with encoding 'latin1' in an ASCII locale
    
     OK
Flavor: r-release-osx-x86_64-snowleopard