CRAN Package Check Results for Package ICSNP

Last updated on 2017-03-27 06:48:14.

Flavor Version Tinstall Tcheck Ttotal Status Flags
r-devel-linux-x86_64-debian-clang 1.1-0 4.12 41.32 45.43 NOTE
r-devel-linux-x86_64-debian-gcc 1.1-0 3.64 41.06 44.70 NOTE
r-devel-linux-x86_64-fedora-clang 1.1-0 94.88 NOTE --no-stop-on-test-error
r-devel-linux-x86_64-fedora-gcc 1.1-0 92.18 NOTE --no-stop-on-test-error
r-devel-macos-x86_64-clang 1.1-0 72.71 NOTE --no-stop-on-test-error
r-devel-windows-ix86+x86_64 1.1-0 12.00 125.00 137.00 OK
r-patched-linux-x86_64 1.1-0 3.27 41.40 44.67 NOTE
r-patched-solaris-sparc 1.1-0 611.40 OK
r-patched-solaris-x86 1.1-0 126.50 OK
r-release-linux-x86_64 1.1-0 3.13 37.57 40.69 OK
r-release-osx-x86_64-mavericks 1.1-0 OK
r-release-windows-ix86+x86_64 1.1-0 16.00 78.00 94.00 OK
r-oldrel-windows-ix86+x86_64 1.1-0 11.00 83.00 94.00 OK

Check Details

Version: 1.1-0
Check: compiled code
Result: NOTE
    File ‘ICSNP/libs/ICSNP.so’:
     Found no calls to: ‘R_registerRoutines’, ‘R_useDynamicSymbols’
    
    It is good practice to register native routines and to disable symbol
    search.
    
    See ‘Writing portable packages’ in the ‘Writing R Extensions’ manual.
Flavors: r-devel-linux-x86_64-debian-clang, r-devel-linux-x86_64-debian-gcc, r-patched-linux-x86_64

Version: 1.1-0
Flags: --no-stop-on-test-error
Check: compiled code
Result: NOTE
    File ‘ICSNP/libs/ICSNP.so’:
     Found no calls to: ‘R_registerRoutines’, ‘R_useDynamicSymbols’
    
    It is good practice to register native routines and to disable symbol
    search.
    
    See ‘Writing portable packages’ in the ‘Writing R Extensions’ manual.
Flavors: r-devel-linux-x86_64-fedora-clang, r-devel-linux-x86_64-fedora-gcc, r-devel-macos-x86_64-clang