CRAN Package Check Results for Package ICSNP

Last updated on 2017-06-23 15:48:04.

Flavor Version Tinstall Tcheck Ttotal Status Flags
r-devel-linux-x86_64-debian-clang 1.1-0 4.12 42.58 46.71 NOTE
r-devel-linux-x86_64-debian-gcc 1.1-0 3.53 40.65 44.17 NOTE
r-devel-linux-x86_64-fedora-clang 1.1-0 97.46 NOTE
r-devel-linux-x86_64-fedora-gcc 1.1-0 98.92 NOTE
r-devel-windows-ix86+x86_64 1.1-0 19.00 119.00 138.00 OK
r-patched-linux-x86_64 1.1-0 3.33 42.24 45.57 NOTE
r-patched-solaris-sparc 1.1-0 611.40 OK
r-patched-solaris-x86 1.1-0 125.40 OK
r-release-linux-x86_64 1.1-0 3.90 43.63 47.52 NOTE
r-release-windows-ix86+x86_64 1.1-0 12.00 122.00 134.00 OK
r-release-osx-x86_64 1.1-0 OK
r-oldrel-windows-ix86+x86_64 1.1-0 17.00 106.00 123.00 OK
r-oldrel-osx-x86_64 1.1-0 OK

Check Details

Version: 1.1-0
Check: compiled code
Result: NOTE
    File ‘ICSNP/libs/ICSNP.so’:
     Found no calls to: ‘R_registerRoutines’, ‘R_useDynamicSymbols’
    
    It is good practice to register native routines and to disable symbol
    search.
    
    See ‘Writing portable packages’ in the ‘Writing R Extensions’ manual.
Flavors: r-devel-linux-x86_64-debian-clang, r-devel-linux-x86_64-debian-gcc, r-devel-linux-x86_64-fedora-clang, r-devel-linux-x86_64-fedora-gcc, r-patched-linux-x86_64, r-release-linux-x86_64