CRAN Package Check Results for Package ICSNP

Last updated on 2015-07-31 22:49:32.

Flavor Version Tinstall Tcheck Ttotal Status Flags
r-devel-linux-x86_64-debian-clang 1.0-9 1.82 20.50 22.32 NOTE
r-devel-linux-x86_64-debian-gcc 1.0-9 2.31 20.49 22.80 NOTE
r-devel-linux-x86_64-fedora-clang 1.0-9 42.14 NOTE
r-devel-linux-x86_64-fedora-gcc 1.0-9 40.84 NOTE
r-devel-osx-x86_64-clang 1.0-9 38.04 NOTE
r-devel-windows-ix86+x86_64 1.0-9 11.00 42.00 53.00 NOTE
r-patched-linux-x86_64 1.0-9 1.72 19.64 21.36 NOTE
r-patched-solaris-sparc 1.0-9 272.60 NOTE
r-patched-solaris-x86 1.0-9 55.80 NOTE
r-release-linux-x86_64 1.0-9 1.63 20.38 22.01 NOTE
r-release-osx-x86_64-mavericks 1.0-9 NOTE
r-release-windows-ix86+x86_64 1.0-9 11.00 73.00 84.00 NOTE
r-oldrel-windows-ix86+x86_64 1.0-9 9.00 75.00 84.00 NOTE

Check Details

Version: 1.0-9
Check: DESCRIPTION meta-information
Result: NOTE
    Malformed Description field: should contain one or more complete sentences.
Flavors: r-devel-linux-x86_64-debian-clang, r-devel-linux-x86_64-debian-gcc, r-devel-linux-x86_64-fedora-clang, r-devel-linux-x86_64-fedora-gcc, r-devel-osx-x86_64-clang, r-devel-windows-ix86+x86_64, r-patched-linux-x86_64, r-patched-solaris-sparc, r-patched-solaris-x86, r-release-linux-x86_64, r-release-osx-x86_64-mavericks, r-release-windows-ix86+x86_64

Version: 1.0-9
Check: dependencies in R code
Result: NOTE
    ':::' call which should be '::': ‘base:::norm’
     See the note in ?`:::` about the use of this operator.
    Unexported objects imported by ':::' calls:
     ‘ICS:::frobenius.norm’ ‘ICS:::mat.sqrt’
     See the note in ?`:::` about the use of this operator.
Flavors: r-devel-linux-x86_64-debian-clang, r-devel-linux-x86_64-debian-gcc, r-devel-linux-x86_64-fedora-clang, r-devel-linux-x86_64-fedora-gcc, r-devel-osx-x86_64-clang, r-devel-windows-ix86+x86_64, r-patched-linux-x86_64, r-patched-solaris-sparc, r-patched-solaris-x86, r-release-linux-x86_64, r-release-osx-x86_64-mavericks, r-release-windows-ix86+x86_64, r-oldrel-windows-ix86+x86_64

Version: 1.0-9
Check: R code for possible problems
Result: NOTE
    HotellingsT2.formula: no visible binding for global variable ‘data’
    rank.ctest.formula: no visible binding for global variable ‘data’
    Undefined global functions or variables:
     data
    Consider adding
     importFrom("utils", "data")
    to your NAMESPACE.
Flavors: r-devel-linux-x86_64-debian-clang, r-devel-linux-x86_64-debian-gcc, r-devel-linux-x86_64-fedora-clang, r-devel-linux-x86_64-fedora-gcc, r-devel-windows-ix86+x86_64