CRAN Package Check Results for Package ICSNP

Last updated on 2015-01-30 23:48:47.

Flavor Version Tinstall Tcheck Ttotal Status Flags
r-devel-linux-x86_64-debian-clang 1.0-9 1.74 20.61 22.35 NOTE
r-devel-linux-x86_64-debian-gcc 1.0-9 1.73 21.66 23.39 NOTE
r-devel-linux-x86_64-fedora-clang 1.0-9 47.18 NOTE
r-devel-linux-x86_64-fedora-gcc 1.0-9 44.88 NOTE
r-devel-osx-x86_64-clang 1.0-9 45.74 NOTE
r-devel-windows-ix86+x86_64 1.0-9 11.00 40.00 51.00 NOTE
r-patched-linux-x86_64 1.0-9 1.90 22.90 24.80 NOTE
r-patched-solaris-sparc 1.0-9 304.00 NOTE
r-patched-solaris-x86 1.0-9 67.50 NOTE
r-release-linux-ix86 1.0-9 2.43 30.16 32.59 NOTE
r-release-linux-x86_64 1.0-9 2.00 22.91 24.91 NOTE
r-release-osx-x86_64-mavericks 1.0-9 NOTE
r-release-osx-x86_64-snowleopard 1.0-9 WARN
r-release-windows-ix86+x86_64 1.0-9 8.00 51.00 59.00 NOTE
r-oldrel-windows-ix86+x86_64 1.0-9 8.00 47.00 55.00 NOTE

Check Details

Version: 1.0-9
Check: dependencies in R code
Result: NOTE
    ':::' call which should be '::': ‘base:::norm’
     See the note in ?`:::` about the use of this operator.
    Unexported objects imported by ':::' calls:
     ‘ICS:::frobenius.norm’ ‘ICS:::mat.sqrt’
     See the note in ?`:::` about the use of this operator.
Flavors: r-devel-linux-x86_64-debian-clang, r-devel-linux-x86_64-debian-gcc, r-devel-linux-x86_64-fedora-clang, r-devel-linux-x86_64-fedora-gcc, r-devel-osx-x86_64-clang, r-devel-windows-ix86+x86_64

Version: 1.0-9
Check: dependencies in R code
Result: NOTE
    ':::' call which should be '::': ‘base:::norm’
     See the note in ?`:::` about the use of this operator.
    Unexported objects imported by ':::' calls:
     ‘ICS:::frobenius.norm’ ‘ICS:::mat.sqrt’
     See the note in ?`:::` about the use of this operator.
    See the information on DESCRIPTION files in the chapter ‘Creating R
    packages’ of the ‘Writing R Extensions’ manual.
Flavors: r-patched-linux-x86_64, r-patched-solaris-sparc, r-patched-solaris-x86, r-release-linux-ix86, r-release-linux-x86_64, r-release-osx-x86_64-mavericks, r-release-osx-x86_64-snowleopard, r-release-windows-ix86+x86_64, r-oldrel-windows-ix86+x86_64

Version: 1.0-9
Check: examples
Result: WARN
    checking a package with encoding 'latin1' in an ASCII locale
    
     OK
Flavor: r-release-osx-x86_64-snowleopard