CRAN Package Check Results for Package ICSNP

Last updated on 2017-04-24 08:47:56.

Flavor Version Tinstall Tcheck Ttotal Status Flags
r-devel-linux-x86_64-debian-clang 1.1-0 3.93 41.27 45.20 NOTE
r-devel-linux-x86_64-debian-gcc 1.1-0 3.52 39.75 43.27 NOTE
r-devel-linux-x86_64-fedora-clang 1.1-0 95.61 NOTE --no-stop-on-test-error
r-devel-linux-x86_64-fedora-gcc 1.1-0 93.20 NOTE --no-stop-on-test-error
r-devel-windows-ix86+x86_64 1.1-0 16.00 139.00 155.00 OK
r-patched-linux-x86_64 1.1-0 3.46 43.25 46.71 NOTE
r-patched-solaris-sparc 1.1-0 611.40 OK
r-patched-solaris-x86 1.1-0 125.70 OK
r-release-linux-x86_64 1.1-0 3.35 40.81 44.16 NOTE
r-release-windows-ix86+x86_64 1.1-0 12.00 94.00 106.00 OK
r-release-osx-x86_64 1.1-0 OK
r-oldrel-windows-ix86+x86_64 1.1-0 11.00 78.00 89.00 OK
r-oldrel-osx-x86_64 1.1-0 OK

Check Details

Version: 1.1-0
Check: compiled code
Result: NOTE
    File ‘ICSNP/libs/ICSNP.so’:
     Found no calls to: ‘R_registerRoutines’, ‘R_useDynamicSymbols’
    
    It is good practice to register native routines and to disable symbol
    search.
    
    See ‘Writing portable packages’ in the ‘Writing R Extensions’ manual.
Flavors: r-devel-linux-x86_64-debian-clang, r-devel-linux-x86_64-debian-gcc, r-patched-linux-x86_64, r-release-linux-x86_64

Version: 1.1-0
Flags: --no-stop-on-test-error
Check: compiled code
Result: NOTE
    File ‘ICSNP/libs/ICSNP.so’:
     Found no calls to: ‘R_registerRoutines’, ‘R_useDynamicSymbols’
    
    It is good practice to register native routines and to disable symbol
    search.
    
    See ‘Writing portable packages’ in the ‘Writing R Extensions’ manual.
Flavors: r-devel-linux-x86_64-fedora-clang, r-devel-linux-x86_64-fedora-gcc