CRAN Package Check Results for Package ICSNP

Last updated on 2017-02-22 07:48:20.

Flavor Version Tinstall Tcheck Ttotal Status Flags
r-devel-linux-x86_64-debian-clang 1.1-0 3.74 40.73 44.47 NOTE
r-devel-linux-x86_64-debian-gcc 1.1-0 3.37 44.08 47.45 NOTE
r-devel-linux-x86_64-fedora-clang 1.1-0 96.55 NOTE --no-stop-on-test-error
r-devel-linux-x86_64-fedora-gcc 1.1-0 96.07 NOTE --no-stop-on-test-error
r-devel-macos-x86_64-clang 1.1-0 72.66 NOTE --no-stop-on-test-error
r-devel-windows-ix86+x86_64 1.1-0 17.00 127.00 144.00 OK
r-patched-linux-x86_64 1.1-0 3.31 40.27 43.57 OK
r-patched-solaris-sparc 1.1-0 499.50 OK
r-patched-solaris-x86 1.1-0 109.90 OK
r-release-linux-x86_64 1.1-0 3.33 37.48 40.81 OK
r-release-osx-x86_64-mavericks 1.1-0 OK
r-release-windows-ix86+x86_64 1.1-0 16.00 84.00 100.00 OK
r-oldrel-windows-ix86+x86_64 1.1-0 20.00 113.00 133.00 OK

Check Details

Version: 1.1-0
Check: compiled code
Result: NOTE
    File ‘ICSNP/libs/ICSNP.so’:
     Found no calls to: ‘R_registerRoutines’, ‘R_useDynamicSymbols’
    
    It is good practice to register native routines and to disable symbol
    search.
    
    See ‘Writing portable packages’ in the ‘Writing R Extensions’ manual.
Flavors: r-devel-linux-x86_64-debian-clang, r-devel-linux-x86_64-debian-gcc

Version: 1.1-0
Flags: --no-stop-on-test-error
Check: compiled code
Result: NOTE
    File ‘ICSNP/libs/ICSNP.so’:
     Found no calls to: ‘R_registerRoutines’, ‘R_useDynamicSymbols’
    
    It is good practice to register native routines and to disable symbol
    search.
    
    See ‘Writing portable packages’ in the ‘Writing R Extensions’ manual.
Flavors: r-devel-linux-x86_64-fedora-clang, r-devel-linux-x86_64-fedora-gcc, r-devel-macos-x86_64-clang