CRAN Package Check Results for Package ICsurv

Last updated on 2019-05-24 19:47:44 CEST.

Flavor Version Tinstall Tcheck Ttotal Status Flags
r-devel-linux-x86_64-debian-clang 1.0 2.78 24.23 27.01 NOTE
r-devel-linux-x86_64-debian-gcc 1.0 2.14 19.05 21.19 NOTE
r-devel-linux-x86_64-fedora-clang 1.0 31.88 NOTE
r-devel-linux-x86_64-fedora-gcc 1.0 30.36 NOTE
r-devel-windows-ix86+x86_64 1.0 5.00 54.00 59.00 NOTE
r-patched-linux-x86_64 1.0 NOTE
r-patched-solaris-x86 1.0 49.90 NOTE
r-release-linux-x86_64 1.0 2.90 23.91 26.81 NOTE
r-release-windows-ix86+x86_64 1.0 10.00 36.00 46.00 NOTE
r-release-osx-x86_64 1.0 NOTE
r-oldrel-windows-ix86+x86_64 1.0 5.00 35.00 40.00 NOTE
r-oldrel-osx-x86_64 1.0 NOTE

Check Details

Version: 1.0
Check: R code for possible problems
Result: NOTE
    PH.ICsurv.EM: no visible global function definition for 'quantile'
    PH.ICsurv.EM: no visible global function definition for 'optim'
    fast.PH.ICsurv.EM: no visible global function definition for 'quantile'
    fast.PH.ICsurv.EM: no visible global function definition for 'optim'
    Undefined global functions or variables:
     optim quantile
    Consider adding
     importFrom("stats", "optim", "quantile")
    to your NAMESPACE file.
Flavors: r-devel-linux-x86_64-debian-clang, r-devel-linux-x86_64-debian-gcc, r-devel-linux-x86_64-fedora-clang, r-devel-linux-x86_64-fedora-gcc, r-devel-windows-ix86+x86_64, r-patched-linux-x86_64, r-patched-solaris-x86, r-release-linux-x86_64, r-release-windows-ix86+x86_64, r-release-osx-x86_64, r-oldrel-windows-ix86+x86_64, r-oldrel-osx-x86_64