CRAN Package Check Results for Package ICsurv

Last updated on 2019-03-22 19:48:48 CET.

Flavor Version Tinstall Tcheck Ttotal Status Flags
r-devel-linux-x86_64-debian-clang 1.0 2.80 23.83 26.63 NOTE
r-devel-linux-x86_64-debian-gcc 1.0 1.97 19.01 20.98 NOTE
r-devel-linux-x86_64-fedora-clang 1.0 32.31 NOTE
r-devel-linux-x86_64-fedora-gcc 1.0 31.14 NOTE
r-devel-windows-ix86+x86_64 1.0 11.00 38.00 49.00 NOTE
r-patched-linux-x86_64 1.0 1.67 22.25 23.92 NOTE
r-patched-solaris-x86 1.0 45.60 NOTE
r-release-linux-x86_64 1.0 1.88 21.86 23.74 NOTE
r-release-windows-ix86+x86_64 1.0 4.00 57.00 61.00 NOTE
r-release-osx-x86_64 1.0 NOTE
r-oldrel-windows-ix86+x86_64 1.0 2.00 51.00 53.00 NOTE
r-oldrel-osx-x86_64 1.0 NOTE

Check Details

Version: 1.0
Check: R code for possible problems
Result: NOTE
    PH.ICsurv.EM: no visible global function definition for 'quantile'
    PH.ICsurv.EM: no visible global function definition for 'optim'
    fast.PH.ICsurv.EM: no visible global function definition for 'quantile'
    fast.PH.ICsurv.EM: no visible global function definition for 'optim'
    Undefined global functions or variables:
     optim quantile
    Consider adding
     importFrom("stats", "optim", "quantile")
    to your NAMESPACE file.
Flavors: r-devel-linux-x86_64-debian-clang, r-devel-linux-x86_64-debian-gcc, r-devel-linux-x86_64-fedora-clang, r-devel-linux-x86_64-fedora-gcc, r-devel-windows-ix86+x86_64, r-patched-linux-x86_64, r-patched-solaris-x86, r-release-linux-x86_64, r-release-windows-ix86+x86_64, r-release-osx-x86_64, r-oldrel-windows-ix86+x86_64, r-oldrel-osx-x86_64