CRAN Package Check Results for Package IDPmisc

Last updated on 2014-12-21 09:51:28.

Flavor Version Tinstall Tcheck Ttotal Status Flags
r-devel-linux-x86_64-debian-clang 1.1.17 1.65 47.05 48.70 NOTE
r-devel-linux-x86_64-debian-gcc 1.1.17 1.47 38.89 40.36 NOTE
r-devel-linux-x86_64-fedora-clang 1.1.17 86.07 NOTE
r-devel-linux-x86_64-fedora-gcc 1.1.17 79.35 NOTE
r-devel-osx-x86_64-clang 1.1.17 74.79 NOTE
r-devel-windows-ix86+x86_64 1.1.17 7.00 87.00 94.00 NOTE
r-patched-linux-x86_64 1.1.17 1.54 42.74 44.28 NOTE
r-patched-solaris-sparc 1.1.17 559.10 NOTE
r-patched-solaris-x86 1.1.17 108.20 NOTE
r-release-linux-ix86 1.1.17 2.08 52.32 54.40 NOTE
r-release-linux-x86_64 1.1.17 1.73 48.54 50.27 NOTE
r-release-osx-x86_64-mavericks 1.1.17 NOTE
r-release-windows-ix86+x86_64 1.1.17 8.00 92.00 100.00 NOTE
r-oldrel-windows-ix86+x86_64 1.1.17 9.00 109.00 118.00 NOTE

Check Details

Version: 1.1.17
Check: dependencies in R code
Result: NOTE
    Package in Depends field not imported from: ‘methods’
     These packages need to be imported from (in the NAMESPACE file)
     for when this namespace is loaded but not attached.
    See the information on DESCRIPTION files in the chapter ‘Creating R
    packages’ of the ‘Writing R Extensions’ manual.
Flavors: r-devel-linux-x86_64-debian-clang, r-devel-linux-x86_64-debian-gcc, r-devel-linux-x86_64-fedora-clang, r-devel-linux-x86_64-fedora-gcc, r-devel-osx-x86_64-clang, r-devel-windows-ix86+x86_64, r-patched-linux-x86_64, r-patched-solaris-sparc, r-patched-solaris-x86, r-release-linux-ix86, r-release-linux-x86_64, r-release-osx-x86_64-mavericks, r-release-windows-ix86+x86_64, r-oldrel-windows-ix86+x86_64

Version: 1.1.17
Check: package dependencies
Result: NOTE
    Package suggested but not available for checking: ‘PROcess’
Flavor: r-release-osx-x86_64-mavericks

Version: 1.1.17
Check: Rd cross-references
Result: NOTE
    Package unavailable to check Rd xrefs: ‘PROcess’
Flavor: r-release-osx-x86_64-mavericks