CRAN Package Check Results for Package IDPmisc

Last updated on 2015-05-22 11:47:59.

Flavor Version Tinstall Tcheck Ttotal Status Flags
r-devel-linux-x86_64-debian-clang 1.1.17 1.44 36.87 38.32 NOTE
r-devel-linux-x86_64-debian-gcc 1.1.17 1.49 36.68 38.17 NOTE
r-devel-linux-x86_64-fedora-clang 1.1.17 76.53 NOTE
r-devel-linux-x86_64-fedora-gcc 1.1.17 72.15 NOTE
r-devel-osx-x86_64-clang 1.1.17 71.26 NOTE
r-devel-windows-ix86+x86_64 1.1.17 9.00 82.00 91.00 NOTE
r-patched-linux-x86_64 1.1.17 1.48 45.53 47.01 NOTE
r-patched-solaris-sparc 1.1.17 539.10 NOTE
r-patched-solaris-x86 1.1.17 97.60 NOTE
r-release-linux-x86_64 1.1.17 1.43 37.21 38.64 NOTE
r-release-osx-x86_64-mavericks 1.1.17 NOTE
r-release-osx-x86_64-snowleopard 1.1.17 WARN
r-release-windows-ix86+x86_64 1.1.17 7.00 92.00 99.00 NOTE
r-oldrel-windows-ix86+x86_64 1.1.17 7.00 136.00 143.00 NOTE

Check Details

Version: 1.1.17
Check: dependencies in R code
Result: NOTE
    Package in Depends field not imported from: ‘methods’
     These packages need to be imported from (in the NAMESPACE file)
     for when this namespace is loaded but not attached.
Flavors: r-devel-linux-x86_64-debian-clang, r-devel-linux-x86_64-debian-gcc, r-devel-linux-x86_64-fedora-clang, r-devel-linux-x86_64-fedora-gcc, r-devel-osx-x86_64-clang, r-devel-windows-ix86+x86_64, r-patched-linux-x86_64, r-patched-solaris-sparc, r-patched-solaris-x86, r-release-linux-x86_64, r-release-osx-x86_64-mavericks, r-release-osx-x86_64-snowleopard, r-release-windows-ix86+x86_64, r-oldrel-windows-ix86+x86_64

Version: 1.1.17
Check: package dependencies
Result: NOTE
    Package suggested but not available for checking: ‘PROcess’
Flavors: r-release-osx-x86_64-mavericks, r-release-osx-x86_64-snowleopard

Version: 1.1.17
Check: Rd cross-references
Result: NOTE
    Package unavailable to check Rd xrefs: ‘PROcess’
Flavor: r-release-osx-x86_64-mavericks

Version: 1.1.17
Check: Rd cross-references
Result: WARN
    package ‘hexbin’ exists but was not installed under R >= 2.10.0 so xrefs cannot be checked
    Packages unavailable to check Rd xrefs: ‘PROcess’, ‘DAAG’
Flavor: r-release-osx-x86_64-snowleopard