CRAN Package Check Results for Package IDPmisc

Last updated on 2014-04-19 09:52:21.

Flavor Version Tinstall Tcheck Ttotal Status Flags
r-devel-linux-x86_64-debian-clang 1.1.17 1.86 42.39 44.25 NOTE
r-devel-linux-x86_64-debian-gcc 1.1.17 1.63 43.25 44.88 NOTE
r-devel-linux-x86_64-fedora-clang 1.1.17 88.24 NOTE
r-devel-linux-x86_64-fedora-gcc 1.1.17 84.19 NOTE
r-devel-macosx-x86_64-clang 1.1.17 71.94 NOTE
r-devel-macosx-x86_64-gcc 1.1.17 NOTE
r-devel-windows-ix86+x86_64 1.1.17 6.00 91.00 97.00 NOTE
r-patched-linux-x86_64 1.1.17 1.62 42.32 43.95 NOTE
r-patched-solaris-sparc 1.1.17 538.00 NOTE
r-patched-solaris-x86 1.1.17 104.70 NOTE
r-release-linux-ix86 1.1.17 5.00 71.00 76.00 NOTE
r-release-linux-x86_64 1.1.17 1.61 42.28 43.89 NOTE
r-release-windows-ix86+x86_64 1.1.17 8.00 95.00 103.00 NOTE
r-oldrel-windows-ix86+x86_64 1.1.17 8.00 100.00 108.00 NOTE

Check Details

Version: 1.1.17
Check: dependencies in R code
Result: NOTE
    Package in Depends field not imported from: ‘methods’
     These packages need to be imported from (in the NAMESPACE file)
     for when this namespace is loaded but not attached.
    See the information on DESCRIPTION files in the chapter ‘Creating R
    packages’ of the ‘Writing R Extensions’ manual.
Flavors: r-devel-linux-x86_64-debian-clang, r-devel-linux-x86_64-debian-gcc, r-devel-linux-x86_64-fedora-clang, r-devel-linux-x86_64-fedora-gcc, r-devel-macosx-x86_64-clang, r-devel-macosx-x86_64-gcc, r-devel-windows-ix86+x86_64, r-patched-linux-x86_64, r-patched-solaris-sparc, r-patched-solaris-x86, r-release-linux-ix86, r-release-linux-x86_64, r-release-windows-ix86+x86_64, r-oldrel-windows-ix86+x86_64

Version: 1.1.17
Check: package dependencies
Result: NOTE
    Package suggested but not available for checking: ‘PROcess’
Flavor: r-devel-macosx-x86_64-gcc

Version: 1.1.17
Check: Rd cross-references
Result: NOTE
    Packages unavailable to check Rd xrefs: ‘PROcess’, ‘DAAG’
Flavor: r-devel-macosx-x86_64-gcc