CRAN Package Check Results for Package IDPmisc

Last updated on 2014-09-21 00:46:44.

Flavor Version Tinstall Tcheck Ttotal Status Flags
r-devel-linux-x86_64-debian-clang 1.1.17 1.58 40.41 41.99 NOTE
r-devel-linux-x86_64-debian-gcc 1.1.17 1.52 40.41 41.93 NOTE
r-devel-linux-x86_64-fedora-clang 1.1.17 86.25 NOTE
r-devel-linux-x86_64-fedora-gcc 1.1.17 84.59 NOTE
r-devel-osx-x86_64-clang 1.1.17 70.33 NOTE
r-devel-windows-ix86+x86_64 1.1.17 7.00 91.00 98.00 NOTE
r-patched-linux-x86_64 1.1.17 1.53 41.25 42.78 NOTE
r-patched-solaris-sparc 1.1.17 559.10 NOTE
r-patched-solaris-x86 1.1.17 106.90 NOTE
r-release-linux-ix86 1.1.17 2.19 55.42 57.60 NOTE
r-release-linux-x86_64 1.1.17 1.59 41.67 43.26 NOTE
r-release-osx-x86_64-mavericks 1.1.17 NOTE
r-release-windows-ix86+x86_64 1.1.17 6.00 93.00 99.00 NOTE
r-oldrel-windows-ix86+x86_64 1.1.17 8.00 102.00 110.00 NOTE

Check Details

Version: 1.1.17
Check: dependencies in R code
Result: NOTE
    Package in Depends field not imported from: ‘methods’
     These packages need to be imported from (in the NAMESPACE file)
     for when this namespace is loaded but not attached.
    See the information on DESCRIPTION files in the chapter ‘Creating R
    packages’ of the ‘Writing R Extensions’ manual.
Flavors: r-devel-linux-x86_64-debian-clang, r-devel-linux-x86_64-debian-gcc, r-devel-linux-x86_64-fedora-clang, r-devel-linux-x86_64-fedora-gcc, r-devel-osx-x86_64-clang, r-devel-windows-ix86+x86_64, r-patched-linux-x86_64, r-patched-solaris-sparc, r-patched-solaris-x86, r-release-linux-ix86, r-release-linux-x86_64, r-release-osx-x86_64-mavericks, r-release-windows-ix86+x86_64, r-oldrel-windows-ix86+x86_64

Version: 1.1.17
Check: package dependencies
Result: NOTE
    Package suggested but not available for checking: ‘PROcess’
Flavor: r-release-osx-x86_64-mavericks

Version: 1.1.17
Check: Rd cross-references
Result: NOTE
    Package unavailable to check Rd xrefs: ‘PROcess’
Flavor: r-release-osx-x86_64-mavericks