CRAN Package Check Results for Package IDPmisc

Last updated on 2015-03-30 17:49:05.

Flavor Version Tinstall Tcheck Ttotal Status Flags
r-devel-linux-x86_64-debian-clang 1.1.17 1.41 37.21 38.62 NOTE
r-devel-linux-x86_64-debian-gcc 1.1.17 1.62 38.62 40.24 NOTE
r-devel-linux-x86_64-fedora-clang 1.1.17 78.78 NOTE
r-devel-linux-x86_64-fedora-gcc 1.1.17 71.82 NOTE
r-devel-osx-x86_64-clang 1.1.17 74.78 NOTE
r-prerel-windows-ix86+x86_64 1.1.17 7.00 87.00 94.00 NOTE
r-prerel-linux-x86_64 1.1.17 1.48 36.84 38.32 NOTE
r-prerel-solaris-sparc 1.1.17 539.10 NOTE
r-prerel-solaris-x86 1.1.17 97.20 NOTE
r-release-linux-x86_64 1.1.17 1.66 41.90 43.56 NOTE
r-release-osx-x86_64-mavericks 1.1.17 NOTE
r-release-windows-ix86+x86_64 1.1.17 8.00 94.00 102.00 NOTE
r-oldrel-windows-ix86+x86_64 1.1.17 7.00 106.00 113.00 NOTE

Check Details

Version: 1.1.17
Check: dependencies in R code
Result: NOTE
    Package in Depends field not imported from: ‘methods’
     These packages need to be imported from (in the NAMESPACE file)
     for when this namespace is loaded but not attached.
Flavors: r-devel-linux-x86_64-debian-clang, r-devel-linux-x86_64-debian-gcc, r-devel-linux-x86_64-fedora-clang, r-devel-linux-x86_64-fedora-gcc, r-devel-osx-x86_64-clang, r-prerel-windows-ix86+x86_64, r-prerel-linux-x86_64, r-prerel-solaris-sparc, r-prerel-solaris-x86, r-release-linux-x86_64, r-release-windows-ix86+x86_64

Version: 1.1.17
Check: package dependencies
Result: NOTE
    Package suggested but not available for checking: ‘PROcess’
Flavor: r-release-osx-x86_64-mavericks

Version: 1.1.17
Check: dependencies in R code
Result: NOTE
    Package in Depends field not imported from: ‘methods’
     These packages need to be imported from (in the NAMESPACE file)
     for when this namespace is loaded but not attached.
    See the information on DESCRIPTION files in the chapter ‘Creating R
    packages’ of the ‘Writing R Extensions’ manual.
Flavors: r-release-osx-x86_64-mavericks, r-oldrel-windows-ix86+x86_64

Version: 1.1.17
Check: Rd cross-references
Result: NOTE
    Package unavailable to check Rd xrefs: ‘PROcess’
Flavor: r-release-osx-x86_64-mavericks