CRAN Package Check Results for Package IDetect

Last updated on 2025-01-22 08:49:14 CET.

Flavor Version Tinstall Tcheck Ttotal Status Flags
r-devel-linux-x86_64-debian-clang 0.1.0 3.19 63.93 67.12 OK
r-devel-linux-x86_64-debian-gcc 0.1.0 2.37 49.23 51.60 OK
r-devel-linux-x86_64-fedora-clang 0.1.0 114.75 OK
r-devel-linux-x86_64-fedora-gcc 0.1.0 116.65 OK
r-devel-windows-x86_64 0.1.0 5.00 126.00 131.00 OK
r-patched-linux-x86_64 0.1.0 3.84 61.63 65.47 NOTE
r-release-linux-x86_64 0.1.0 3.08 61.46 64.54 NOTE
r-release-macos-arm64 0.1.0 40.00 NOTE
r-release-macos-x86_64 0.1.0 61.00 NOTE
r-release-windows-x86_64 0.1.0 4.00 123.00 127.00 NOTE
r-oldrel-macos-arm64 0.1.0 38.00 NOTE
r-oldrel-macos-x86_64 0.1.0 59.00 NOTE
r-oldrel-windows-x86_64 0.1.0 4.00 107.00 111.00 NOTE

Check Details

Version: 0.1.0
Check: LazyData
Result: NOTE 'LazyData' is specified without a 'data' directory Flavors: r-patched-linux-x86_64, r-release-linux-x86_64, r-release-macos-arm64, r-release-macos-x86_64, r-release-windows-x86_64, r-oldrel-macos-arm64, r-oldrel-macos-x86_64, r-oldrel-windows-x86_64