Last updated on 2022-08-10 11:52:59 CEST.
Flavor | Version | Tinstall | Tcheck | Ttotal | Status | Flags |
---|---|---|---|---|---|---|
r-devel-linux-x86_64-debian-clang | 0.3.2 | 19.84 | 106.16 | 126.00 | OK | |
r-devel-linux-x86_64-debian-gcc | 0.3.2 | 14.80 | 78.58 | 93.38 | OK | |
r-devel-linux-x86_64-fedora-clang | 0.3.2 | 167.43 | NOTE | |||
r-devel-linux-x86_64-fedora-gcc | 0.3.2 | 153.35 | OK | |||
r-devel-windows-x86_64 | 0.3.2 | 42.00 | 123.00 | 165.00 | OK | |
r-patched-linux-x86_64 | 0.3.2 | 16.52 | 99.54 | 116.06 | OK | |
r-release-linux-x86_64 | 0.3.2 | OK | ||||
r-release-macos-arm64 | 0.3.2 | 43.00 | OK | |||
r-release-macos-x86_64 | 0.3.2 | 69.00 | OK | |||
r-release-windows-x86_64 | 0.3.2 | 41.00 | 123.00 | 164.00 | OK | |
r-oldrel-macos-arm64 | 0.3.2 | 43.00 | OK | |||
r-oldrel-macos-x86_64 | 0.3.2 | 55.00 | OK | |||
r-oldrel-windows-ix86+x86_64 | 0.3.2 | 40.00 | 123.00 | 163.00 | OK |
Version: 0.3.2
Check: package dependencies
Result: NOTE
Imports includes 30 non-default packages.
Importing from so many packages makes the package vulnerable to any of
them becoming unavailable. Move as many as possible to Suggests and
use conditionally.
Flavor: r-devel-linux-x86_64-fedora-clang