CRAN Package Check Results for Package IM

Last updated on 2014-09-02 15:48:58.

Flavor Version Tinstall Tcheck Ttotal Status Flags
r-devel-linux-x86_64-debian-clang 1.0 2.03 36.92 38.94 NOTE
r-devel-linux-x86_64-debian-gcc 1.0 2.29 36.04 38.33 NOTE
r-devel-linux-x86_64-fedora-clang 1.0 78.76 NOTE
r-devel-linux-x86_64-fedora-gcc 1.0 77.17 NOTE
r-devel-osx-x86_64-clang 1.0 63.21 NOTE
r-devel-windows-ix86+x86_64 1.0 12.00 85.00 97.00 NOTE
r-patched-linux-x86_64 1.0 2.60 37.08 39.68 NOTE
r-patched-solaris-sparc 1.0 546.20 NOTE
r-patched-solaris-x86 1.0 116.80 NOTE
r-release-linux-ix86 1.0 3.72 70.90 74.62 NOTE
r-release-linux-x86_64 1.0 2.46 37.13 39.59 NOTE
r-release-osx-x86_64-mavericks 1.0 NOTE
r-release-osx-x86_64-snowleopard 1.0 NOTE
r-release-windows-ix86+x86_64 1.0 15.00 87.00 102.00 NOTE
r-oldrel-windows-ix86+x86_64 1.0 12.00 91.00 103.00 NOTE

Check Details

Version: 1.0
Check: dependencies in R code
Result: NOTE
    Packages in Depends field not imported from:
     ‘bmp’ ‘jpeg’ ‘methods’ ‘png’
     These packages need to be imported from (in the NAMESPACE file)
     for when this namespace is loaded but not attached.
    See the information on DESCRIPTION files in the chapter ‘Creating R
    packages’ of the ‘Writing R Extensions’ manual.
Flavors: r-devel-linux-x86_64-debian-clang, r-devel-linux-x86_64-debian-gcc, r-devel-linux-x86_64-fedora-clang, r-devel-linux-x86_64-fedora-gcc, r-devel-osx-x86_64-clang, r-devel-windows-ix86+x86_64, r-patched-linux-x86_64, r-patched-solaris-sparc, r-patched-solaris-x86, r-release-linux-ix86, r-release-linux-x86_64, r-release-osx-x86_64-mavericks, r-release-windows-ix86+x86_64, r-oldrel-windows-ix86+x86_64

Version: 1.0
Check: Rd line widths
Result: NOTE
    Rd file 'MultiIm-class.Rd':
     \examples lines wider than 100 characters:
     #create MultiIm object, calculate generalized Pseudo-Zernike moments, invariants, and reconstruction for all images
     #create MultiIm object, calculate discrete Chebyshev moments, invariants, and reconstruction for all images
     #create MultiIm object, calculate continuous Chebyshev - Legendre moments, invariants, and reconstruction for all images
    
    Rd file 'demoPoly.Rd':
     \examples lines wider than 100 characters:
     #display generalized Pseudo-Zernike polynomials of order and repetition (3,2), (4,2), (5,3), (6,3)
    
    Rd file 'momentObj.Rd':
     \examples lines wider than 100 characters:
     #calculate bivariate Legendre/Gegenbauer moments up to orders 50 and 100 with parameter 1 for Gegenbauer moments.
     #compute Radial Harmonic-Fourier moment invariants of a list of images, using up to order 10 and repetition 10
    
    These lines will be truncated in the PDF manual.
Flavors: r-devel-linux-x86_64-fedora-clang, r-devel-linux-x86_64-fedora-gcc

Version: 1.0
Check: dependencies in R code
Result: NOTE
    Packages in Depends field not imported from:
     ‘bmp’ ‘jpeg’ ‘methods’ ‘png’
     These packages need to be imported from for the case when
     this namespace is loaded but not attached.
    See the information on DESCRIPTION files in the chapter ‘Creating R
    packages’ of the ‘Writing R Extensions’ manual.
Flavor: r-release-osx-x86_64-snowleopard