CRAN Package Check Results for Package IM

Last updated on 2015-04-02 05:49:38.

Flavor Version Tinstall Tcheck Ttotal Status Flags
r-devel-linux-x86_64-debian-clang 1.0 2.08 35.31 37.38 NOTE
r-devel-linux-x86_64-debian-gcc 1.0 2.41 35.72 38.13 NOTE
r-devel-linux-x86_64-fedora-clang 1.0 72.55 NOTE
r-devel-linux-x86_64-fedora-gcc 1.0 68.54 NOTE
r-devel-osx-x86_64-clang 1.0 67.54 NOTE
r-prerel-windows-ix86+x86_64 1.0 12.00 90.00 102.00 NOTE
r-prerel-linux-x86_64 1.0 2.28 34.89 37.17 NOTE
r-prerel-solaris-sparc 1.0 517.00 NOTE
r-prerel-solaris-x86 1.0 111.80 NOTE
r-release-linux-x86_64 1.0 2.50 37.96 40.46 NOTE
r-release-osx-x86_64-mavericks 1.0 NOTE
r-release-osx-x86_64-snowleopard 1.0 NOTE
r-release-windows-ix86+x86_64 1.0 13.00 89.00 102.00 NOTE
r-oldrel-windows-ix86+x86_64 1.0 15.00 99.00 114.00 NOTE

Check Details

Version: 1.0
Check: dependencies in R code
Result: NOTE
    Packages in Depends field not imported from:
     ‘bmp’ ‘jpeg’ ‘methods’ ‘png’
     These packages need to be imported from (in the NAMESPACE file)
     for when this namespace is loaded but not attached.
Flavors: r-devel-linux-x86_64-debian-clang, r-devel-linux-x86_64-debian-gcc, r-devel-linux-x86_64-fedora-clang, r-devel-linux-x86_64-fedora-gcc, r-devel-osx-x86_64-clang, r-prerel-windows-ix86+x86_64, r-prerel-linux-x86_64, r-prerel-solaris-sparc, r-prerel-solaris-x86, r-release-linux-x86_64, r-release-windows-ix86+x86_64

Version: 1.0
Check: Rd line widths
Result: NOTE
    Rd file 'MultiIm-class.Rd':
     \examples lines wider than 100 characters:
     #create MultiIm object, calculate generalized Pseudo-Zernike moments, invariants, and reconstruction for all images
     #create MultiIm object, calculate discrete Chebyshev moments, invariants, and reconstruction for all images
     #create MultiIm object, calculate continuous Chebyshev - Legendre moments, invariants, and reconstruction for all images
    
    Rd file 'demoPoly.Rd':
     \examples lines wider than 100 characters:
     #display generalized Pseudo-Zernike polynomials of order and repetition (3,2), (4,2), (5,3), (6,3)
    
    Rd file 'momentObj.Rd':
     \examples lines wider than 100 characters:
     #calculate bivariate Legendre/Gegenbauer moments up to orders 50 and 100 with parameter 1 for Gegenbauer moments.
     #compute Radial Harmonic-Fourier moment invariants of a list of images, using up to order 10 and repetition 10
    
    These lines will be truncated in the PDF manual.
Flavors: r-devel-linux-x86_64-debian-clang, r-devel-linux-x86_64-debian-gcc, r-devel-linux-x86_64-fedora-clang, r-devel-linux-x86_64-fedora-gcc, r-prerel-linux-x86_64, r-release-linux-x86_64

Version: 1.0
Check: dependencies in R code
Result: NOTE
    Packages in Depends field not imported from:
     ‘bmp’ ‘jpeg’ ‘methods’ ‘png’
     These packages need to be imported from (in the NAMESPACE file)
     for when this namespace is loaded but not attached.
    See the information on DESCRIPTION files in the chapter ‘Creating R
    packages’ of the ‘Writing R Extensions’ manual.
Flavors: r-release-osx-x86_64-mavericks, r-oldrel-windows-ix86+x86_64

Version: 1.0
Check: dependencies in R code
Result: NOTE
    Packages in Depends field not imported from:
     ‘bmp’ ‘jpeg’ ‘methods’ ‘png’
     These packages need to be imported from for the case when
     this namespace is loaded but not attached.
    See the information on DESCRIPTION files in the chapter ‘Creating R
    packages’ of the ‘Writing R Extensions’ manual.
Flavor: r-release-osx-x86_64-snowleopard