CRAN Package Check Results for Package IM

Last updated on 2015-09-01 12:48:16.

Flavor Version Tinstall Tcheck Ttotal Status Flags
r-devel-linux-x86_64-debian-clang 1.0 2.16 34.38 36.54 NOTE
r-devel-linux-x86_64-debian-gcc 1.0 2.35 34.03 36.38 NOTE
r-devel-linux-x86_64-fedora-clang 1.0 70.35 NOTE
r-devel-linux-x86_64-fedora-gcc 1.0 64.58 NOTE
r-devel-osx-x86_64-clang 1.0 59.54 NOTE
r-devel-windows-ix86+x86_64 1.0 23.00 109.00 132.00 NOTE
r-patched-linux-x86_64 1.0 2.66 34.49 37.15 NOTE
r-patched-solaris-sparc 1.0 516.30 NOTE
r-patched-solaris-x86 1.0 111.80 NOTE
r-release-linux-x86_64 1.0 2.36 35.22 37.58 NOTE
r-release-osx-x86_64-mavericks 1.0 NOTE
r-release-windows-ix86+x86_64 1.0 17.00 88.00 105.00 NOTE
r-oldrel-windows-ix86+x86_64 1.0 20.00 122.00 142.00 NOTE

Check Details

Version: 1.0
Check: whether the namespace can be loaded with stated dependencies
Result: NOTE
    Warning: no function found corresponding to methods exports from ‘IM’ for: ‘initialize’
    
    A namespace must be able to be loaded with just the base namespace
    loaded: otherwise if the namespace gets loaded by a saved object, the
    session will be unable to start.
    
    Probably some imports need to be declared in the NAMESPACE file.
Flavors: r-devel-linux-x86_64-debian-clang, r-devel-linux-x86_64-debian-gcc, r-devel-linux-x86_64-fedora-clang, r-devel-linux-x86_64-fedora-gcc, r-devel-osx-x86_64-clang, r-devel-windows-ix86+x86_64, r-devel-windows-ix86+x86_64

Version: 1.0
Check: dependencies in R code
Result: NOTE
    Packages in Depends field not imported from:
     ‘bmp’ ‘jpeg’ ‘methods’ ‘png’
     These packages need to be imported from (in the NAMESPACE file)
     for when this namespace is loaded but not attached.
Flavors: r-devel-linux-x86_64-debian-clang, r-devel-linux-x86_64-debian-gcc, r-devel-linux-x86_64-fedora-clang, r-devel-linux-x86_64-fedora-gcc, r-devel-osx-x86_64-clang, r-devel-windows-ix86+x86_64, r-patched-linux-x86_64, r-patched-solaris-sparc, r-patched-solaris-x86, r-release-linux-x86_64, r-release-osx-x86_64-mavericks, r-release-windows-ix86+x86_64, r-oldrel-windows-ix86+x86_64

Version: 1.0
Check: R code for possible problems
Result: NOTE
    demoPoly,Numbers-character-numeric: no visible global function
     definition for ‘new’
    demoPoly,Numbers-character-numeric: no visible global function
     definition for ‘gray’
    demoPoly,Numbers-character-numeric: no visible global function
     definition for ‘par’
    demoPoly,Numbers-character-numeric: no visible global function
     definition for ‘image’
    demoPoly,Numbers-character-numeric: no visible global function
     definition for ‘title’
    demoPoly,Numbers-character-numeric: no visible global function
     definition for ‘plot’
    demoPoly,Numbers-character-numeric: no visible global function
     definition for ‘lines’
    demoPoly,Numbers-character-numeric: no visible global function
     definition for ‘colors’
    displayImg,Numbers: no visible global function definition for ‘gray’
    displayImg,Numbers: no visible global function definition for ‘par’
    displayImg,Numbers: no visible global function definition for ‘image’
    displayImg,list: no visible global function definition for ‘gray’
    displayImg,list: no visible global function definition for ‘par’
    displayImg,list: no visible global function definition for ‘image’
    initialize,CmplxIm: no visible global function definition for ‘as<-’
    initialize,CmplxIm: no visible global function definition for ‘new’
    initialize,Image: no visible global function definition for ‘readJPEG’
    initialize,Image: no visible global function definition for ‘readPNG’
    initialize,Image: no visible global function definition for ‘read.bmp’
    initialize,OrthIm: no visible global function definition for ‘as<-’
    initialize,OrthIm: no visible global function definition for ‘new’
    initialize,OrthIm: no visible binding for global variable ‘obj’
    momentObj,Numbers-character-Numbers: no visible global function
     definition for ‘new’
    momentObj,list-character-Numbers: no visible global function definition
     for ‘new’
    plotMoment,Image: no visible global function definition for ‘par’
    plotMoment,Image: no visible global function definition for ‘image’
    plotMoment,Image: no visible global function definition for ‘title’
    plotMoment,MultiIm: no visible global function definition for ‘par’
    plotMoment,MultiIm: no visible global function definition for ‘image’
    plotPoly,MultiIm-Numbers: no visible global function definition for
     ‘gray’
    plotPoly,MultiIm-Numbers: no visible global function definition for
     ‘par’
    plotPoly,MultiIm-Numbers: no visible global function definition for
     ‘image’
    plotPoly,MultiIm-Numbers: no visible global function definition for
     ‘title’
    plotPoly,OrthIm-numeric: no visible global function definition for
     ‘par’
    plotPoly,OrthIm-numeric: no visible global function definition for
     ‘plot’
    plotPoly,OrthIm-numeric: no visible global function definition for
     ‘title’
    plotPoly,OrthIm-numeric: no visible global function definition for
     ‘lines’
    plotPoly,OrthIm-numeric: no visible global function definition for
     ‘colors’
    Undefined global functions or variables:
     as<- colors gray image lines new obj par plot read.bmp readJPEG
     readPNG title
    Consider adding
     importFrom("grDevices", "colors", "gray")
     importFrom("graphics", "image", "lines", "par", "plot", "title")
     importFrom("methods", "as<-", "new")
    to your NAMESPACE (and ensure that your DESCRIPTION Imports field
    contains 'methods').
Flavors: r-devel-linux-x86_64-debian-clang, r-devel-linux-x86_64-debian-gcc, r-devel-linux-x86_64-fedora-clang, r-devel-linux-x86_64-fedora-gcc, r-devel-windows-ix86+x86_64

Version: 1.0
Check: Rd line widths
Result: NOTE
    Rd file 'MultiIm-class.Rd':
     \examples lines wider than 100 characters:
     #create MultiIm object, calculate generalized Pseudo-Zernike moments, invariants, and reconstruction for all images
     #create MultiIm object, calculate discrete Chebyshev moments, invariants, and reconstruction for all images
     #create MultiIm object, calculate continuous Chebyshev - Legendre moments, invariants, and reconstruction for all images
    
    Rd file 'demoPoly.Rd':
     \examples lines wider than 100 characters:
     #display generalized Pseudo-Zernike polynomials of order and repetition (3,2), (4,2), (5,3), (6,3)
    
    Rd file 'momentObj.Rd':
     \examples lines wider than 100 characters:
     #calculate bivariate Legendre/Gegenbauer moments up to orders 50 and 100 with parameter 1 for Gegenbauer moments.
     #compute Radial Harmonic-Fourier moment invariants of a list of images, using up to order 10 and repetition 10
    
    These lines will be truncated in the PDF manual.
Flavors: r-devel-linux-x86_64-debian-clang, r-devel-linux-x86_64-debian-gcc, r-devel-linux-x86_64-fedora-clang, r-devel-linux-x86_64-fedora-gcc, r-patched-linux-x86_64, r-release-linux-x86_64

Version: 1.0
Check: R code for possible problems
Result: NOTE
    initialize,Image: no visible global function definition for ‘readJPEG’
    initialize,Image: no visible global function definition for ‘readPNG’
    initialize,Image: no visible global function definition for ‘read.bmp’
    initialize,OrthIm: no visible binding for global variable ‘obj’
    Undefined global functions or variables:
     obj read.bmp readJPEG readPNG
Flavor: r-devel-osx-x86_64-clang

Version: 1.0
Check: R code for possible problems
Result: NOTE
    initialize,Image : .local: no visible global function definition for
     ‘readJPEG’
    initialize,Image : .local: no visible global function definition for
     ‘readPNG’
    initialize,Image : .local: no visible global function definition for
     ‘read.bmp’
    initialize,OrthIm : .local: no visible binding for global variable
     ‘obj’
Flavors: r-patched-linux-x86_64, r-patched-solaris-sparc, r-patched-solaris-x86, r-release-linux-x86_64, r-release-windows-ix86+x86_64, r-oldrel-windows-ix86+x86_64