CRAN Package Check Results for Package IMIS

Last updated on 2017-04-28 15:47:24.

Flavor Version Tinstall Tcheck Ttotal Status Flags
r-devel-linux-x86_64-debian-clang 0.1 0.58 13.96 14.54 NOTE
r-devel-linux-x86_64-debian-gcc 0.1 0.60 13.67 14.27 NOTE
r-devel-linux-x86_64-fedora-clang 0.1 23.91 NOTE --no-stop-on-test-error
r-devel-linux-x86_64-fedora-gcc 0.1 22.67 NOTE --no-stop-on-test-error
r-devel-windows-ix86+x86_64 0.1 6.00 40.00 46.00 NOTE
r-patched-linux-x86_64 0.1 0.56 15.20 15.76 NOTE
r-patched-solaris-sparc 0.1 146.60 NOTE
r-patched-solaris-x86 0.1 34.50 NOTE
r-release-linux-x86_64 0.1 0.55 14.45 15.00 NOTE
r-release-windows-ix86+x86_64 0.1 3.00 27.00 30.00 NOTE
r-release-osx-x86_64 0.1 NOTE
r-oldrel-windows-ix86+x86_64 0.1 4.00 39.00 43.00 NOTE
r-oldrel-osx-x86_64 0.1 NOTE

Check Details

Version: 0.1
Check: R code for possible problems
Result: NOTE
    IMIS: no visible global function definition for ‘sample.prior’
    IMIS: no visible global function definition for ‘var’
    IMIS: no visible global function definition for ‘cov’
    IMIS: no visible global function definition for ‘prior’
    IMIS: no visible global function definition for ‘likelihood’
    IMIS : posterior: no visible global function definition for ‘prior’
    IMIS : posterior: no visible global function definition for
     ‘likelihood’
    IMIS: no visible global function definition for ‘optim’
    IMIS: no visible global function definition for ‘rnorm’
    IMIS: no visible global function definition for ‘mahalanobis’
    IMIS: no visible global function definition for ‘cov.wt’
    IMIS: no visible global function definition for ‘dnorm’
    Undefined global functions or variables:
     cov cov.wt dnorm likelihood mahalanobis optim prior rnorm
     sample.prior var
    Consider adding
     importFrom("stats", "cov", "cov.wt", "dnorm", "mahalanobis", "optim",
     "rnorm", "var")
    to your NAMESPACE file.
Flavors: r-devel-linux-x86_64-debian-clang, r-devel-linux-x86_64-debian-gcc, r-devel-windows-ix86+x86_64, r-patched-linux-x86_64, r-patched-solaris-sparc, r-patched-solaris-x86, r-release-linux-x86_64, r-release-windows-ix86+x86_64, r-release-osx-x86_64, r-oldrel-windows-ix86+x86_64, r-oldrel-osx-x86_64

Version: 0.1
Check: Rd files
Result: NOTE
    prepare_Rd: IMIS.Rd:26: Dropping empty section \keyword
Flavors: r-devel-linux-x86_64-debian-clang, r-devel-linux-x86_64-debian-gcc, r-devel-windows-ix86+x86_64, r-patched-linux-x86_64, r-patched-solaris-sparc, r-patched-solaris-x86, r-release-linux-x86_64, r-release-windows-ix86+x86_64, r-release-osx-x86_64, r-oldrel-windows-ix86+x86_64, r-oldrel-osx-x86_64

Version: 0.1
Flags: --no-stop-on-test-error
Check: R code for possible problems
Result: NOTE
    IMIS: no visible global function definition for ‘sample.prior’
    IMIS: no visible global function definition for ‘var’
    IMIS: no visible global function definition for ‘cov’
    IMIS: no visible global function definition for ‘prior’
    IMIS: no visible global function definition for ‘likelihood’
    IMIS : posterior: no visible global function definition for ‘prior’
    IMIS : posterior: no visible global function definition for
     ‘likelihood’
    IMIS: no visible global function definition for ‘optim’
    IMIS: no visible global function definition for ‘rnorm’
    IMIS: no visible global function definition for ‘mahalanobis’
    IMIS: no visible global function definition for ‘cov.wt’
    IMIS: no visible global function definition for ‘dnorm’
    Undefined global functions or variables:
     cov cov.wt dnorm likelihood mahalanobis optim prior rnorm
     sample.prior var
    Consider adding
     importFrom("stats", "cov", "cov.wt", "dnorm", "mahalanobis", "optim",
     "rnorm", "var")
    to your NAMESPACE file.
Flavors: r-devel-linux-x86_64-fedora-clang, r-devel-linux-x86_64-fedora-gcc

Version: 0.1
Flags: --no-stop-on-test-error
Check: Rd files
Result: NOTE
    prepare_Rd: IMIS.Rd:26: Dropping empty section \keyword
Flavors: r-devel-linux-x86_64-fedora-clang, r-devel-linux-x86_64-fedora-gcc