CRAN Package Check Results for Package IMIS

Last updated on 2014-11-26 01:48:00.

Flavor Version Tinstall Tcheck Ttotal Status Flags
r-devel-linux-x86_64-debian-clang 0.1 0.54 10.84 11.38 NOTE
r-devel-linux-x86_64-debian-gcc 0.1 0.50 10.57 11.08 NOTE
r-devel-linux-x86_64-fedora-clang 0.1 24.59 NOTE
r-devel-linux-x86_64-fedora-gcc 0.1 21.79 NOTE
r-devel-osx-x86_64-clang 0.1 25.74 NOTE
r-devel-windows-ix86+x86_64 0.1 3.00 19.00 22.00 NOTE
r-patched-linux-x86_64 0.1 0.61 10.98 11.60 NOTE
r-patched-solaris-sparc 0.1 130.60 NOTE
r-patched-solaris-x86 0.1 32.90 NOTE
r-release-linux-ix86 0.1 0.81 15.98 16.80 NOTE
r-release-linux-x86_64 0.1 0.55 10.94 11.50 NOTE
r-release-osx-x86_64-mavericks 0.1 NOTE
r-release-osx-x86_64-snowleopard 0.1 NOTE
r-release-windows-ix86+x86_64 0.1 2.00 19.00 21.00 NOTE
r-oldrel-windows-ix86+x86_64 0.1 2.00 21.00 23.00 NOTE

Check Details

Version: 0.1
Check: R code for possible problems
Result: NOTE
    IMIS: no visible global function definition for ‘sample.prior’
    IMIS: no visible global function definition for ‘prior’
    IMIS: no visible global function definition for ‘likelihood’
    IMIS : posterior: no visible global function definition for ‘prior’
    IMIS : posterior: no visible global function definition for
     ‘likelihood’
Flavors: r-devel-linux-x86_64-debian-clang, r-devel-linux-x86_64-debian-gcc, r-devel-linux-x86_64-fedora-clang, r-devel-linux-x86_64-fedora-gcc, r-devel-osx-x86_64-clang, r-devel-windows-ix86+x86_64, r-patched-linux-x86_64, r-patched-solaris-sparc, r-patched-solaris-x86, r-release-linux-ix86, r-release-linux-x86_64, r-release-osx-x86_64-mavericks, r-release-osx-x86_64-snowleopard, r-release-windows-ix86+x86_64, r-oldrel-windows-ix86+x86_64

Version: 0.1
Check: Rd files
Result: NOTE
    prepare_Rd: IMIS.Rd:26: Dropping empty section \keyword
Flavors: r-devel-linux-x86_64-debian-clang, r-devel-linux-x86_64-debian-gcc, r-devel-linux-x86_64-fedora-clang, r-devel-linux-x86_64-fedora-gcc, r-devel-osx-x86_64-clang, r-devel-windows-ix86+x86_64, r-patched-linux-x86_64, r-patched-solaris-sparc, r-patched-solaris-x86, r-release-linux-ix86, r-release-linux-x86_64, r-release-osx-x86_64-mavericks, r-release-osx-x86_64-snowleopard, r-release-windows-ix86+x86_64, r-oldrel-windows-ix86+x86_64