CRAN Package Check Results for Package IMIS

Last updated on 2014-10-22 23:48:53.

Flavor Version Tinstall Tcheck Ttotal Status Flags
r-devel-linux-x86_64-debian-clang 0.1 0.54 11.78 12.32 NOTE
r-devel-linux-x86_64-debian-gcc 0.1 0.51 10.77 11.28 NOTE
r-devel-linux-x86_64-fedora-clang 0.1 23.18 NOTE
r-devel-linux-x86_64-fedora-gcc 0.1 21.70 NOTE
r-devel-osx-x86_64-clang 0.1 25.15 NOTE
r-devel-windows-ix86+x86_64 0.1 2.00 20.00 22.00 NOTE
r-patched-linux-x86_64 0.1 0.68 10.90 11.58 NOTE
r-patched-solaris-sparc 0.1 130.60 NOTE
r-patched-solaris-x86 0.1 33.40 NOTE
r-release-linux-ix86 0.1 0.87 31.88 32.75 ERROR
r-release-linux-x86_64 0.1 0.50 11.50 11.99 NOTE
r-release-osx-x86_64-mavericks 0.1 NOTE
r-release-osx-x86_64-snowleopard 0.1 NOTE
r-release-windows-ix86+x86_64 0.1 4.00 20.00 24.00 NOTE
r-oldrel-windows-ix86+x86_64 0.1 3.00 20.00 23.00 NOTE

Check Details

Version: 0.1
Check: R code for possible problems
Result: NOTE
    IMIS: no visible global function definition for ‘sample.prior’
    IMIS: no visible global function definition for ‘prior’
    IMIS: no visible global function definition for ‘likelihood’
    IMIS : posterior: no visible global function definition for ‘prior’
    IMIS : posterior: no visible global function definition for
     ‘likelihood’
Flavors: r-devel-linux-x86_64-debian-clang, r-devel-linux-x86_64-debian-gcc, r-devel-linux-x86_64-fedora-clang, r-devel-linux-x86_64-fedora-gcc, r-devel-osx-x86_64-clang, r-devel-windows-ix86+x86_64, r-patched-linux-x86_64, r-patched-solaris-sparc, r-patched-solaris-x86, r-release-linux-ix86, r-release-linux-x86_64, r-release-osx-x86_64-mavericks, r-release-osx-x86_64-snowleopard, r-release-windows-ix86+x86_64, r-oldrel-windows-ix86+x86_64

Version: 0.1
Check: Rd files
Result: NOTE
    prepare_Rd: IMIS.Rd:26: Dropping empty section \keyword
Flavors: r-devel-linux-x86_64-debian-clang, r-devel-linux-x86_64-debian-gcc, r-devel-linux-x86_64-fedora-clang, r-devel-linux-x86_64-fedora-gcc, r-devel-osx-x86_64-clang, r-devel-windows-ix86+x86_64, r-patched-linux-x86_64, r-patched-solaris-sparc, r-patched-solaris-x86, r-release-linux-ix86, r-release-linux-x86_64, r-release-osx-x86_64-mavericks, r-release-osx-x86_64-snowleopard, r-release-windows-ix86+x86_64, r-oldrel-windows-ix86+x86_64

Version: 0.1
Check: PDF version of manual
Result: WARN
    LaTeX errors when creating PDF version.
    This typically indicates Rd problems.
Flavor: r-release-linux-ix86

Version: 0.1
Check: PDF version of manual without hyperrefs or index
Result: ERROR
    Re-running with no redirection of stdout/stderr.
Flavor: r-release-linux-ix86