CRAN Package Check Results for Package IMIS

Last updated on 2015-08-30 23:47:44.

Flavor Version Tinstall Tcheck Ttotal Status Flags
r-devel-linux-x86_64-debian-clang 0.1 0.44 9.80 10.25 NOTE
r-devel-linux-x86_64-debian-gcc 0.1 0.48 10.24 10.71 NOTE
r-devel-linux-x86_64-fedora-clang 0.1 20.40 NOTE
r-devel-linux-x86_64-fedora-gcc 0.1 18.04 NOTE
r-devel-osx-x86_64-clang 0.1 19.87 NOTE
r-devel-windows-ix86+x86_64 0.1 4.00 23.00 27.00 NOTE
r-patched-linux-x86_64 0.1 0.48 10.13 10.62 NOTE
r-patched-solaris-sparc 0.1 137.50 NOTE
r-patched-solaris-x86 0.1 31.30 NOTE
r-release-linux-x86_64 0.1 0.48 10.19 10.67 NOTE
r-release-osx-x86_64-mavericks 0.1 NOTE
r-release-windows-ix86+x86_64 0.1 3.00 29.00 32.00 NOTE
r-oldrel-windows-ix86+x86_64 0.1 4.00 20.00 24.00 NOTE

Check Details

Version: 0.1
Check: R code for possible problems
Result: NOTE
    IMIS: no visible global function definition for ‘sample.prior’
    IMIS: no visible global function definition for ‘var’
    IMIS: no visible global function definition for ‘cov’
    IMIS: no visible global function definition for ‘prior’
    IMIS: no visible global function definition for ‘likelihood’
    IMIS : posterior: no visible global function definition for ‘prior’
    IMIS : posterior: no visible global function definition for
     ‘likelihood’
    IMIS: no visible global function definition for ‘optim’
    IMIS: no visible global function definition for ‘rnorm’
    IMIS: no visible global function definition for ‘mahalanobis’
    IMIS: no visible global function definition for ‘cov.wt’
    IMIS: no visible global function definition for ‘dnorm’
    Undefined global functions or variables:
     cov cov.wt dnorm likelihood mahalanobis optim prior rnorm
     sample.prior var
    Consider adding
     importFrom("stats", "cov", "cov.wt", "dnorm", "mahalanobis", "optim",
     "rnorm", "var")
    to your NAMESPACE.
Flavors: r-devel-linux-x86_64-debian-clang, r-devel-linux-x86_64-debian-gcc, r-devel-linux-x86_64-fedora-clang, r-devel-linux-x86_64-fedora-gcc, r-devel-windows-ix86+x86_64

Version: 0.1
Check: Rd files
Result: NOTE
    prepare_Rd: IMIS.Rd:26: Dropping empty section \keyword
Flavors: r-devel-linux-x86_64-debian-clang, r-devel-linux-x86_64-debian-gcc, r-devel-linux-x86_64-fedora-clang, r-devel-linux-x86_64-fedora-gcc, r-devel-osx-x86_64-clang, r-devel-windows-ix86+x86_64, r-patched-linux-x86_64, r-patched-solaris-sparc, r-patched-solaris-x86, r-release-linux-x86_64, r-release-osx-x86_64-mavericks, r-release-windows-ix86+x86_64, r-oldrel-windows-ix86+x86_64

Version: 0.1
Check: R code for possible problems
Result: NOTE
    IMIS: no visible global function definition for ‘sample.prior’
    IMIS: no visible global function definition for ‘prior’
    IMIS: no visible global function definition for ‘likelihood’
    IMIS : posterior: no visible global function definition for ‘prior’
    IMIS : posterior: no visible global function definition for
     ‘likelihood’
    Undefined global functions or variables:
     likelihood prior sample.prior
Flavor: r-devel-osx-x86_64-clang

Version: 0.1
Check: R code for possible problems
Result: NOTE
    IMIS: no visible global function definition for ‘sample.prior’
    IMIS: no visible global function definition for ‘prior’
    IMIS: no visible global function definition for ‘likelihood’
    IMIS : posterior: no visible global function definition for ‘prior’
    IMIS : posterior: no visible global function definition for
     ‘likelihood’
Flavors: r-patched-linux-x86_64, r-patched-solaris-sparc, r-patched-solaris-x86, r-release-linux-x86_64, r-release-osx-x86_64-mavericks, r-release-windows-ix86+x86_64, r-oldrel-windows-ix86+x86_64