CRAN Package Check Results for Package IMIS

Last updated on 2015-01-31 16:46:55.

Flavor Version Tinstall Tcheck Ttotal Status Flags
r-devel-linux-x86_64-debian-clang 0.1 0.49 9.71 10.20 NOTE
r-devel-linux-x86_64-debian-gcc 0.1 0.48 9.70 10.18 NOTE
r-devel-linux-x86_64-fedora-clang 0.1 22.72 NOTE
r-devel-linux-x86_64-fedora-gcc 0.1 21.37 NOTE
r-devel-osx-x86_64-clang 0.1 25.19 NOTE
r-devel-windows-ix86+x86_64 0.1 4.00 19.00 23.00 NOTE
r-patched-linux-x86_64 0.1 0.55 11.26 11.81 NOTE
r-patched-solaris-sparc 0.1 171.30 NOTE
r-patched-solaris-x86 0.1 33.50 NOTE
r-release-linux-ix86 0.1 0.82 16.92 17.74 NOTE
r-release-linux-x86_64 0.1 0.56 10.92 11.48 NOTE
r-release-osx-x86_64-mavericks 0.1 NOTE
r-release-osx-x86_64-snowleopard 0.1 NOTE
r-release-windows-ix86+x86_64 0.1 3.00 21.00 24.00 NOTE
r-oldrel-windows-ix86+x86_64 0.1 3.00 21.00 24.00 NOTE

Check Details

Version: 0.1
Check: R code for possible problems
Result: NOTE
    IMIS: no visible global function definition for ‘sample.prior’
    IMIS: no visible global function definition for ‘prior’
    IMIS: no visible global function definition for ‘likelihood’
    IMIS : posterior: no visible global function definition for ‘prior’
    IMIS : posterior: no visible global function definition for
     ‘likelihood’
Flavors: r-devel-linux-x86_64-debian-clang, r-devel-linux-x86_64-debian-gcc, r-devel-linux-x86_64-fedora-clang, r-devel-linux-x86_64-fedora-gcc, r-devel-osx-x86_64-clang, r-devel-windows-ix86+x86_64, r-patched-linux-x86_64, r-patched-solaris-sparc, r-patched-solaris-x86, r-release-linux-ix86, r-release-linux-x86_64, r-release-osx-x86_64-mavericks, r-release-osx-x86_64-snowleopard, r-release-windows-ix86+x86_64, r-oldrel-windows-ix86+x86_64

Version: 0.1
Check: Rd files
Result: NOTE
    prepare_Rd: IMIS.Rd:26: Dropping empty section \keyword
Flavors: r-devel-linux-x86_64-debian-clang, r-devel-linux-x86_64-debian-gcc, r-devel-linux-x86_64-fedora-clang, r-devel-linux-x86_64-fedora-gcc, r-devel-osx-x86_64-clang, r-devel-windows-ix86+x86_64, r-patched-linux-x86_64, r-patched-solaris-sparc, r-patched-solaris-x86, r-release-linux-ix86, r-release-linux-x86_64, r-release-osx-x86_64-mavericks, r-release-osx-x86_64-snowleopard, r-release-windows-ix86+x86_64, r-oldrel-windows-ix86+x86_64