CRAN Package Check Results for Package IMIS

Last updated on 2016-09-26 03:54:59.

Flavor Version Tinstall Tcheck Ttotal Status Flags
r-devel-linux-x86_64-debian-clang 0.1 0.50 11.57 12.08 NOTE
r-devel-linux-x86_64-debian-gcc 0.1 0.44 11.16 11.61 NOTE
r-devel-linux-x86_64-fedora-clang 0.1 20.14 NOTE
r-devel-linux-x86_64-fedora-gcc 0.1 19.15 NOTE
r-devel-macos-x86_64-clang 0.1 17.88 NOTE
r-devel-windows-ix86+x86_64 0.1 4.00 28.00 32.00 NOTE
r-patched-linux-x86_64 0.1 0.50 10.75 11.25 NOTE
r-patched-solaris-sparc 0.1 116.90 NOTE
r-patched-solaris-x86 0.1 25.30 NOTE
r-release-linux-x86_64 0.1 0.55 10.77 11.31 NOTE
r-release-osx-x86_64-mavericks 0.1 NOTE
r-release-windows-ix86+x86_64 0.1 2.00 28.00 30.00 NOTE
r-oldrel-windows-ix86+x86_64 0.1 3.00 26.00 29.00 NOTE

Check Details

Version: 0.1
Check: R code for possible problems
Result: NOTE
    IMIS: no visible global function definition for ‘sample.prior’
    IMIS: no visible global function definition for ‘var’
    IMIS: no visible global function definition for ‘cov’
    IMIS: no visible global function definition for ‘prior’
    IMIS: no visible global function definition for ‘likelihood’
    IMIS : posterior: no visible global function definition for ‘prior’
    IMIS : posterior: no visible global function definition for
     ‘likelihood’
    IMIS: no visible global function definition for ‘optim’
    IMIS: no visible global function definition for ‘rnorm’
    IMIS: no visible global function definition for ‘mahalanobis’
    IMIS: no visible global function definition for ‘cov.wt’
    IMIS: no visible global function definition for ‘dnorm’
    Undefined global functions or variables:
     cov cov.wt dnorm likelihood mahalanobis optim prior rnorm
     sample.prior var
    Consider adding
     importFrom("stats", "cov", "cov.wt", "dnorm", "mahalanobis", "optim",
     "rnorm", "var")
    to your NAMESPACE file.
Flavors: r-devel-linux-x86_64-debian-clang, r-devel-linux-x86_64-debian-gcc, r-devel-linux-x86_64-fedora-clang, r-devel-linux-x86_64-fedora-gcc, r-devel-macos-x86_64-clang, r-devel-windows-ix86+x86_64, r-patched-linux-x86_64, r-patched-solaris-sparc, r-patched-solaris-x86, r-release-linux-x86_64, r-release-osx-x86_64-mavericks, r-release-windows-ix86+x86_64

Version: 0.1
Check: Rd files
Result: NOTE
    prepare_Rd: IMIS.Rd:26: Dropping empty section \keyword
Flavors: r-devel-linux-x86_64-debian-clang, r-devel-linux-x86_64-debian-gcc, r-devel-linux-x86_64-fedora-clang, r-devel-linux-x86_64-fedora-gcc, r-devel-macos-x86_64-clang, r-devel-windows-ix86+x86_64, r-patched-linux-x86_64, r-patched-solaris-sparc, r-patched-solaris-x86, r-release-linux-x86_64, r-release-osx-x86_64-mavericks, r-release-windows-ix86+x86_64, r-oldrel-windows-ix86+x86_64

Version: 0.1
Check: R code for possible problems
Result: NOTE
    IMIS: no visible global function definition for 'sample.prior'
    IMIS: no visible global function definition for 'prior'
    IMIS: no visible global function definition for 'likelihood'
    IMIS : posterior: no visible global function definition for 'prior'
    IMIS : posterior: no visible global function definition for
     'likelihood'
Flavor: r-oldrel-windows-ix86+x86_64