CRAN Package Check Results for Package IMIS

Last updated on 2015-07-02 03:46:52.

Flavor Version Tinstall Tcheck Ttotal Status Flags
r-devel-linux-x86_64-debian-clang 0.1 0.45 9.43 9.88 NOTE
r-devel-linux-x86_64-debian-gcc 0.1 0.45 9.38 9.84 NOTE
r-devel-linux-x86_64-fedora-clang 0.1 19.49 NOTE
r-devel-linux-x86_64-fedora-gcc 0.1 17.61 NOTE
r-devel-osx-x86_64-clang 0.1 20.30 NOTE
r-devel-windows-ix86+x86_64 0.1 5.00 17.00 22.00 NOTE
r-patched-linux-x86_64 0.1 0.45 10.48 10.93 NOTE
r-patched-solaris-sparc 0.1 134.00 NOTE
r-patched-solaris-x86 0.1 28.90 NOTE
r-release-linux-x86_64 0.1 0.46 9.82 10.28 NOTE
r-release-osx-x86_64-mavericks 0.1 NOTE
r-release-windows-ix86+x86_64 0.1 2.00 17.00 19.00 NOTE
r-oldrel-windows-ix86+x86_64 0.1 4.00 22.00 26.00 NOTE

Check Details

Version: 0.1
Check: R code for possible problems
Result: NOTE
    IMIS: no visible global function definition for ‘sample.prior’
    IMIS: no visible global function definition for ‘var’
    IMIS: no visible global function definition for ‘cov’
    IMIS: no visible global function definition for ‘prior’
    IMIS: no visible global function definition for ‘likelihood’
    IMIS : posterior: no visible global function definition for ‘prior’
    IMIS : posterior: no visible global function definition for
     ‘likelihood’
    IMIS: no visible global function definition for ‘optim’
    IMIS: no visible global function definition for ‘rnorm’
    IMIS: no visible global function definition for ‘mahalanobis’
    IMIS: no visible global function definition for ‘cov.wt’
    IMIS: no visible global function definition for ‘dnorm’
Flavors: r-devel-linux-x86_64-debian-clang, r-devel-linux-x86_64-debian-gcc, r-devel-linux-x86_64-fedora-clang, r-devel-linux-x86_64-fedora-gcc

Version: 0.1
Check: Rd files
Result: NOTE
    prepare_Rd: IMIS.Rd:26: Dropping empty section \keyword
Flavors: r-devel-linux-x86_64-debian-clang, r-devel-linux-x86_64-debian-gcc, r-devel-linux-x86_64-fedora-clang, r-devel-linux-x86_64-fedora-gcc, r-devel-osx-x86_64-clang, r-devel-windows-ix86+x86_64, r-patched-linux-x86_64, r-patched-solaris-sparc, r-patched-solaris-x86, r-release-linux-x86_64, r-release-osx-x86_64-mavericks, r-release-windows-ix86+x86_64, r-oldrel-windows-ix86+x86_64

Version: 0.1
Check: R code for possible problems
Result: NOTE
    IMIS: no visible global function definition for ‘sample.prior’
    IMIS: no visible global function definition for ‘prior’
    IMIS: no visible global function definition for ‘likelihood’
    IMIS : posterior: no visible global function definition for ‘prior’
    IMIS : posterior: no visible global function definition for
     ‘likelihood’
Flavors: r-devel-osx-x86_64-clang, r-devel-windows-ix86+x86_64, r-patched-linux-x86_64, r-patched-solaris-sparc, r-patched-solaris-x86, r-release-linux-x86_64, r-release-osx-x86_64-mavericks, r-release-windows-ix86+x86_64, r-oldrel-windows-ix86+x86_64