CRAN Package Check Results for Package IMIS

Last updated on 2014-09-16 11:49:17.

Flavor Version Tinstall Tcheck Ttotal Status Flags
r-devel-linux-x86_64-debian-clang 0.1 0.46 10.69 11.16 NOTE
r-devel-linux-x86_64-debian-gcc 0.1 0.44 10.57 11.02 NOTE
r-devel-linux-x86_64-fedora-clang 0.1 23.12 NOTE
r-devel-linux-x86_64-fedora-gcc 0.1 26.04 NOTE
r-devel-osx-x86_64-clang 0.1 25.26 NOTE
r-devel-windows-ix86+x86_64 0.1 2.00 20.00 22.00 NOTE
r-patched-linux-x86_64 0.1 0.56 10.71 11.27 NOTE
r-patched-solaris-sparc 0.1 129.50 NOTE
r-patched-solaris-x86 0.1 32.40 NOTE
r-release-linux-ix86 0.1 0.83 17.83 18.66 NOTE
r-release-linux-x86_64 0.1 0.51 11.27 11.78 NOTE
r-release-osx-x86_64-mavericks 0.1 NOTE
r-release-osx-x86_64-snowleopard 0.1 NOTE
r-release-windows-ix86+x86_64 0.1 4.00 20.00 24.00 NOTE
r-oldrel-windows-ix86+x86_64 0.1 3.00 20.00 23.00 NOTE

Check Details

Version: 0.1
Check: R code for possible problems
Result: NOTE
    IMIS: no visible global function definition for ‘sample.prior’
    IMIS: no visible global function definition for ‘prior’
    IMIS: no visible global function definition for ‘likelihood’
    IMIS : posterior: no visible global function definition for ‘prior’
    IMIS : posterior: no visible global function definition for
     ‘likelihood’
Flavors: r-devel-linux-x86_64-debian-clang, r-devel-linux-x86_64-debian-gcc, r-devel-linux-x86_64-fedora-clang, r-devel-linux-x86_64-fedora-gcc, r-devel-osx-x86_64-clang, r-devel-windows-ix86+x86_64, r-patched-linux-x86_64, r-patched-solaris-sparc, r-patched-solaris-x86, r-release-linux-ix86, r-release-linux-x86_64, r-release-osx-x86_64-mavericks, r-release-osx-x86_64-snowleopard, r-release-windows-ix86+x86_64, r-oldrel-windows-ix86+x86_64

Version: 0.1
Check: Rd files
Result: NOTE
    prepare_Rd: IMIS.Rd:26: Dropping empty section \keyword
Flavors: r-devel-linux-x86_64-debian-clang, r-devel-linux-x86_64-debian-gcc, r-devel-linux-x86_64-fedora-clang, r-devel-linux-x86_64-fedora-gcc, r-devel-osx-x86_64-clang, r-devel-windows-ix86+x86_64, r-patched-linux-x86_64, r-patched-solaris-sparc, r-patched-solaris-x86, r-release-linux-ix86, r-release-linux-x86_64, r-release-osx-x86_64-mavericks, r-release-osx-x86_64-snowleopard, r-release-windows-ix86+x86_64, r-oldrel-windows-ix86+x86_64