Last updated on 2023-12-08 23:55:33 CET.
Flavor | Version | Tinstall | Tcheck | Ttotal | Status | Flags |
---|---|---|---|---|---|---|
r-devel-linux-x86_64-debian-clang | 1.0.0 | 9.87 | 346.10 | 355.97 | OK | |
r-devel-linux-x86_64-debian-gcc | 1.0.0 | 7.00 | 268.87 | 275.87 | OK | |
r-devel-linux-x86_64-fedora-clang | 1.0.0 | 430.40 | NOTE | |||
r-devel-linux-x86_64-fedora-gcc | 1.0.0 | 456.37 | NOTE | |||
r-devel-windows-x86_64 | 1.0.0 | 8.00 | 371.00 | 379.00 | OK | |
r-patched-linux-x86_64 | 1.0.0 | 5.87 | 357.50 | 363.37 | OK | |
r-release-linux-x86_64 | 1.0.0 | 6.18 | 354.54 | 360.72 | OK | |
r-release-macos-arm64 | 1.0.0 | 187.00 | OK | |||
r-release-macos-x86_64 | 1.0.0 | 359.00 | OK | |||
r-release-windows-x86_64 | 1.0.0 | 11.00 | 374.00 | 385.00 | OK | |
r-oldrel-macos-arm64 | 1.0.0 | 149.00 | NOTE | |||
r-oldrel-macos-x86_64 | 1.0.0 | 388.00 | NOTE | |||
r-oldrel-windows-x86_64 | 1.0.0 | 11.00 | 378.00 | 389.00 | OK |
Version: 1.0.0
Check: dependencies in R code
Result: NOTE
Namespaces in Imports field not imported from:
‘lme4’ ‘reshape2’
All declared Imports should be used.
Flavors: r-devel-linux-x86_64-fedora-clang, r-devel-linux-x86_64-fedora-gcc, r-oldrel-macos-arm64, r-oldrel-macos-x86_64