CRAN Package Check Results for Package IMaGES

Last updated on 2020-07-16 18:50:43 CEST.

Flavor Version Tinstall Tcheck Ttotal Status Flags
r-devel-linux-x86_64-debian-clang 0.1.1 112.58 100.51 213.09 OK
r-devel-linux-x86_64-debian-gcc 0.1.1 86.77 76.44 163.21 OK
r-devel-linux-x86_64-fedora-clang 0.1.1 284.02 NOTE
r-devel-linux-x86_64-fedora-gcc 0.1.1 278.40 OK
r-devel-windows-ix86+x86_64 0.1.1 251.00 207.00 458.00 OK
r-patched-linux-x86_64 0.1.1 89.57 101.03 190.60 OK
r-patched-solaris-x86 0.1.1 280.40 OK
r-release-linux-x86_64 0.1.1 87.61 99.39 187.00 OK
r-release-windows-ix86+x86_64 0.1.1 253.00 206.00 459.00 OK
r-oldrel-macos-x86_64 0.1.1 NOTE
r-oldrel-windows-ix86+x86_64 0.1.1 228.00 200.00 428.00 OK

Check Details

Version: 0.1.1
Check: installed package size
Result: NOTE
     installed size is 9.6Mb
     sub-directories of 1Mb or more:
     libs 8.2Mb
Flavors: r-devel-linux-x86_64-fedora-clang, r-oldrel-macos-x86_64