CRAN Package Check Results for Package IMaGES

Last updated on 2019-08-19 11:49:05 CEST.

Flavor Version Tinstall Tcheck Ttotal Status Flags
r-devel-linux-x86_64-debian-clang 0.1 80.49 89.41 169.90 OK
r-devel-linux-x86_64-debian-gcc 0.1 72.55 70.06 142.61 OK
r-devel-linux-x86_64-fedora-clang 0.1 238.82 NOTE
r-devel-linux-x86_64-fedora-gcc 0.1 243.03 OK
r-devel-windows-ix86+x86_64 0.1 230.00 192.00 422.00 OK
r-patched-linux-x86_64 0.1 76.90 87.25 164.15 OK
r-patched-solaris-x86 0.1 277.20 OK
r-release-linux-x86_64 0.1 80.11 87.54 167.65 OK
r-release-windows-ix86+x86_64 0.1 166.00 135.00 301.00 OK
r-release-osx-x86_64 0.1 ERROR
r-oldrel-windows-ix86+x86_64 0.1 243.00 216.00 459.00 OK
r-oldrel-osx-x86_64 0.1 NOTE

Additional issues

LTO

Check Details

Version: 0.1
Check: installed package size
Result: NOTE
     installed size is 8.6Mb
     sub-directories of 1Mb or more:
     libs 7.2Mb
Flavors: r-devel-linux-x86_64-fedora-clang, r-oldrel-osx-x86_64

Version: 0.1
Check: package dependencies
Result: ERROR
    Packages required but not available: 'graph', 'Rgraphviz'
    
    See section ‘The DESCRIPTION file’ in the ‘Writing R Extensions’
    manual.
Flavor: r-release-osx-x86_64