CRAN Package Check Results for Package IMaGES

Last updated on 2019-06-15 22:58:44 CEST.

Flavor Version Tinstall Tcheck Ttotal Status Flags
r-devel-linux-x86_64-debian-clang 0.1 83.13 88.15 171.28 OK
r-devel-linux-x86_64-debian-gcc 0.1 70.45 68.85 139.30 OK
r-devel-linux-x86_64-fedora-clang 0.1 242.27 NOTE
r-devel-linux-x86_64-fedora-gcc 0.1 221.47 OK
r-devel-windows-ix86+x86_64 0.1 243.00 188.00 431.00 OK
r-patched-linux-x86_64 0.1 81.27 88.58 169.85 OK
r-patched-solaris-x86 0.1 266.90 OK
r-release-linux-x86_64 0.1 80.69 88.12 168.81 OK
r-release-windows-ix86+x86_64 0.1 179.00 151.00 330.00 OK
r-release-osx-x86_64 0.1 ERROR
r-oldrel-windows-ix86+x86_64 0.1 156.00 212.00 368.00 OK
r-oldrel-osx-x86_64 0.1 NOTE

Additional issues

LTO

Check Details

Version: 0.1
Check: installed package size
Result: NOTE
     installed size is 7.9Mb
     sub-directories of 1Mb or more:
     libs 6.5Mb
Flavors: r-devel-linux-x86_64-fedora-clang, r-oldrel-osx-x86_64

Version: 0.1
Check: package dependencies
Result: ERROR
    Packages required but not available: 'graph', 'Rgraphviz'
    
    See section ‘The DESCRIPTION file’ in the ‘Writing R Extensions’
    manual.
Flavor: r-release-osx-x86_64