CRAN Package Check Results for Package IMmailgun

Last updated on 2023-03-29 18:49:30 CEST.

Flavor Version Tinstall Tcheck Ttotal Status Flags
r-devel-linux-x86_64-debian-clang 0.1.2 3.05 19.34 22.39 NOTE
r-devel-linux-x86_64-debian-gcc 0.1.2 2.27 15.35 17.62 NOTE
r-devel-linux-x86_64-fedora-clang 0.1.2 28.04 NOTE
r-devel-linux-x86_64-fedora-gcc 0.1.2 26.74 NOTE
r-devel-windows-x86_64 0.1.2 8.00 0.00 8.00 NOTE
r-patched-linux-x86_64 0.1.2 2.41 18.89 21.30 NOTE
r-release-linux-x86_64 0.1.2 2.87 20.11 22.98 NOTE
r-release-macos-arm64 0.1.2 15.00 NOTE
r-release-macos-x86_64 0.1.2 18.00 NOTE
r-release-windows-x86_64 0.1.2 9.00 46.00 55.00 NOTE
r-oldrel-macos-arm64 0.1.2 18.00 NOTE
r-oldrel-macos-x86_64 0.1.2 25.00 NOTE
r-oldrel-windows-ix86+x86_64 0.1.2 6.00 44.00 50.00 NOTE

Check Details

Version: 0.1.2
Check: LazyData
Result: NOTE
     'LazyData' is specified without a 'data' directory
Flavors: r-devel-linux-x86_64-debian-clang, r-devel-linux-x86_64-debian-gcc, r-devel-linux-x86_64-fedora-clang, r-devel-linux-x86_64-fedora-gcc, r-devel-windows-x86_64, r-patched-linux-x86_64, r-release-linux-x86_64, r-release-macos-arm64, r-release-macos-x86_64, r-release-windows-x86_64, r-oldrel-macos-arm64, r-oldrel-macos-x86_64, r-oldrel-windows-ix86+x86_64