CRAN Package Check Results for Package IOHexperimenter

Last updated on 2020-09-20 00:47:15 CEST.

Flavor Version Tinstall Tcheck Ttotal Status Flags
r-devel-linux-x86_64-debian-clang 0.1.4 52.77 30.26 83.03 OK
r-devel-linux-x86_64-debian-gcc 0.1.4 44.13 23.24 67.37 OK
r-devel-linux-x86_64-fedora-clang 0.1.4 134.13 NOTE
r-devel-linux-x86_64-fedora-gcc 0.1.4 120.66 OK
r-devel-windows-ix86+x86_64 0.1.4 148.00 70.00 218.00 OK
r-patched-linux-x86_64 0.1.4 49.55 29.41 78.96 OK
r-patched-solaris-x86 0.1.4 97.70 OK
r-release-linux-x86_64 0.1.4 50.82 29.66 80.48 OK
r-release-macos-x86_64 0.1.4 NOTE
r-release-windows-ix86+x86_64 0.1.4 152.00 88.00 240.00 OK
r-oldrel-macos-x86_64 0.1.4 NOTE
r-oldrel-windows-ix86+x86_64 0.1.4 120.00 74.00 194.00 OK

Check Details

Version: 0.1.4
Check: installed package size
Result: NOTE
     installed size is 7.0Mb
     sub-directories of 1Mb or more:
     libs 6.9Mb
Flavors: r-devel-linux-x86_64-fedora-clang, r-release-macos-x86_64, r-oldrel-macos-x86_64