CRAN Package Check Results for Package IPMpack

Last updated on 2014-11-01 11:49:04.

Flavor Version Tinstall Tcheck Ttotal Status Flags
r-devel-linux-x86_64-debian-clang 2.1 4.76 84.52 89.28 NOTE
r-devel-linux-x86_64-debian-gcc 2.1 4.51 82.75 87.26 NOTE
r-devel-linux-x86_64-fedora-clang 2.1 199.84 NOTE
r-devel-linux-x86_64-fedora-gcc 2.1 186.78 NOTE
r-devel-osx-x86_64-clang 2.1 157.54 NOTE
r-devel-windows-ix86+x86_64 2.1 12.00 111.00 123.00 NOTE
r-patched-linux-x86_64 2.1 4.85 88.84 93.69 NOTE
r-patched-solaris-sparc 2.1 1098.90 NOTE
r-patched-solaris-x86 2.1 247.80 NOTE
r-release-linux-ix86 2.1 5.98 2.05 8.03 OK
r-release-linux-x86_64 2.1 5.05 92.62 97.67 OK
r-release-osx-x86_64-mavericks 2.1 NOTE
r-release-osx-x86_64-snowleopard 2.1 OK
r-release-windows-ix86+x86_64 2.1 13.00 125.00 138.00 OK
r-oldrel-windows-ix86+x86_64 2.1 12.00 121.00 133.00 OK

Check Details

Version: 2.1
Check: R code for possible problems
Result: NOTE
    .getListRegObjects: no visible global function definition for ‘rmvnorm’
    .getListRegObjectsFec: no visible global function definition for
     ‘rmvnorm’
    diagnosticsPmatrix: no visible global function definition for
     ‘dtruncnorm’
    sampleVitalRateObj: no visible global function definition for
     ‘rdirichlet’
    sampleVitalRateObj: no visible global function definition for ‘rmvnorm’
    simulateCarlina: no visible global function definition for ‘rmvnorm’
    growth,numeric-numeric-data.frame-growthObjTruncIncr: no visible global
     function definition for ‘dtruncnorm’
    growthCum,numeric-numeric-data.frame-growthObjTruncIncr: no visible
     global function definition for ‘ptruncnorm’
Flavors: r-devel-linux-x86_64-debian-clang, r-devel-linux-x86_64-debian-gcc, r-devel-linux-x86_64-fedora-clang, r-devel-linux-x86_64-fedora-gcc, r-devel-osx-x86_64-clang, r-devel-windows-ix86+x86_64, r-patched-linux-x86_64, r-patched-solaris-sparc, r-patched-solaris-x86

Version: 2.1
Check: re-building of vignette outputs
Result: NOTE
    Error in re-building vignettes:
     ...
    Loading required package: Matrix
    Loading required package: MASS
    Loading required package: nlme
    Error in texi2dvi(file = file, pdf = TRUE, clean = clean, quiet = quiet, :
     Running 'texi2dvi' on 'IPMpack_Vignette.tex' failed.
    LaTeX errors:
    ! LaTeX Error: File `a4wide.sty' not found.
    
    Type X to quit or <RETURN> to proceed,
    or enter new name. (Default extension: sty)
    
    _test/IPMpack/vignettes/IPMpack_Vignette.tex:15: ==> Fatal error occurred, no
    output PDF file produced!
    Calls: buildVignettes -> texi2pdf -> texi2dvi
    Execution halted
Flavor: r-release-osx-x86_64-mavericks