CRAN Package Check Results for Package IPMpack

Last updated on 2015-01-27 12:47:30.

Flavor Version Tinstall Tcheck Ttotal Status Flags
r-devel-linux-x86_64-debian-clang 2.1 4.76 81.08 85.85 NOTE
r-devel-linux-x86_64-debian-gcc 2.1 4.46 78.48 82.94 NOTE
r-devel-linux-x86_64-fedora-clang 2.1 196.15 NOTE
r-devel-linux-x86_64-fedora-gcc 2.1 203.01 NOTE
r-devel-osx-x86_64-clang 2.1 164.83 NOTE
r-devel-windows-ix86+x86_64 2.1 12.00 114.00 126.00 NOTE
r-patched-linux-x86_64 2.1 4.93 89.70 94.63 NOTE
r-patched-solaris-sparc 2.1 1160.70 NOTE
r-patched-solaris-x86 2.1 247.90 NOTE
r-release-linux-ix86 2.1 5.68 101.24 106.91 NOTE
r-release-linux-x86_64 2.1 4.88 88.99 93.87 NOTE
r-release-osx-x86_64-mavericks 2.1 NOTE
r-release-osx-x86_64-snowleopard 2.1 OK
r-release-windows-ix86+x86_64 2.1 14.00 137.00 151.00 NOTE
r-oldrel-windows-ix86+x86_64 2.1 18.00 128.00 146.00 OK

Check Details

Version: 2.1
Check: dependencies in R code
Result: NOTE
    'library' or 'require' calls in package code:
     ‘MCMCpack’ ‘mvtnorm’ ‘truncnorm’
     Please use :: or requireNamespace() instead.
     See section 'Suggested packages' in the 'Writing R Extensions' manual.
Flavors: r-devel-linux-x86_64-debian-clang, r-devel-linux-x86_64-debian-gcc, r-devel-linux-x86_64-fedora-clang, r-devel-linux-x86_64-fedora-gcc, r-devel-osx-x86_64-clang, r-devel-windows-ix86+x86_64

Version: 2.1
Check: R code for possible problems
Result: NOTE
    .getListRegObjects: no visible global function definition for ‘rmvnorm’
    .getListRegObjectsFec: no visible global function definition for
     ‘rmvnorm’
    diagnosticsPmatrix: no visible global function definition for
     ‘dtruncnorm’
    sampleVitalRateObj: no visible global function definition for
     ‘rdirichlet’
    sampleVitalRateObj: no visible global function definition for ‘rmvnorm’
    simulateCarlina: no visible global function definition for ‘rmvnorm’
    growth,numeric-numeric-data.frame-growthObjTruncIncr: no visible global
     function definition for ‘dtruncnorm’
    growthCum,numeric-numeric-data.frame-growthObjTruncIncr: no visible
     global function definition for ‘ptruncnorm’
Flavors: r-devel-linux-x86_64-debian-clang, r-devel-linux-x86_64-debian-gcc, r-devel-linux-x86_64-fedora-clang, r-devel-linux-x86_64-fedora-gcc, r-devel-osx-x86_64-clang, r-devel-windows-ix86+x86_64, r-patched-linux-x86_64, r-patched-solaris-sparc, r-patched-solaris-x86, r-release-linux-ix86, r-release-linux-x86_64, r-release-osx-x86_64-mavericks, r-release-windows-ix86+x86_64