CRAN Package Check Results for Package IPMpack

Last updated on 2014-07-22 23:48:20.

Flavor Version Tinstall Tcheck Ttotal Status Flags
r-devel-linux-x86_64-debian-clang 2.1 5.00 87.40 92.39 OK
r-devel-linux-x86_64-debian-gcc 2.1 4.81 83.50 88.31 OK
r-devel-linux-x86_64-fedora-clang 2.1 209.43 OK
r-devel-linux-x86_64-fedora-gcc 2.1 201.20 OK
r-devel-osx-x86_64-clang 2.1 158.76 OK
r-devel-windows-ix86+x86_64 2.1 13.00 126.00 139.00 OK
r-patched-linux-x86_64 2.1 4.78 87.33 92.12 OK
r-patched-solaris-sparc 2.1 1062.30 OK
r-patched-solaris-x86 2.1 257.80 OK
r-release-linux-ix86 2.1 5.96 106.13 112.09 OK
r-release-linux-x86_64 2.1 4.87 88.30 93.17 OK
r-release-osx-x86_64-mavericks 2.1 NOTE
r-release-osx-x86_64-snowleopard 2.1 OK
r-release-windows-ix86+x86_64 2.1 12.00 122.00 134.00 OK
r-oldrel-windows-ix86+x86_64 2.1 14.00 121.00 135.00 OK

Check Details

Version: 2.1
Check: re-building of vignette outputs
Result: NOTE
    Error in re-building vignettes:
     ...
    Loading required package: Matrix
    Loading required package: MASS
    Loading required package: nlme
    Error in texi2dvi(file = file, pdf = TRUE, clean = clean, quiet = quiet, :
     Running 'texi2dvi' on 'IPMpack_Vignette.tex' failed.
    LaTeX errors:
    ! LaTeX Error: File `a4wide.sty' not found.
    
    Type X to quit or <RETURN> to proceed,
    or enter new name. (Default extension: sty)
    
    _test/IPMpack/vignettes/IPMpack_Vignette.tex:15: ==> Fatal error occurred, no
    output PDF file produced!
    Calls: buildVignettes -> texi2pdf -> texi2dvi
    Execution halted
Flavor: r-release-osx-x86_64-mavericks