CRAN Package Check Results for Package IPMpack

Last updated on 2014-08-01 13:46:59.

Flavor Version Tinstall Tcheck Ttotal Status Flags
r-devel-linux-x86_64-debian-clang 2.1 4.97 89.33 94.30 OK
r-devel-linux-x86_64-debian-gcc 2.1 4.85 88.38 93.22 OK
r-devel-linux-x86_64-fedora-clang 2.1 209.59 OK
r-devel-linux-x86_64-fedora-gcc 2.1 198.13 OK
r-devel-osx-x86_64-clang 2.1 157.77 OK
r-devel-windows-ix86+x86_64 2.1 12.00 124.00 136.00 OK
r-patched-linux-x86_64 2.1 4.80 85.41 90.21 OK
r-patched-solaris-sparc 2.1 1145.20 OK
r-patched-solaris-x86 2.1 257.00 OK
r-release-linux-ix86 2.1 5.89 104.74 110.63 OK
r-release-linux-x86_64 2.1 5.19 87.80 92.98 OK
r-release-osx-x86_64-mavericks 2.1 NOTE
r-release-osx-x86_64-snowleopard 2.1 OK
r-release-windows-ix86+x86_64 2.1 18.00 177.00 195.00 OK
r-oldrel-windows-ix86+x86_64 2.1 18.00 171.00 189.00 OK

Check Details

Version: 2.1
Check: re-building of vignette outputs
Result: NOTE
    Error in re-building vignettes:
     ...
    Loading required package: Matrix
    Loading required package: MASS
    Loading required package: nlme
    Error in texi2dvi(file = file, pdf = TRUE, clean = clean, quiet = quiet, :
     Running 'texi2dvi' on 'IPMpack_Vignette.tex' failed.
    LaTeX errors:
    ! LaTeX Error: File `a4wide.sty' not found.
    
    Type X to quit or <RETURN> to proceed,
    or enter new name. (Default extension: sty)
    
    _test/IPMpack/vignettes/IPMpack_Vignette.tex:15: ==> Fatal error occurred, no
    output PDF file produced!
    Calls: buildVignettes -> texi2pdf -> texi2dvi
    Execution halted
Flavor: r-release-osx-x86_64-mavericks