CRAN Package Check Results for Package IPMpack

Last updated on 2015-03-26 19:47:41.

Flavor Version Tinstall Tcheck Ttotal Status Flags
r-devel-linux-x86_64-debian-clang 2.1 3.87 74.26 78.13 NOTE
r-devel-linux-x86_64-debian-gcc 2.1 3.78 71.67 75.45 NOTE
r-devel-linux-x86_64-fedora-clang 2.1 158.97 NOTE
r-devel-linux-x86_64-fedora-gcc 2.1 155.11 NOTE
r-devel-osx-x86_64-clang 2.1 145.22 NOTE
r-prerel-windows-ix86+x86_64 2.1 13.00 112.00 125.00 NOTE
r-prerel-linux-x86_64 2.1 3.79 73.15 76.94 NOTE
r-prerel-solaris-sparc 2.1 941.80 NOTE
r-prerel-solaris-x86 2.1 194.50 NOTE
r-release-linux-x86_64 2.1 4.86 87.79 92.65 NOTE
r-release-osx-x86_64-mavericks 2.1 NOTE
r-release-osx-x86_64-snowleopard 2.1 OK
r-release-windows-ix86+x86_64 2.1 13.00 125.00 138.00 NOTE
r-oldrel-windows-ix86+x86_64 2.1 14.00 133.00 147.00 OK

Check Details

Version: 2.1
Check: DESCRIPTION meta-information
Result: NOTE
    Malformed Title field: should not end in a period.
Flavors: r-devel-linux-x86_64-debian-clang, r-devel-linux-x86_64-debian-gcc, r-devel-linux-x86_64-fedora-clang, r-devel-linux-x86_64-fedora-gcc, r-devel-osx-x86_64-clang, r-prerel-windows-ix86+x86_64, r-prerel-linux-x86_64, r-prerel-solaris-sparc, r-prerel-solaris-x86

Version: 2.1
Check: dependencies in R code
Result: NOTE
    'library' or 'require' calls in package code:
     ‘MCMCpack’ ‘mvtnorm’ ‘truncnorm’
     Please use :: or requireNamespace() instead.
     See section 'Suggested packages' in the 'Writing R Extensions' manual.
Flavors: r-devel-linux-x86_64-debian-clang, r-devel-linux-x86_64-debian-gcc, r-devel-linux-x86_64-fedora-clang, r-devel-linux-x86_64-fedora-gcc, r-devel-osx-x86_64-clang, r-prerel-windows-ix86+x86_64, r-prerel-linux-x86_64, r-prerel-solaris-sparc, r-prerel-solaris-x86, r-release-linux-x86_64, r-release-windows-ix86+x86_64

Version: 2.1
Check: R code for possible problems
Result: NOTE
    .getListRegObjects: no visible global function definition for ‘rmvnorm’
    .getListRegObjectsFec: no visible global function definition for
     ‘rmvnorm’
    diagnosticsPmatrix: no visible global function definition for
     ‘dtruncnorm’
    sampleVitalRateObj: no visible global function definition for
     ‘rdirichlet’
    sampleVitalRateObj: no visible global function definition for ‘rmvnorm’
    simulateCarlina: no visible global function definition for ‘rmvnorm’
    growth,numeric-numeric-data.frame-growthObjTruncIncr: no visible global
     function definition for ‘dtruncnorm’
    growthCum,numeric-numeric-data.frame-growthObjTruncIncr: no visible
     global function definition for ‘ptruncnorm’
Flavors: r-devel-linux-x86_64-debian-clang, r-devel-linux-x86_64-debian-gcc, r-devel-linux-x86_64-fedora-clang, r-devel-linux-x86_64-fedora-gcc, r-devel-osx-x86_64-clang, r-prerel-windows-ix86+x86_64, r-prerel-linux-x86_64, r-prerel-solaris-sparc, r-prerel-solaris-x86, r-release-linux-x86_64, r-release-osx-x86_64-mavericks, r-release-windows-ix86+x86_64