CRAN Package Check Results for Package IPMpack

Last updated on 2014-12-19 07:47:41.

Flavor Version Tinstall Tcheck Ttotal Status Flags
r-devel-linux-x86_64-debian-clang 2.1 4.80 83.57 88.37 NOTE
r-devel-linux-x86_64-debian-gcc 2.1 4.56 83.21 87.77 NOTE
r-devel-linux-x86_64-fedora-clang 2.1 199.94 NOTE
r-devel-linux-x86_64-fedora-gcc 2.1 178.75 NOTE
r-devel-osx-x86_64-clang 2.1 163.60 NOTE
r-devel-windows-ix86+x86_64 2.1 14.00 118.00 132.00 NOTE
r-patched-linux-x86_64 2.1 4.84 87.38 92.22 NOTE
r-patched-solaris-sparc 2.1 1098.90 NOTE
r-patched-solaris-x86 2.1 245.80 NOTE
r-release-linux-ix86 2.1 5.74 100.55 106.30 NOTE
r-release-linux-x86_64 2.1 4.82 90.10 94.92 NOTE
r-release-osx-x86_64-mavericks 2.1 NOTE
r-release-osx-x86_64-snowleopard 2.1 OK
r-release-windows-ix86+x86_64 2.1 14.00 125.00 139.00 NOTE
r-oldrel-windows-ix86+x86_64 2.1 15.00 128.00 143.00 OK

Check Details

Version: 2.1
Check: R code for possible problems
Result: NOTE
    .getListRegObjects: no visible global function definition for ‘rmvnorm’
    .getListRegObjectsFec: no visible global function definition for
     ‘rmvnorm’
    diagnosticsPmatrix: no visible global function definition for
     ‘dtruncnorm’
    sampleVitalRateObj: no visible global function definition for
     ‘rdirichlet’
    sampleVitalRateObj: no visible global function definition for ‘rmvnorm’
    simulateCarlina: no visible global function definition for ‘rmvnorm’
    growth,numeric-numeric-data.frame-growthObjTruncIncr: no visible global
     function definition for ‘dtruncnorm’
    growthCum,numeric-numeric-data.frame-growthObjTruncIncr: no visible
     global function definition for ‘ptruncnorm’
Flavors: r-devel-linux-x86_64-debian-clang, r-devel-linux-x86_64-debian-gcc, r-devel-linux-x86_64-fedora-clang, r-devel-linux-x86_64-fedora-gcc, r-devel-osx-x86_64-clang, r-devel-windows-ix86+x86_64, r-patched-linux-x86_64, r-patched-solaris-sparc, r-patched-solaris-x86, r-release-linux-ix86, r-release-linux-x86_64, r-release-windows-ix86+x86_64

Version: 2.1
Check: re-building of vignette outputs
Result: NOTE
    Error in re-building vignettes:
     ...
    Loading required package: Matrix
    Loading required package: MASS
    Loading required package: nlme
    Error in texi2dvi(file = file, pdf = TRUE, clean = clean, quiet = quiet, :
     Running 'texi2dvi' on 'IPMpack_Vignette.tex' failed.
    LaTeX errors:
    ! LaTeX Error: File `a4wide.sty' not found.
    
    Type X to quit or <RETURN> to proceed,
    or enter new name. (Default extension: sty)
    
    _test/IPMpack/vignettes/IPMpack_Vignette.tex:15: ==> Fatal error occurred, no
    output PDF file produced!
    Calls: buildVignettes -> texi2pdf -> texi2dvi
    Execution halted
Flavor: r-release-osx-x86_64-mavericks