CRAN Package Check Results for Package IPSUR

Last updated on 2016-05-25 17:50:27.

Flavor Version Tinstall Tcheck Ttotal Status Flags
r-devel-linux-x86_64-debian-gcc 1.5 0.67 67.17 67.84 NOTE
r-devel-linux-x86_64-fedora-clang 1.5 115.67 NOTE
r-devel-linux-x86_64-fedora-gcc 1.5 113.58 NOTE
r-devel-osx-x86_64-clang 1.5 108.76 NOTE
r-devel-windows-ix86+x86_64 1.5 4.00 69.00 73.00 NOTE
r-patched-linux-x86_64 1.5 0.82 67.05 67.87 NOTE
r-patched-solaris-sparc 1.5 706.10 NOTE
r-patched-solaris-x86 1.5 163.00 NOTE
r-release-linux-x86_64 1.5 0.77 67.82 68.59 NOTE
r-release-osx-x86_64-mavericks 1.5 NOTE
r-release-windows-ix86+x86_64 1.5 3.00 77.00 80.00 NOTE
r-oldrel-windows-ix86+x86_64 1.5 3.00 87.00 90.00 NOTE

Check Details

Version: 1.5
Check: dependencies in R code
Result: NOTE
    'library' or 'require' call to ‘HH’ in package code.
     Please use :: or requireNamespace() instead.
     See section 'Suggested packages' in the 'Writing R Extensions' manual.
Flavors: r-devel-linux-x86_64-debian-gcc, r-devel-linux-x86_64-fedora-clang, r-devel-linux-x86_64-fedora-gcc, r-devel-osx-x86_64-clang, r-devel-windows-ix86+x86_64, r-patched-linux-x86_64, r-patched-solaris-sparc, r-patched-solaris-x86, r-release-linux-x86_64, r-release-osx-x86_64-mavericks, r-release-windows-ix86+x86_64, r-oldrel-windows-ix86+x86_64

Version: 1.5
Check: S3 generic/method consistency
Result: NOTE
    Found the following apparent S3 methods exported but not registered:
     plot.htest
    See section ‘Registering S3 methods’ in the ‘Writing R Extensions’
    manual.
Flavors: r-devel-linux-x86_64-debian-gcc, r-devel-linux-x86_64-fedora-clang, r-devel-linux-x86_64-fedora-gcc, r-devel-osx-x86_64-clang, r-patched-linux-x86_64, r-patched-solaris-sparc, r-patched-solaris-x86, r-release-linux-x86_64

Version: 1.5
Check: R code for possible problems
Result: NOTE
    clt1: no visible global function definition for ‘graphics.off’
    clt1: no visible global function definition for ‘curve’
    clt1 : <anonymous>: no visible global function definition for ‘dt’
    clt1: no visible global function definition for ‘abline’
    clt1: no visible global function definition for ‘text’
    clt1: no visible global function definition for ‘dt’
    clt1: no visible global function definition for ‘var’
    clt1: no visible global function definition for ‘dev.new’
    clt1: no visible global function definition for ‘dev.set’
    clt1: no visible global function definition for ‘hist’
    clt1: no visible global function definition for ‘dnorm’
    clt1: no visible global function definition for ‘sd’
    clt1: no visible global function definition for ‘locator’
    clt1 : <anonymous>: no visible global function definition for ‘dnorm’
    clt1 : <anonymous>: no visible global function definition for ‘sd’
    clt2: no visible global function definition for ‘graphics.off’
    clt2: no visible global function definition for ‘curve’
    clt2 : <anonymous>: no visible global function definition for ‘dunif’
    clt2: no visible global function definition for ‘abline’
    clt2: no visible global function definition for ‘text’
    clt2: no visible global function definition for ‘var’
    clt2: no visible global function definition for ‘dev.new’
    clt2: no visible global function definition for ‘dev.set’
    clt2: no visible global function definition for ‘hist’
    clt2: no visible global function definition for ‘dnorm’
    clt2: no visible global function definition for ‘sd’
    clt2: no visible global function definition for ‘locator’
    clt2 : <anonymous>: no visible global function definition for ‘dnorm’
    clt2 : <anonymous>: no visible global function definition for ‘sd’
    clt3: no visible global function definition for ‘graphics.off’
    clt3: no visible global function definition for ‘curve’
    clt3 : <anonymous>: no visible global function definition for ‘dgamma’
    clt3: no visible global function definition for ‘abline’
    clt3 : f: no visible global function definition for ‘dgamma’
    clt3: no visible global function definition for ‘optimize’
    clt3: no visible global function definition for ‘text’
    clt3: no visible global function definition for ‘var’
    clt3: no visible global function definition for ‘dev.new’
    clt3: no visible global function definition for ‘dev.set’
    clt3: no visible global function definition for ‘hist’
    clt3: no visible global function definition for ‘dnorm’
    clt3: no visible global function definition for ‘sd’
    clt3: no visible global function definition for ‘locator’
    clt3 : <anonymous>: no visible global function definition for ‘dnorm’
    clt3 : <anonymous>: no visible global function definition for ‘sd’
    plot.htest: no visible global function definition for
     ‘normal.and.t.dist’
    read: no visible global function definition for ‘vignette’
    Undefined global functions or variables:
     abline curve dev.new dev.set dgamma dnorm dt dunif graphics.off hist
     locator normal.and.t.dist optimize sd text var vignette
    Consider adding
     importFrom("grDevices", "dev.new", "dev.set", "graphics.off")
     importFrom("graphics", "abline", "curve", "hist", "locator", "text")
     importFrom("stats", "dgamma", "dnorm", "dt", "dunif", "optimize", "sd",
     "var")
     importFrom("utils", "vignette")
    to your NAMESPACE file.
Flavors: r-devel-linux-x86_64-debian-gcc, r-devel-linux-x86_64-fedora-clang, r-devel-linux-x86_64-fedora-gcc, r-devel-osx-x86_64-clang, r-devel-windows-ix86+x86_64, r-patched-linux-x86_64, r-patched-solaris-sparc, r-patched-solaris-x86, r-release-linux-x86_64, r-release-osx-x86_64-mavericks, r-release-windows-ix86+x86_64

Version: 1.5
Check: R code for possible problems
Result: NOTE
    plot.htest: no visible global function definition for
     'normal.and.t.dist'
Flavor: r-oldrel-windows-ix86+x86_64