CRAN Package Check Results for Package IPSUR

Last updated on 2014-04-19 01:48:20.

Flavor Version Tinstall Tcheck Ttotal Status Flags
r-devel-linux-x86_64-debian-clang 1.5 0.72 60.45 61.17 OK
r-devel-linux-x86_64-debian-gcc OK
r-devel-linux-x86_64-fedora-clang 1.5 207.07 OK
r-devel-linux-x86_64-fedora-gcc 1.5 198.74 OK
r-devel-macosx-x86_64-clang 1.5 134.64 OK
r-devel-macosx-x86_64-gcc 1.5 WARN
r-devel-windows-ix86+x86_64 1.5 3.00 98.00 101.00 OK
r-patched-linux-x86_64 1.5 0.74 60.92 61.66 OK
r-patched-solaris-sparc 1.5 791.00 OK
r-patched-solaris-x86 1.5 195.60 OK
r-release-linux-ix86 1.5 2.00 101.00 103.00 OK
r-release-linux-x86_64 1.5 0.79 61.25 62.04 OK
r-release-macosx-x86_64 1.5 WARN
r-release-windows-ix86+x86_64 1.5 3.00 107.00 110.00 OK
r-oldrel-windows-ix86+x86_64 1.5 3.00 99.00 102.00 OK

Check Details

Version: 1.5
Check: package dependencies
Result: NOTE
    Packages suggested but not available for checking:
     ‘DAAG’ ‘HH’ ‘Hmisc’ ‘lmtest’ ‘odfWeave’ ‘prob’ ‘RcmdrPlugin.IPSUR’
     ‘Rcmdr’
Flavor: r-devel-macosx-x86_64-gcc

Version: 1.5
Check: R code for possible problems
Result: NOTE
    plot.htest: no visible global function definition for
     ‘normal.and.t.dist’
Flavors: r-devel-macosx-x86_64-gcc, r-release-macosx-x86_64

Version: 1.5
Check: Rd cross-references
Result: NOTE
    Package unavailable to check Rd xrefs: ‘HH’
Flavors: r-devel-macosx-x86_64-gcc, r-release-macosx-x86_64

Version: 1.5
Check: running R code from vignettes
Result: WARNING
    Errors in running code in vignettes:
    when running code in ‘IPSUR.Rnw’
     ...
    
    > options(width = 75)
    
    > options(useFancyQuotes = FALSE)
    
    > library(RcmdrPlugin.IPSUR)
    
     When sourcing 'IPSUR.R':
    Error: there is no package called 'RcmdrPlugin.IPSUR'
    Execution halted
Flavor: r-devel-macosx-x86_64-gcc

Version: 1.5
Check: re-building of vignette outputs
Result: NOTE
    Error in re-building vignettes:
     ...
    
    Error: processing vignette 'IPSUR.Rnw' failed with diagnostics:
     chunk 3
    Error in library(RcmdrPlugin.IPSUR) :
     there is no package called 'RcmdrPlugin.IPSUR'
    Execution halted
Flavor: r-devel-macosx-x86_64-gcc

Version: 1.5
Check: package dependencies
Result: NOTE
    Package suggested but not available for checking: 'HH'
Flavor: r-release-macosx-x86_64

Version: 1.5
Check: running R code from vignettes
Result: WARNING
    Errors in running code in vignettes:
    when running code in 'IPSUR.Rnw'
     ...
    > library(TeachingDemos)
    
    > plot(z.test(PlantGrowth$weight, stdev = 0.7), "Conf")
    Loading required package: HH
    Warning in library(package, lib.loc = lib.loc, character.only = TRUE, logical.return = TRUE, :
     there is no package called 'HH'
    
     When sourcing 'IPSUR.R':
    Error: could not find function "normal.and.t.dist"
    Execution halted
Flavor: r-release-macosx-x86_64

Version: 1.5
Check: re-building of vignette outputs
Result: NOTE
    Error in re-building vignettes:
     ...
    
    Attaching package: 'actuar'
    
    The following object is masked from 'package:grDevices':
    
     cm
    
    Warning in sqrt(sigma2) : NaNs produced
    Warning in sqrt(sigma2) : NaNs produced
    
    Attaching package: 'TeachingDemos'
    
    The following objects are masked from 'package:aplpack':
    
     faces, slider
    
    Loading required package: HH
    Warning in library(package, lib.loc = lib.loc, character.only = TRUE, logical.return = TRUE, :
     there is no package called 'HH'
    
    Error: processing vignette 'IPSUR.Rnw' failed with diagnostics:
     chunk 250
    Error in plot.htest(z.test(PlantGrowth$weight, stdev = 0.7), "Conf") :
     could not find function "normal.and.t.dist"
    Execution halted
Flavor: r-release-macosx-x86_64