CRAN Package Check Results for Package IPSUR

Last updated on 2014-07-30 03:48:21.

Flavor Version Tinstall Tcheck Ttotal Status Flags
r-devel-linux-x86_64-debian-clang 1.5 0.68 59.90 60.58 OK
r-devel-linux-x86_64-debian-gcc 1.5 0.68 59.36 60.04 OK
r-devel-linux-x86_64-fedora-clang 1.5 203.46 OK
r-devel-linux-x86_64-fedora-gcc 1.5 198.27 OK
r-devel-osx-x86_64-clang 1.5 130.85 OK
r-devel-windows-ix86+x86_64 1.5 2.00 103.00 105.00 OK
r-patched-linux-x86_64 1.5 0.71 60.28 60.99 OK
r-patched-solaris-sparc 1.5 791.00 OK
r-patched-solaris-x86 1.5 283.80 OK
r-release-linux-ix86 1.5 1.14 82.41 83.55 OK
r-release-linux-x86_64 1.5 0.69 60.74 61.43 OK
r-release-osx-x86_64-mavericks 1.5 ERROR
r-release-osx-x86_64-snowleopard 1.5 WARN
r-release-windows-ix86+x86_64 1.5 3.00 113.00 116.00 OK
r-oldrel-windows-ix86+x86_64 1.5 3.00 108.00 111.00 OK

Check Details

Version: 1.5
Check: running R code from vignettes
Result: ERROR
    Errors in running code in vignettes:
    when running code in IPSUR.Rnw
     ...
    > B <- t.test(len ~ supp, data = ToothGrowth, alt = "greater",
    + var.equal = TRUE)
    
    > sessionInfo()
    Warning in FUN(c("coin", "boot", "scatterplot3d", "lmtest", "zoo", "reshape", :
     DESCRIPTION file of package 'qcc' is missing or broken
    
     When sourcing 'IPSUR.R':
    Error: $ operator is invalid for atomic vectors
    Execution halted
Flavor: r-release-osx-x86_64-mavericks

Version: 1.5
Check: package dependencies
Result: NOTE
    Package suggested but not available for checking: 'HH'
Flavor: r-release-osx-x86_64-snowleopard

Version: 1.5
Check: R code for possible problems
Result: NOTE
    plot.htest: no visible global function definition for
     'normal.and.t.dist'
Flavor: r-release-osx-x86_64-snowleopard

Version: 1.5
Check: Rd cross-references
Result: NOTE
    Package unavailable to check Rd xrefs: 'HH'
Flavor: r-release-osx-x86_64-snowleopard

Version: 1.5
Check: running R code from vignettes
Result: WARNING
    Errors in running code in vignettes:
    when running code in 'IPSUR.Rnw'
     ...
    > library(TeachingDemos)
    
    > plot(z.test(PlantGrowth$weight, stdev = 0.7), "Conf")
    Loading required package: HH
    Warning in library(package, lib.loc = lib.loc, character.only = TRUE, logical.return = TRUE, :
     there is no package called 'HH'
    
     When sourcing 'IPSUR.R':
    Error: could not find function "normal.and.t.dist"
    Execution halted
Flavor: r-release-osx-x86_64-snowleopard

Version: 1.5
Check: re-building of vignette outputs
Result: NOTE
    Error in re-building vignettes:
     ...
    
    Attaching package: 'actuar'
    
    The following object is masked from 'package:grDevices':
    
     cm
    
    Warning in sqrt(sigma2) : NaNs produced
    Warning in sqrt(sigma2) : NaNs produced
    
    Attaching package: 'TeachingDemos'
    
    The following objects are masked from 'package:aplpack':
    
     faces, slider
    
    Loading required package: HH
    Warning in library(package, lib.loc = lib.loc, character.only = TRUE, logical.return = TRUE, :
     there is no package called 'HH'
    
    Error: processing vignette 'IPSUR.Rnw' failed with diagnostics:
     chunk 250
    Error in plot.htest(z.test(PlantGrowth$weight, stdev = 0.7), "Conf") :
     could not find function "normal.and.t.dist"
    Execution halted
Flavor: r-release-osx-x86_64-snowleopard