CRAN Package Check Results for Package IPSUR

Last updated on 2015-03-06 03:46:37.

Flavor Version Tinstall Tcheck Ttotal Status Flags
r-devel-linux-x86_64-debian-clang 1.5 0.70 67.45 68.15 NOTE
r-devel-linux-x86_64-debian-gcc 1.5 0.68 65.84 66.52 NOTE
r-devel-linux-x86_64-fedora-clang 1.5 132.00 NOTE
r-devel-linux-x86_64-fedora-gcc 1.5 127.79 NOTE
r-devel-osx-x86_64-clang 1.5 125.54 NOTE
r-devel-windows-ix86+x86_64 1.5 3.00 98.00 101.00 NOTE
r-patched-linux-x86_64 1.5 0.74 77.29 78.03 NOTE
r-patched-solaris-sparc 1.5 902.50 NOTE
r-patched-solaris-x86 1.5 210.50 NOTE
r-release-linux-ix86 1.5 1.09 104.22 105.31 NOTE
r-release-linux-x86_64 1.5 0.74 72.82 73.56 NOTE
r-release-osx-x86_64-mavericks 1.5 NOTE
r-release-osx-x86_64-snowleopard 1.5 WARN
r-release-windows-ix86+x86_64 1.5 3.00 117.00 120.00 NOTE
r-oldrel-windows-ix86+x86_64 1.5 3.00 133.00 136.00 OK

Check Details

Version: 1.5
Check: dependencies in R code
Result: NOTE
    'library' or 'require' call to ‘HH’ in package code.
     Please use :: or requireNamespace() instead.
     See section 'Suggested packages' in the 'Writing R Extensions' manual.
Flavors: r-devel-linux-x86_64-debian-clang, r-devel-linux-x86_64-debian-gcc, r-devel-linux-x86_64-fedora-clang, r-devel-linux-x86_64-fedora-gcc, r-devel-osx-x86_64-clang, r-devel-windows-ix86+x86_64, r-patched-linux-x86_64, r-patched-solaris-sparc, r-patched-solaris-x86

Version: 1.5
Check: S3 generic/method consistency
Result: NOTE
    Found the following apparent S3 methods exported but not registered:
     plot.htest
    See section ‘Registering S3 methods’ in the ‘Writing R Extensions’
    manual.
Flavors: r-devel-linux-x86_64-debian-clang, r-devel-linux-x86_64-debian-gcc, r-devel-linux-x86_64-fedora-clang, r-devel-linux-x86_64-fedora-gcc, r-devel-osx-x86_64-clang

Version: 1.5
Check: R code for possible problems
Result: NOTE
    plot.htest: no visible global function definition for
     ‘normal.and.t.dist’
Flavors: r-devel-linux-x86_64-debian-clang, r-devel-linux-x86_64-debian-gcc, r-devel-linux-x86_64-fedora-clang, r-devel-linux-x86_64-fedora-gcc, r-devel-osx-x86_64-clang, r-devel-windows-ix86+x86_64, r-patched-linux-x86_64, r-patched-solaris-sparc, r-patched-solaris-x86, r-release-linux-ix86, r-release-linux-x86_64, r-release-osx-x86_64-mavericks, r-release-osx-x86_64-snowleopard, r-release-windows-ix86+x86_64

Version: 1.5
Check: re-building of vignette outputs
Result: NOTE
    Error in re-building vignettes:
     ...
    Warning in sqrt(-1) : NaNs produced
    Loading required package: tcltk
    Error in parse(n = -1, file = file, srcfile = NULL, keep.source = FALSE) :
     /private/var/folders/8q/c881c7rn7_x34vj58f4ywhvm0000h3/T/RtmpMq2XhJ/R.INSTALL110c6327be2a6/qcc/R/utilities.R:76:0: unexpected end of input
    74: character = return(.qcc.options[[arg]]),
    75: stop(paste("invalid argument:", sQuote(arg))))
     ^
    Error : unable to load R code in package 'qcc'
    
    Error: processing vignette 'IPSUR.Rnw' failed with diagnostics:
     chunk 41
    Error : package or namespace load failed for 'qcc'
    Execution halted
Flavor: r-release-osx-x86_64-mavericks

Version: 1.5
Check: package dependencies
Result: NOTE
    Package suggested but not available for checking: 'HH'
Flavor: r-release-osx-x86_64-snowleopard

Version: 1.5
Check: Rd cross-references
Result: NOTE
    Package unavailable to check Rd xrefs: 'HH'
Flavor: r-release-osx-x86_64-snowleopard

Version: 1.5
Check: running R code from vignettes
Result: WARN
    Errors in running code in vignettes:
    when running code in 'IPSUR.Rnw'
     ...
    > library(TeachingDemos)
    
    > plot(z.test(PlantGrowth$weight, stdev = 0.7), "Conf")
    Loading required package: HH
    Warning in library(package, lib.loc = lib.loc, character.only = TRUE, logical.return = TRUE, :
     there is no package called 'HH'
    
     When sourcing 'IPSUR.R':
    Error: could not find function "normal.and.t.dist"
    Execution halted
Flavor: r-release-osx-x86_64-snowleopard

Version: 1.5
Check: re-building of vignette outputs
Result: NOTE
    Error in re-building vignettes:
     ...
    
    Attaching package: 'actuar'
    
    The following object is masked from 'package:grDevices':
    
     cm
    
    Warning in sqrt(sigma2) : NaNs produced
    Warning in sqrt(sigma2) : NaNs produced
    
    Attaching package: 'TeachingDemos'
    
    The following objects are masked from 'package:aplpack':
    
     faces, slider
    
    Loading required package: HH
    Warning in library(package, lib.loc = lib.loc, character.only = TRUE, logical.return = TRUE, :
     there is no package called 'HH'
    
    Error: processing vignette 'IPSUR.Rnw' failed with diagnostics:
     chunk 250
    Error in plot.htest(z.test(PlantGrowth$weight, stdev = 0.7), "Conf") :
     could not find function "normal.and.t.dist"
    Execution halted
Flavor: r-release-osx-x86_64-snowleopard