CRAN Package Check Results for Package IPSUR

Last updated on 2015-05-29 03:48:05.

Flavor Version Tinstall Tcheck Ttotal Status Flags
r-devel-linux-x86_64-debian-clang 1.5 0.76 68.16 68.92 NOTE
r-devel-linux-x86_64-debian-gcc 1.5 0.67 65.63 66.30 NOTE
r-devel-linux-x86_64-fedora-clang 1.5 141.62 NOTE
r-devel-linux-x86_64-fedora-gcc 1.5 131.53 NOTE
r-devel-osx-x86_64-clang 1.5 130.59 NOTE
r-devel-windows-ix86+x86_64 1.5 3.00 99.00 102.00 NOTE
r-patched-linux-x86_64 1.5 0.76 65.46 66.23 NOTE
r-patched-solaris-sparc 1.5 783.00 NOTE
r-patched-solaris-x86 1.5 177.30 NOTE
r-release-linux-x86_64 1.5 0.73 68.96 69.68 NOTE
r-release-osx-x86_64-mavericks 1.5 NOTE
r-release-osx-x86_64-snowleopard 1.5 WARN
r-release-windows-ix86+x86_64 1.5 3.00 102.00 105.00 NOTE
r-oldrel-windows-ix86+x86_64 1.5 3.00 117.00 120.00 NOTE

Check Details

Version: 1.5
Check: dependencies in R code
Result: NOTE
    'library' or 'require' call to ‘HH’ in package code.
     Please use :: or requireNamespace() instead.
     See section 'Suggested packages' in the 'Writing R Extensions' manual.
Flavors: r-devel-linux-x86_64-debian-clang, r-devel-linux-x86_64-debian-gcc, r-devel-linux-x86_64-fedora-clang, r-devel-linux-x86_64-fedora-gcc, r-devel-osx-x86_64-clang, r-devel-windows-ix86+x86_64, r-patched-linux-x86_64, r-patched-solaris-sparc, r-patched-solaris-x86, r-release-linux-x86_64, r-release-osx-x86_64-mavericks, r-release-osx-x86_64-snowleopard, r-release-windows-ix86+x86_64, r-oldrel-windows-ix86+x86_64

Version: 1.5
Check: S3 generic/method consistency
Result: NOTE
    Found the following apparent S3 methods exported but not registered:
     plot.htest
    See section ‘Registering S3 methods’ in the ‘Writing R Extensions’
    manual.
Flavors: r-devel-linux-x86_64-debian-clang, r-devel-linux-x86_64-debian-gcc, r-devel-linux-x86_64-fedora-clang, r-devel-linux-x86_64-fedora-gcc, r-devel-osx-x86_64-clang, r-patched-linux-x86_64, r-patched-solaris-sparc, r-patched-solaris-x86, r-release-linux-x86_64

Version: 1.5
Check: R code for possible problems
Result: NOTE
    plot.htest: no visible global function definition for
     ‘normal.and.t.dist’
Flavors: r-devel-linux-x86_64-debian-clang, r-devel-linux-x86_64-debian-gcc, r-devel-linux-x86_64-fedora-clang, r-devel-linux-x86_64-fedora-gcc, r-devel-osx-x86_64-clang, r-devel-windows-ix86+x86_64, r-patched-linux-x86_64, r-patched-solaris-sparc, r-patched-solaris-x86, r-release-linux-x86_64, r-release-osx-x86_64-mavericks, r-release-osx-x86_64-snowleopard, r-release-windows-ix86+x86_64, r-oldrel-windows-ix86+x86_64

Version: 1.5
Check: re-building of vignette outputs
Result: NOTE
    Error in re-building vignettes:
     ...
    Warning in sqrt(-1) : NaNs produced
    Loading required package: tcltk
    
    Error: processing vignette 'IPSUR.Rnw' failed with diagnostics:
     chunk 41
    Error in library(qcc) : there is no package called 'qcc'
    Execution halted
Flavor: r-release-osx-x86_64-mavericks

Version: 1.5
Check: package dependencies
Result: NOTE
    Packages suggested but not available for checking:
     ‘DAAG’ ‘HH’ ‘Hmisc’ ‘lmtest’ ‘odfWeave’ ‘RcmdrPlugin.IPSUR’ ‘Rcmdr’
Flavor: r-release-osx-x86_64-snowleopard

Version: 1.5
Check: Rd cross-references
Result: NOTE
    Package unavailable to check Rd xrefs: ‘HH’
Flavor: r-release-osx-x86_64-snowleopard

Version: 1.5
Check: running R code from vignettes
Result: WARN
    Errors in running code in vignettes:
    when running code in ‘IPSUR.Rnw’
     ...
    
    > options(width = 75)
    
    > options(useFancyQuotes = FALSE)
    
    > library(RcmdrPlugin.IPSUR)
    
     When sourcing 'IPSUR.R':
    Error: there is no package called 'RcmdrPlugin.IPSUR'
    Execution halted
Flavor: r-release-osx-x86_64-snowleopard

Version: 1.5
Check: re-building of vignette outputs
Result: NOTE
    Error in re-building vignettes:
     ...
    
    Error: processing vignette 'IPSUR.Rnw' failed with diagnostics:
     chunk 3
    Error in library(RcmdrPlugin.IPSUR) :
     there is no package called 'RcmdrPlugin.IPSUR'
    Execution halted
Flavor: r-release-osx-x86_64-snowleopard