CRAN Package Check Results for Package IQCC

Last updated on 2014-11-24 15:47:15.

Flavor Version Tinstall Tcheck Ttotal Status Flags
r-devel-linux-x86_64-debian-clang 0.6 0.93 15.54 16.47 NOTE
r-devel-linux-x86_64-debian-gcc 0.6 0.90 14.85 15.76 NOTE
r-devel-linux-x86_64-fedora-clang 0.6 36.81 NOTE
r-devel-linux-x86_64-fedora-gcc 0.6 30.10 NOTE
r-devel-osx-x86_64-clang 0.6 34.60 NOTE
r-devel-windows-ix86+x86_64 0.6 4.00 24.00 28.00 NOTE
r-patched-linux-x86_64 0.6 1.02 14.99 16.01 NOTE
r-patched-solaris-sparc 0.6 176.20 NOTE
r-patched-solaris-x86 0.6 44.20 NOTE
r-release-linux-ix86 0.6 1.32 21.10 22.42 NOTE
r-release-linux-x86_64 0.6 0.95 14.47 15.42 NOTE
r-release-osx-x86_64-mavericks 0.6 OK
r-release-osx-x86_64-snowleopard 0.6 OK
r-release-windows-ix86+x86_64 0.6 5.00 28.00 33.00 NOTE
r-oldrel-windows-ix86+x86_64 0.6 4.00 27.00 31.00 OK

Check Details

Version: 0.6
Check: package namespace information
Result: NOTE
     Namespace with empty importFrom: ‘miscTools’
Flavors: r-devel-linux-x86_64-debian-clang, r-devel-linux-x86_64-debian-gcc, r-devel-linux-x86_64-fedora-clang, r-devel-linux-x86_64-fedora-gcc, r-devel-osx-x86_64-clang, r-devel-windows-ix86+x86_64, r-patched-linux-x86_64, r-patched-solaris-sparc, r-patched-solaris-x86, r-release-linux-ix86, r-release-linux-x86_64, r-release-windows-ix86+x86_64