CRAN Package Check Results for Package IQCC

Last updated on 2015-06-30 06:47:01.

Flavor Version Tinstall Tcheck Ttotal Status Flags
r-devel-linux-x86_64-debian-clang 0.6 0.83 12.57 13.40 NOTE
r-devel-linux-x86_64-debian-gcc 0.6 0.77 12.12 12.88 NOTE
r-devel-linux-x86_64-fedora-clang 0.6 24.88 NOTE
r-devel-linux-x86_64-fedora-gcc 0.6 23.63 NOTE
r-devel-osx-x86_64-clang 0.6 26.27 NOTE
r-devel-windows-ix86+x86_64 0.6 6.00 26.00 32.00 NOTE
r-patched-linux-x86_64 0.6 0.79 12.55 13.34 NOTE
r-patched-solaris-sparc 0.6 182.70 NOTE
r-patched-solaris-x86 0.6 37.80 NOTE
r-release-linux-x86_64 0.6 1.04 12.77 13.82 NOTE
r-release-osx-x86_64-mavericks 0.6 NOTE
r-release-windows-ix86+x86_64 0.6 6.00 24.00 30.00 NOTE
r-oldrel-windows-ix86+x86_64 0.6 7.00 31.00 38.00 NOTE

Check Details

Version: 0.6
Check: package namespace information
Result: NOTE
     Namespace with empty importFrom: ‘miscTools’
Flavors: r-devel-linux-x86_64-debian-clang, r-devel-linux-x86_64-debian-gcc, r-devel-linux-x86_64-fedora-clang, r-devel-linux-x86_64-fedora-gcc, r-devel-osx-x86_64-clang, r-devel-windows-ix86+x86_64, r-patched-linux-x86_64, r-patched-solaris-sparc, r-patched-solaris-x86, r-release-linux-x86_64, r-release-osx-x86_64-mavericks, r-release-windows-ix86+x86_64, r-oldrel-windows-ix86+x86_64

Version: 0.6
Check: R code for possible problems
Result: NOTE
    add.data: no visible global function definition for ‘points’
    add.data: no visible global function definition for ‘lines’
    alpha.risk : risco: no visible global function definition for ‘ptukey’
    cchart.R: no visible global function definition for ‘mtext’
    cchart.R: no visible global function definition for ‘qtukey’
    cchart.S: no visible global function definition for ‘qchisq’
    cchart.T2.1: no visible global function definition for ‘qbeta’
    cchart.T2.1: no visible global function definition for ‘plot’
    cchart.T2.1: no visible global function definition for ‘qf’
    cchart.T2.1: no visible global function definition for ‘lines’
    cchart.T2.1: no visible global function definition for ‘mtext’
    cchart.T2.1: no visible global function definition for ‘abline’
    cchart.T2.2: no visible global function definition for ‘qf’
    cchart.T2.2: no visible global function definition for ‘plot’
    cchart.T2.2: no visible global function definition for ‘title’
    cchart.T2.2: no visible global function definition for ‘mtext’
    cchart.T2.2: no visible global function definition for ‘abline’
    cchart.T2.2: no visible global function definition for ‘axis’
    cchart.T2.2: no visible global function definition for ‘lines’
    cchart.Xbar_R: no visible global function definition for ‘par’
    d2: no visible global function definition for ‘integrate’
    d2 : <anonymous>: no visible global function definition for ‘ptukey’
    d3: no visible global function definition for ‘integrate’
    d3 : <anonymous>: no visible global function definition for ‘ptukey’
    table.qtukey : a: no visible global function definition for ‘qtukey’
    table.qtukey : b: no visible global function definition for ‘qtukey’
    table.qtukey : g: no visible global function definition for ‘qtukey’
    table.qtukey : d: no visible global function definition for ‘qtukey’
Flavors: r-devel-linux-x86_64-debian-clang, r-devel-linux-x86_64-debian-gcc, r-devel-windows-ix86+x86_64