CRAN Package Check Results for Package IQCC

Last updated on 2014-10-23 09:52:48.

Flavor Version Tinstall Tcheck Ttotal Status Flags
r-devel-linux-x86_64-debian-clang 0.6 1.00 15.18 16.19 NOTE
r-devel-linux-x86_64-debian-gcc 0.6 0.94 15.14 16.08 NOTE
r-devel-linux-x86_64-fedora-clang 0.6 31.21 NOTE
r-devel-linux-x86_64-fedora-gcc 0.6 28.49 NOTE
r-devel-osx-x86_64-clang 0.6 33.92 NOTE
r-devel-windows-ix86+x86_64 0.6 4.00 25.00 29.00 NOTE
r-patched-linux-x86_64 0.6 0.95 15.34 16.30 NOTE
r-patched-solaris-sparc 0.6 176.20 NOTE
r-patched-solaris-x86 0.6 44.50 NOTE
r-release-linux-ix86 0.6 1.37 4.36 5.73 OK
r-release-linux-x86_64 0.6 0.96 15.08 16.05 OK
r-release-osx-x86_64-mavericks 0.6 OK
r-release-osx-x86_64-snowleopard 0.6 OK
r-release-windows-ix86+x86_64 0.6 4.00 27.00 31.00 OK
r-oldrel-windows-ix86+x86_64 0.6 4.00 26.00 30.00 OK

Check Details

Version: 0.6
Check: package namespace information
Result: NOTE
     Namespace with empty importFrom: ‘miscTools’
Flavors: r-devel-linux-x86_64-debian-clang, r-devel-linux-x86_64-debian-gcc, r-devel-linux-x86_64-fedora-clang, r-devel-linux-x86_64-fedora-gcc, r-devel-osx-x86_64-clang, r-devel-windows-ix86+x86_64, r-patched-linux-x86_64, r-patched-solaris-sparc, r-patched-solaris-x86