CRAN Package Check Results for Package IQCC

Last updated on 2014-04-20 03:47:29.

Flavor Version Tinstall Tcheck Ttotal Status Flags
r-devel-linux-x86_64-debian-clang 0.5 0.95 14.56 15.51 NOTE
r-devel-linux-x86_64-debian-gcc 0.5 0.95 14.85 15.80 NOTE
r-devel-linux-x86_64-fedora-clang 0.5 30.22 NOTE
r-devel-linux-x86_64-fedora-gcc 0.5 28.23 NOTE
r-devel-macosx-x86_64-clang 0.5 32.61 NOTE
r-devel-macosx-x86_64-gcc 0.5 ERROR
r-devel-windows-ix86+x86_64 0.5 4.00 24.00 28.00 NOTE
r-patched-linux-x86_64 0.5 0.97 14.60 15.57 NOTE
r-patched-solaris-sparc 0.5 170.70 NOTE
r-patched-solaris-x86 0.5 41.40 NOTE
r-release-linux-ix86 NOTE
r-release-linux-x86_64 0.5 0.94 14.67 15.61 NOTE
r-release-macosx-x86_64 0.5 OK
r-release-windows-ix86+x86_64 0.5 5.00 24.00 29.00 NOTE
r-oldrel-windows-ix86+x86_64 0.5 4.00 26.00 30.00 NOTE

Check Details

Version: 0.5
Check: dependencies in R code
Result: NOTE
    Packages in Depends field not imported from:
     ‘MASS’ ‘micEcon’ ‘qcc’
     These packages need to be imported from (in the NAMESPACE file)
     for when this namespace is loaded but not attached.
    See the information on DESCRIPTION files in the chapter ‘Creating R
    packages’ of the ‘Writing R Extensions’ manual.
Flavors: r-devel-linux-x86_64-debian-clang, r-devel-linux-x86_64-debian-gcc, r-devel-linux-x86_64-fedora-clang, r-devel-linux-x86_64-fedora-gcc, r-devel-macosx-x86_64-clang, r-devel-windows-ix86+x86_64, r-patched-linux-x86_64, r-patched-solaris-sparc, r-patched-solaris-x86, r-release-linux-ix86, r-release-linux-x86_64, r-release-windows-ix86+x86_64, r-oldrel-windows-ix86+x86_64

Version: 0.5
Check: Rd line widths
Result: NOTE
    Rd file 'cchart.p.Rd':
     \usage lines wider than 90 characters:
     cchart.p(x1 = NULL, n1 = NULL, type = "norm", p1 = NULL, x2 = NULL, n2 = NULL, phat = NULL, p2 = NULL)
    
    Rd file 'cchart.u.Rd':
     \usage lines wider than 90 characters:
     cchart.u(x1 = NULL, n1 = NULL, type = "norm", u1 = NULL, x2 = NULL, n2 = NULL, lambda = NULL, u2 = NULL)
    
    These lines will be truncated in the PDF manual.
Flavors: r-devel-linux-x86_64-fedora-clang, r-devel-linux-x86_64-fedora-gcc

Version: 0.5
Check: package dependencies
Result: ERROR
    Package required but not available: ‘micEcon’
    
    See the information on DESCRIPTION files in the chapter ‘Creating R
    packages’ of the ‘Writing R Extensions’ manual.
Flavor: r-devel-macosx-x86_64-gcc