CRAN Package Check Results for Package IQCC

Last updated on 2015-05-29 09:47:04.

Flavor Version Tinstall Tcheck Ttotal Status Flags
r-devel-linux-x86_64-debian-clang 0.6 0.90 12.68 13.57 NOTE
r-devel-linux-x86_64-debian-gcc 0.6 0.80 13.30 14.10 NOTE
r-devel-linux-x86_64-fedora-clang 0.6 26.36 NOTE
r-devel-linux-x86_64-fedora-gcc 0.6 23.99 NOTE
r-devel-osx-x86_64-clang 0.6 31.09 NOTE
r-devel-windows-ix86+x86_64 0.6 4.00 24.00 28.00 NOTE
r-patched-linux-x86_64 0.6 0.79 12.81 13.60 NOTE
r-patched-solaris-sparc 0.6 182.70 NOTE
r-patched-solaris-x86 0.6 36.20 NOTE
r-release-linux-x86_64 0.6 0.84 13.20 14.04 NOTE
r-release-osx-x86_64-mavericks 0.6 NOTE
r-release-osx-x86_64-snowleopard 0.6 ERROR
r-release-windows-ix86+x86_64 0.6 4.00 23.00 27.00 NOTE
r-oldrel-windows-ix86+x86_64 0.6 5.00 30.00 35.00 NOTE

Check Details

Version: 0.6
Check: package namespace information
Result: NOTE
     Namespace with empty importFrom: ‘miscTools’
Flavors: r-devel-linux-x86_64-debian-clang, r-devel-linux-x86_64-debian-gcc, r-devel-linux-x86_64-fedora-clang, r-devel-linux-x86_64-fedora-gcc, r-devel-osx-x86_64-clang, r-devel-windows-ix86+x86_64, r-patched-linux-x86_64, r-patched-solaris-sparc, r-patched-solaris-x86, r-release-linux-x86_64, r-release-osx-x86_64-mavericks, r-release-osx-x86_64-snowleopard, r-release-windows-ix86+x86_64, r-oldrel-windows-ix86+x86_64

Version: 0.6
Check: package dependencies
Result: ERROR
    Packages required but not available: ‘micEcon’ ‘miscTools’
    
    See section ‘The DESCRIPTION file’ in the ‘Writing R Extensions’
    manual.
Flavor: r-release-osx-x86_64-snowleopard