CRAN Package Check Results for Package IQCC

Last updated on 2014-09-30 23:47:44.

Flavor Version Tinstall Tcheck Ttotal Status Flags
r-devel-linux-x86_64-debian-clang 0.6 0.92 14.82 15.74 NOTE
r-devel-linux-x86_64-debian-gcc 0.6 0.92 14.57 15.49 NOTE
r-devel-linux-x86_64-fedora-clang 0.6 31.27 NOTE
r-devel-linux-x86_64-fedora-gcc 0.6 31.98 NOTE
r-devel-osx-x86_64-clang 0.6 31.95 NOTE
r-devel-windows-ix86+x86_64 0.6 5.00 26.00 31.00 NOTE
r-patched-linux-x86_64 0.6 0.95 15.48 16.43 OK
r-patched-solaris-sparc 0.6 214.60 OK
r-patched-solaris-x86 0.6 44.40 OK
r-release-linux-ix86 0.6 1.61 21.26 22.86 OK
r-release-linux-x86_64 0.6 0.96 15.32 16.28 OK
r-release-osx-x86_64-mavericks 0.6 OK
r-release-osx-x86_64-snowleopard 0.6 OK
r-release-windows-ix86+x86_64 0.6 4.00 28.00 32.00 OK
r-oldrel-windows-ix86+x86_64 0.6 5.00 29.00 34.00 OK

Check Details

Version: 0.6
Check: package namespace information
Result: NOTE
     Namespace with empty importFrom: ‘miscTools’
Flavors: r-devel-linux-x86_64-debian-clang, r-devel-linux-x86_64-debian-gcc, r-devel-linux-x86_64-fedora-clang, r-devel-linux-x86_64-fedora-gcc, r-devel-osx-x86_64-clang, r-devel-windows-ix86+x86_64