CRAN Package Check Results for Package IQCC

Last updated on 2015-03-04 17:48:27.

Flavor Version Tinstall Tcheck Ttotal Status Flags
r-devel-linux-x86_64-debian-clang 0.6 1.04 13.25 14.29 NOTE
r-devel-linux-x86_64-debian-gcc 0.6 1.08 12.82 13.90 NOTE
r-devel-linux-x86_64-fedora-clang 0.6 26.01 NOTE
r-devel-linux-x86_64-fedora-gcc 0.6 24.60 NOTE
r-devel-osx-x86_64-clang 0.6 30.43 NOTE
r-devel-windows-ix86+x86_64 0.6 3.00 24.00 27.00 NOTE
r-patched-linux-x86_64 0.6 1.33 15.53 16.86 NOTE
r-patched-solaris-sparc 0.6 230.20 NOTE
r-patched-solaris-x86 0.6 45.00 NOTE
r-release-linux-ix86 0.6 1.68 23.54 25.22 NOTE
r-release-linux-x86_64 0.6 1.02 15.70 16.72 NOTE
r-release-osx-x86_64-mavericks 0.6 NOTE
r-release-osx-x86_64-snowleopard 0.6 OK
r-release-windows-ix86+x86_64 0.6 5.00 26.00 31.00 NOTE
r-oldrel-windows-ix86+x86_64 0.6 4.00 30.00 34.00 OK

Check Details

Version: 0.6
Check: package namespace information
Result: NOTE
     Namespace with empty importFrom: ‘miscTools’
Flavors: r-devel-linux-x86_64-debian-clang, r-devel-linux-x86_64-debian-gcc, r-devel-linux-x86_64-fedora-clang, r-devel-linux-x86_64-fedora-gcc, r-devel-osx-x86_64-clang, r-devel-windows-ix86+x86_64, r-patched-linux-x86_64, r-patched-solaris-sparc, r-patched-solaris-x86, r-release-linux-ix86, r-release-linux-x86_64, r-release-osx-x86_64-mavericks, r-release-windows-ix86+x86_64