CRAN Package Check Results for Package IQCC

Last updated on 2018-05-22 13:46:34 CEST.

Flavor Version Tinstall Tcheck Ttotal Status Flags
r-devel-linux-x86_64-debian-clang 0.7 1.61 22.96 24.57 NOTE
r-devel-linux-x86_64-debian-gcc 0.7 1.64 18.05 19.69 NOTE
r-devel-linux-x86_64-fedora-clang 0.7 30.89 NOTE
r-devel-linux-x86_64-fedora-gcc 0.7 28.75 NOTE
r-devel-windows-ix86+x86_64 0.7 6.00 34.00 40.00 OK
r-patched-linux-x86_64 0.7 1.79 22.00 23.79 NOTE
r-patched-solaris-x86 0.7 45.20 OK
r-release-linux-x86_64 0.7 1.53 21.65 23.18 NOTE
r-release-windows-ix86+x86_64 0.7 7.00 48.00 55.00 OK
r-release-osx-x86_64 0.7 OK
r-oldrel-windows-ix86+x86_64 0.7 7.00 39.00 46.00 OK
r-oldrel-osx-x86_64 0.7 OK

Check Details

Version: 0.7
Check: DESCRIPTION meta-information
Result: NOTE
    Dependence on R version ‘3.4.2’ not with patchlevel 0
Flavors: r-devel-linux-x86_64-debian-clang, r-devel-linux-x86_64-debian-gcc, r-devel-linux-x86_64-fedora-clang, r-devel-linux-x86_64-fedora-gcc, r-patched-linux-x86_64, r-release-linux-x86_64