CRAN Package Check Results for Package IQCC

Last updated on 2015-04-19 11:51:10.

Flavor Version Tinstall Tcheck Ttotal Status Flags
r-devel-linux-x86_64-debian-clang 0.6 0.82 13.39 14.22 NOTE
r-devel-linux-x86_64-debian-gcc 0.6 0.82 13.67 14.50 NOTE
r-devel-linux-x86_64-fedora-clang 0.6 26.35 NOTE
r-devel-linux-x86_64-fedora-gcc 0.6 26.82 NOTE
r-devel-osx-x86_64-clang 0.6 30.78 NOTE
r-devel-windows-ix86+x86_64 0.6 4.00 33.00 37.00 NOTE
r-patched-linux-x86_64 0.6 0.78 13.22 14.00 NOTE
r-patched-solaris-sparc 0.6 197.40 NOTE
r-patched-solaris-x86 0.6 36.90 NOTE
r-release-linux-x86_64 0.6 0.80 12.50 13.31 NOTE
r-release-osx-x86_64-mavericks 0.6 NOTE
r-release-osx-x86_64-snowleopard 0.6 ERROR
r-release-windows-ix86+x86_64 0.6 2.00 19.00 21.00 NOTE
r-oldrel-windows-ix86+x86_64 0.6 4.00 35.00 39.00 NOTE

Check Details

Version: 0.6
Check: package namespace information
Result: NOTE
     Namespace with empty importFrom: ‘miscTools’
Flavors: r-devel-linux-x86_64-debian-clang, r-devel-linux-x86_64-debian-gcc, r-devel-linux-x86_64-fedora-clang, r-devel-linux-x86_64-fedora-gcc, r-devel-osx-x86_64-clang, r-devel-windows-ix86+x86_64, r-patched-linux-x86_64, r-patched-solaris-sparc, r-patched-solaris-x86, r-release-linux-x86_64, r-release-osx-x86_64-mavericks, r-release-osx-x86_64-snowleopard, r-release-windows-ix86+x86_64, r-oldrel-windows-ix86+x86_64

Version: 0.6
Check: package dependencies
Result: ERROR
    Packages required but not available: ‘micEcon’ ‘miscTools’
    
    See section ‘The DESCRIPTION file’ in the ‘Writing R Extensions’
    manual.
Flavor: r-release-osx-x86_64-snowleopard