CRAN Package Check Results for Package IQCC

Last updated on 2020-02-21 04:48:25 CET.

Flavor Version Tinstall Tcheck Ttotal Status Flags
r-devel-linux-x86_64-debian-clang 0.7 3.46 25.90 29.36 OK
r-devel-linux-x86_64-debian-gcc 0.7 2.66 19.46 22.12 OK
r-devel-linux-x86_64-fedora-clang 0.7 34.98 OK
r-devel-linux-x86_64-fedora-gcc 0.7 34.07 OK
r-devel-windows-ix86+x86_64 0.7 7.00 38.00 45.00 OK
r-devel-windows-ix86+x86_64-gcc8 0.7 10.00 56.00 66.00 OK
r-patched-linux-x86_64 0.7 2.77 22.61 25.38 NOTE
r-patched-solaris-x86 0.7 47.50 OK
r-release-linux-x86_64 0.7 2.89 22.79 25.68 NOTE
r-release-windows-ix86+x86_64 0.7 5.00 40.00 45.00 OK
r-release-osx-x86_64 0.7 OK
r-oldrel-windows-ix86+x86_64 0.7 3.00 33.00 36.00 OK
r-oldrel-osx-x86_64 0.7 OK

Check Details

Version: 0.7
Check: DESCRIPTION meta-information
Result: NOTE
    Dependence on R version ‘3.4.2’ not with patchlevel 0
Flavors: r-patched-linux-x86_64, r-release-linux-x86_64