CRAN Package Check Results for Package IQCC

Last updated on 2015-01-30 23:48:47.

Flavor Version Tinstall Tcheck Ttotal Status Flags
r-devel-linux-x86_64-debian-clang 0.6 0.80 12.87 13.67 NOTE
r-devel-linux-x86_64-debian-gcc 0.6 0.82 12.42 13.24 NOTE
r-devel-linux-x86_64-fedora-clang 0.6 29.15 NOTE
r-devel-linux-x86_64-fedora-gcc 0.6 26.84 NOTE
r-devel-osx-x86_64-clang 0.6 34.65 NOTE
r-devel-windows-ix86+x86_64 0.6 6.00 22.00 28.00 NOTE
r-patched-linux-x86_64 0.6 0.96 15.23 16.18 NOTE
r-patched-solaris-sparc 0.6 233.40 NOTE
r-patched-solaris-x86 0.6 44.40 NOTE
r-release-linux-ix86 0.6 1.30 21.00 22.30 NOTE
r-release-linux-x86_64 0.6 0.96 14.95 15.92 NOTE
r-release-osx-x86_64-mavericks 0.6 NOTE
r-release-osx-x86_64-snowleopard 0.6 OK
r-release-windows-ix86+x86_64 0.6 4.00 28.00 32.00 NOTE
r-oldrel-windows-ix86+x86_64 0.6 4.00 27.00 31.00 OK

Check Details

Version: 0.6
Check: package namespace information
Result: NOTE
     Namespace with empty importFrom: ‘miscTools’
Flavors: r-devel-linux-x86_64-debian-clang, r-devel-linux-x86_64-debian-gcc, r-devel-linux-x86_64-fedora-clang, r-devel-linux-x86_64-fedora-gcc, r-devel-osx-x86_64-clang, r-devel-windows-ix86+x86_64, r-patched-linux-x86_64, r-patched-solaris-sparc, r-patched-solaris-x86, r-release-linux-ix86, r-release-linux-x86_64, r-release-osx-x86_64-mavericks, r-release-windows-ix86+x86_64