CRAN Package Check Results for Package IQCC

Last updated on 2014-08-23 20:46:55.

Flavor Version Tinstall Tcheck Ttotal Status Flags
r-devel-linux-x86_64-debian-clang 0.6 1.30 14.24 15.54 NOTE
r-devel-linux-x86_64-debian-gcc 0.6 0.89 14.38 15.26 NOTE
r-devel-linux-x86_64-fedora-clang 0.6 30.00 NOTE
r-devel-linux-x86_64-fedora-gcc 0.6 28.34 NOTE
r-devel-osx-x86_64-clang 0.6 31.74 NOTE
r-devel-windows-ix86+x86_64 0.6 4.00 24.00 28.00 NOTE
r-patched-linux-x86_64 0.6 0.90 14.05 14.95 OK
r-patched-solaris-sparc 0.6 214.60 OK
r-patched-solaris-x86 0.6 40.50 OK
r-release-linux-ix86 0.6 1.37 21.26 22.63 OK
r-release-linux-x86_64 0.6 0.94 14.76 15.69 OK
r-release-osx-x86_64-mavericks 0.6 OK
r-release-osx-x86_64-snowleopard 0.6 OK
r-release-windows-ix86+x86_64 0.6 4.00 26.00 30.00 OK
r-oldrel-windows-ix86+x86_64 0.6 5.00 27.00 32.00 OK

Check Details

Version: 0.6
Check: package namespace information
Result: NOTE
     Namespace with empty importFrom: ‘miscTools’
Flavors: r-devel-linux-x86_64-debian-clang, r-devel-linux-x86_64-debian-gcc, r-devel-linux-x86_64-fedora-clang, r-devel-linux-x86_64-fedora-gcc, r-devel-osx-x86_64-clang, r-devel-windows-ix86+x86_64