CRAN Package Check Results for Package IQCC

Last updated on 2018-01-18 06:46:59 CET.

Flavor Version Tinstall Tcheck Ttotal Status Flags
r-devel-linux-x86_64-debian-clang 0.7 1.06 22.42 23.48 NOTE
r-devel-linux-x86_64-debian-gcc 0.7 0.81 18.60 19.41 NOTE
r-devel-linux-x86_64-fedora-clang 0.7 28.35 NOTE
r-devel-linux-x86_64-fedora-gcc 0.7 29.42 NOTE
r-devel-windows-ix86+x86_64 0.7 6.00 52.00 58.00 OK
r-patched-linux-x86_64 0.7 1.17 22.10 23.27 OK
r-patched-solaris-x86 0.7 40.80 OK
r-release-linux-x86_64 0.7 0.84 22.56 23.40 OK
r-release-windows-ix86+x86_64 0.7 3.00 33.00 36.00 OK
r-release-osx-x86_64 0.7 OK
r-oldrel-windows-ix86+x86_64 0.6 5.00 66.00 71.00 NOTE
r-oldrel-osx-x86_64 0.7 ERROR

Check Details

Version: 0.7
Check: DESCRIPTION meta-information
Result: NOTE
    Dependence on R version ‘3.4.2’ not with patchlevel 0
Flavors: r-devel-linux-x86_64-debian-clang, r-devel-linux-x86_64-debian-gcc, r-devel-linux-x86_64-fedora-clang, r-devel-linux-x86_64-fedora-gcc

Version: 0.6
Check: package namespace information
Result: NOTE
     Namespace with empty importFrom: 'miscTools'
Flavor: r-oldrel-windows-ix86+x86_64

Version: 0.6
Check: R code for possible problems
Result: NOTE
    add.data: no visible global function definition for 'points'
    add.data: no visible global function definition for 'lines'
    alpha.risk : risco: no visible global function definition for 'ptukey'
    cchart.R: no visible global function definition for 'mtext'
    cchart.R: no visible global function definition for 'qtukey'
    cchart.S: no visible global function definition for 'qchisq'
    cchart.T2.1: no visible global function definition for 'qbeta'
    cchart.T2.1: no visible global function definition for 'plot'
    cchart.T2.1: no visible global function definition for 'qf'
    cchart.T2.1: no visible global function definition for 'lines'
    cchart.T2.1: no visible global function definition for 'mtext'
    cchart.T2.1: no visible global function definition for 'abline'
    cchart.T2.2: no visible global function definition for 'qf'
    cchart.T2.2: no visible global function definition for 'plot'
    cchart.T2.2: no visible global function definition for 'title'
    cchart.T2.2: no visible global function definition for 'mtext'
    cchart.T2.2: no visible global function definition for 'abline'
    cchart.T2.2: no visible global function definition for 'axis'
    cchart.T2.2: no visible global function definition for 'lines'
    cchart.Xbar_R: no visible global function definition for 'par'
    d2: no visible global function definition for 'integrate'
    d2 : <anonymous>: no visible global function definition for 'ptukey'
    d3: no visible global function definition for 'integrate'
    d3 : <anonymous>: no visible global function definition for 'ptukey'
    table.qtukey : a: no visible global function definition for 'qtukey'
    table.qtukey : b: no visible global function definition for 'qtukey'
    table.qtukey : g: no visible global function definition for 'qtukey'
    table.qtukey : d: no visible global function definition for 'qtukey'
    Undefined global functions or variables:
     abline axis integrate lines mtext par plot points ptukey qbeta qchisq
     qf qtukey title
    Consider adding
     importFrom("graphics", "abline", "axis", "lines", "mtext", "par",
     "plot", "points", "title")
     importFrom("stats", "integrate", "ptukey", "qbeta", "qchisq", "qf",
     "qtukey")
    to your NAMESPACE file.
Flavor: r-oldrel-windows-ix86+x86_64

Version: 0.7
Check: whether package can be installed
Result: ERROR
    Installation failed.
Flavor: r-oldrel-osx-x86_64