CRAN Package Check Results for Package IQCC

Last updated on 2014-12-18 00:48:51.

Flavor Version Tinstall Tcheck Ttotal Status Flags
r-devel-linux-x86_64-debian-clang 0.6 0.93 14.87 15.80 NOTE
r-devel-linux-x86_64-debian-gcc 0.6 0.92 15.38 16.30 NOTE
r-devel-linux-x86_64-fedora-clang 0.6 32.84 NOTE
r-devel-linux-x86_64-fedora-gcc 0.6 29.30 NOTE
r-devel-osx-x86_64-clang 0.6 32.97 NOTE
r-devel-windows-ix86+x86_64 0.6 4.00 27.00 31.00 NOTE
r-patched-linux-x86_64 0.6 0.95 15.14 16.09 NOTE
r-patched-solaris-sparc 0.6 176.20 NOTE
r-patched-solaris-x86 0.6 44.90 NOTE
r-release-linux-ix86 0.6 1.29 20.95 22.24 NOTE
r-release-linux-x86_64 0.6 0.94 14.95 15.88 NOTE
r-release-osx-x86_64-mavericks 0.6 OK
r-release-osx-x86_64-snowleopard 0.6 OK
r-release-windows-ix86+x86_64 0.6 5.00 27.00 32.00 NOTE
r-oldrel-windows-ix86+x86_64 0.6 4.00 27.00 31.00 OK

Check Details

Version: 0.6
Check: package namespace information
Result: NOTE
     Namespace with empty importFrom: ‘miscTools’
Flavors: r-devel-linux-x86_64-debian-clang, r-devel-linux-x86_64-debian-gcc, r-devel-linux-x86_64-fedora-clang, r-devel-linux-x86_64-fedora-gcc, r-devel-osx-x86_64-clang, r-devel-windows-ix86+x86_64, r-patched-linux-x86_64, r-patched-solaris-sparc, r-patched-solaris-x86, r-release-linux-ix86, r-release-linux-x86_64, r-release-windows-ix86+x86_64