CRAN Package Check Results for Package IRISMustangMetrics

Last updated on 2023-12-03 10:52:06 CET.

Flavor Version Tinstall Tcheck Ttotal Status Flags
r-devel-linux-x86_64-debian-clang 2.4.6 10.35 67.71 78.06 NOTE
r-devel-linux-x86_64-debian-gcc 2.4.6 8.56 50.02 58.58 NOTE
r-devel-linux-x86_64-fedora-clang 2.4.6 95.45 OK
r-devel-linux-x86_64-fedora-gcc 2.4.6 99.57 OK
r-devel-windows-x86_64 2.4.6 11.00 80.00 91.00 OK
r-patched-linux-x86_64 2.4.6 14.45 64.84 79.29 OK
r-release-linux-x86_64 2.4.6 7.86 63.18 71.04 OK
r-release-macos-arm64 2.4.6 34.00 OK
r-release-macos-x86_64 2.4.6 65.00 OK
r-release-windows-x86_64 2.4.6 12.00 91.00 103.00 OK
r-oldrel-macos-arm64 2.4.6 35.00 OK
r-oldrel-macos-x86_64 2.4.6 47.00 OK
r-oldrel-windows-x86_64 2.4.6 13.00 93.00 106.00 OK

Check Details

Version: 2.4.6
Check: Rd files
Result: NOTE checkRd: (-1) createBssUrl.Rd:28: Lost braces 28 | \code{constraint}{ a character string containing value constraints } | ^ checkRd: (-1) createBssUrl.Rd:29: Lost braces 29 | \code{url}{ optional url of the BSS measurements service } | ^ checkRd: (-1) getGeneralValueMetrics.Rd:28: Lost braces 28 | \code{constraint}{ a character string containing value constraints } | ^ checkRd: (-1) getGeneralValueMetrics.Rd:29: Lost braces 29 | \code{url}{ optional url of the MUSTANG measurements service} | ^ checkRd: (-1) getMustangMetrics.Rd:28: Lost braces 28 | \code{constraint}{ a character string containing value constraints } | ^ checkRd: (-1) getMustangMetrics.Rd:29: Lost braces 29 | \code{url}{ optional url of the MUSTANG measurements service } | ^ Flavors: r-devel-linux-x86_64-debian-clang, r-devel-linux-x86_64-debian-gcc