Last updated on 2023-02-08 02:57:14 CET.
Flavor | Version | Tinstall | Tcheck | Ttotal | Status | Flags |
---|---|---|---|---|---|---|
r-devel-linux-x86_64-debian-clang | 1.2 | 9.96 | 80.86 | 90.82 | NOTE | |
r-devel-linux-x86_64-debian-gcc | 1.2 | 8.65 | 62.29 | 70.94 | NOTE | |
r-devel-linux-x86_64-fedora-clang | 1.2 | 116.61 | NOTE | |||
r-devel-linux-x86_64-fedora-gcc | 1.2 | 113.29 | NOTE | |||
r-devel-windows-x86_64 | 1.2 | 12.00 | 108.00 | 120.00 | NOTE | |
r-patched-linux-x86_64 | 1.2 | 8.72 | 78.41 | 87.13 | NOTE | |
r-release-linux-x86_64 | 1.2 | 9.35 | 82.77 | 92.12 | NOTE | |
r-release-macos-arm64 | 1.2 | 34.00 | NOTE | |||
r-release-macos-x86_64 | 1.2 | 62.00 | NOTE | |||
r-release-windows-x86_64 | 1.2 | 16.00 | 115.00 | 131.00 | NOTE | |
r-oldrel-macos-arm64 | 1.2 | 38.00 | NOTE | |||
r-oldrel-macos-x86_64 | 1.2 | 59.00 | NOTE | |||
r-oldrel-windows-ix86+x86_64 | 1.2 | 24.00 | 105.00 | 129.00 | NOTE |
Version: 1.2
Check: LazyData
Result: NOTE
'LazyData' is specified without a 'data' directory
Flavors: r-devel-linux-x86_64-debian-clang, r-devel-linux-x86_64-debian-gcc, r-devel-linux-x86_64-fedora-clang, r-devel-linux-x86_64-fedora-gcc, r-devel-windows-x86_64, r-patched-linux-x86_64, r-release-linux-x86_64, r-release-macos-arm64, r-release-macos-x86_64, r-release-windows-x86_64, r-oldrel-macos-arm64, r-oldrel-macos-x86_64, r-oldrel-windows-ix86+x86_64