CRAN Package Check Results for Package ISAT

Last updated on 2024-06-12 17:57:20 CEST.

Flavor Version Tinstall Tcheck Ttotal Status Flags
r-devel-linux-x86_64-debian-clang 1.0.5 3.86 300.20 304.06 NOTE
r-devel-linux-x86_64-debian-gcc 1.0.5 0.50 1.67 2.17 ERROR
r-devel-linux-x86_64-fedora-clang 1.0.5 355.60 NOTE
r-devel-linux-x86_64-fedora-gcc 1.0.5 373.91 NOTE
r-devel-windows-x86_64 1.0.5 4.00 212.00 216.00 NOTE
r-patched-linux-x86_64 1.0.5 3.81 280.94 284.75 NOTE
r-release-linux-x86_64 1.0.5 3.66 292.83 296.49 NOTE
r-release-macos-arm64 1.0.5 100.00 NOTE
r-release-macos-x86_64 1.0.5 151.00 NOTE
r-release-windows-x86_64 1.0.5 4.00 210.00 214.00 NOTE
r-oldrel-macos-arm64 1.0.5 110.00 NOTE
r-oldrel-macos-x86_64 1.0.5 171.00 NOTE
r-oldrel-windows-x86_64 1.0.5 4.00 237.00 241.00 NOTE

Check Details

Version: 1.0.5
Check: LazyData
Result: NOTE 'LazyData' is specified without a 'data' directory Flavors: r-devel-linux-x86_64-debian-clang, r-devel-linux-x86_64-fedora-clang, r-devel-linux-x86_64-fedora-gcc, r-devel-windows-x86_64, r-patched-linux-x86_64, r-release-linux-x86_64, r-release-macos-arm64, r-release-macos-x86_64, r-release-windows-x86_64, r-oldrel-macos-arm64, r-oldrel-macos-x86_64, r-oldrel-windows-x86_64

Version: 1.0.5
Check: package dependencies
Result: ERROR Package required but not available: ‘stringr’ Package suggested but not available for checking: ‘dplyr’ See section ‘The DESCRIPTION file’ in the ‘Writing R Extensions’ manual. Flavor: r-devel-linux-x86_64-debian-gcc