CRAN Package Check Results for Package ISDA.R

Last updated on 2015-01-31 20:46:49.

Flavor Version Tinstall Tcheck Ttotal Status Flags
r-devel-linux-x86_64-debian-clang 1.0 0.62 10.82 11.44 NOTE
r-devel-linux-x86_64-debian-gcc 1.0 0.61 10.11 10.72 NOTE
r-devel-linux-x86_64-fedora-clang 1.0 23.82 NOTE
r-devel-linux-x86_64-fedora-gcc 1.0 22.21 NOTE
r-devel-osx-x86_64-clang 1.0 27.22 NOTE
r-devel-windows-ix86+x86_64 1.0 4.00 19.00 23.00 NOTE
r-patched-linux-x86_64 1.0 0.66 11.21 11.87 NOTE
r-patched-solaris-sparc 1.0 167.50 NOTE
r-patched-solaris-x86 1.0 35.60 NOTE
r-release-linux-ix86 1.0 0.94 17.69 18.63 NOTE
r-release-linux-x86_64 1.0 0.66 11.53 12.20 NOTE
r-release-osx-x86_64-mavericks 1.0 NOTE
r-release-osx-x86_64-snowleopard 1.0 NOTE
r-release-windows-ix86+x86_64 1.0 3.00 18.00 21.00 NOTE
r-oldrel-windows-ix86+x86_64 1.0 2.00 20.00 22.00 NOTE

Check Details

Version: 1.0
Check: dependencies in R code
Result: NOTE
    'library' or 'require' call to ‘scatterplot3d’ which was already attached by Depends.
     Please remove these calls from your code.
Flavors: r-devel-linux-x86_64-debian-clang, r-devel-linux-x86_64-debian-gcc, r-devel-linux-x86_64-fedora-clang, r-devel-linux-x86_64-fedora-gcc, r-devel-osx-x86_64-clang, r-devel-windows-ix86+x86_64

Version: 1.0
Check: S3 generic/method consistency
Result: NOTE
    Found the following apparent S3 methods exported but not registered:
     summary.interval
    See section ‘Registering S3 methods’ in the ‘Writing R Extensions’
    manual.
Flavors: r-devel-linux-x86_64-debian-clang, r-devel-linux-x86_64-debian-gcc, r-devel-linux-x86_64-fedora-clang, r-devel-linux-x86_64-fedora-gcc, r-devel-osx-x86_64-clang

Version: 1.0
Check: dependencies in R code
Result: NOTE
    'library' or 'require' call to ‘scatterplot3d’ which was already attached by Depends.
     Please remove these calls from your code.
    See the information on DESCRIPTION files in the chapter ‘Creating R
    packages’ of the ‘Writing R Extensions’ manual.
Flavors: r-patched-linux-x86_64, r-patched-solaris-sparc, r-patched-solaris-x86, r-release-linux-ix86, r-release-linux-x86_64, r-release-osx-x86_64-mavericks, r-release-osx-x86_64-snowleopard, r-release-windows-ix86+x86_64, r-oldrel-windows-ix86+x86_64