CRAN Package Check Results for Package ISDA.R

Last updated on 2014-07-26 01:49:46.

Flavor Version Tinstall Tcheck Ttotal Status Flags
r-devel-linux-x86_64-debian-clang 1.0 0.60 10.77 11.38 NOTE
r-devel-linux-x86_64-debian-gcc 1.0 0.60 10.65 11.25 NOTE
r-devel-linux-x86_64-fedora-clang 1.0 23.40 NOTE
r-devel-linux-x86_64-fedora-gcc 1.0 20.91 NOTE
r-devel-osx-x86_64-clang 1.0 24.93 NOTE
r-devel-windows-ix86+x86_64 1.0 3.00 19.00 22.00 NOTE
r-patched-linux-x86_64 1.0 0.64 10.92 11.55 NOTE
r-patched-solaris-sparc 1.0 131.70 NOTE
r-patched-solaris-x86 1.0 33.20 NOTE
r-release-linux-ix86 1.0 0.93 17.01 17.94 NOTE
r-release-linux-x86_64 1.0 0.67 11.37 12.04 NOTE
r-release-osx-x86_64-mavericks 1.0 NOTE
r-release-osx-x86_64-snowleopard 1.0 NOTE
r-release-windows-ix86+x86_64 1.0 4.00 20.00 24.00 NOTE
r-oldrel-windows-ix86+x86_64 1.0 2.00 20.00 22.00 NOTE

Check Details

Version: 1.0
Check: dependencies in R code
Result: NOTE
    'library' or 'require' call to ‘scatterplot3d’ which was already attached by Depends.
     Please remove these calls from your code.
    See the information on DESCRIPTION files in the chapter ‘Creating R
    packages’ of the ‘Writing R Extensions’ manual.
Flavors: r-devel-linux-x86_64-debian-clang, r-devel-linux-x86_64-debian-gcc, r-devel-linux-x86_64-fedora-clang, r-devel-linux-x86_64-fedora-gcc, r-devel-osx-x86_64-clang, r-devel-windows-ix86+x86_64, r-patched-linux-x86_64, r-patched-solaris-sparc, r-patched-solaris-x86, r-release-linux-ix86, r-release-linux-x86_64, r-release-osx-x86_64-mavericks, r-release-osx-x86_64-snowleopard, r-release-windows-ix86+x86_64, r-oldrel-windows-ix86+x86_64