CRAN Package Check Results for Package ISDA.R

Last updated on 2014-04-17 06:46:51.

Flavor Version Tinstall Tcheck Ttotal Status Flags
r-devel-linux-x86_64-debian-clang 1.0 0.66 10.99 11.66 NOTE
r-devel-linux-x86_64-debian-gcc 1.0 0.65 11.06 11.70 NOTE
r-devel-linux-x86_64-fedora-clang 1.0 23.20 NOTE
r-devel-linux-x86_64-fedora-gcc 1.0 21.62 NOTE
r-devel-macosx-x86_64-clang 1.0 25.96 NOTE
r-devel-macosx-x86_64-gcc 1.0 NOTE
r-devel-windows-ix86+x86_64 1.0 2.00 24.00 26.00 NOTE
r-patched-linux-x86_64 1.0 0.65 11.23 11.88 NOTE
r-patched-solaris-sparc 1.0 131.70 NOTE
r-patched-solaris-x86 1.0 32.30 NOTE
r-release-linux-ix86 1.0 2.00 24.00 26.00 NOTE
r-release-linux-x86_64 1.0 0.64 11.18 11.82 NOTE
r-release-macosx-x86_64 1.0 NOTE
r-release-windows-ix86+x86_64 1.0 5.00 25.00 30.00 NOTE
r-oldrel-windows-ix86+x86_64 1.0 2.00 20.00 22.00 NOTE

Check Details

Version: 1.0
Check: dependencies in R code
Result: NOTE
    'library' or 'require' call to ‘scatterplot3d’ which was already attached by Depends.
     Please remove these calls from your code.
    See the information on DESCRIPTION files in the chapter ‘Creating R
    packages’ of the ‘Writing R Extensions’ manual.
Flavors: r-devel-linux-x86_64-debian-clang, r-devel-linux-x86_64-debian-gcc, r-devel-linux-x86_64-fedora-clang, r-devel-linux-x86_64-fedora-gcc, r-devel-macosx-x86_64-clang, r-devel-macosx-x86_64-gcc, r-devel-windows-ix86+x86_64, r-patched-linux-x86_64, r-patched-solaris-sparc, r-patched-solaris-x86, r-release-linux-ix86, r-release-linux-x86_64, r-release-macosx-x86_64, r-release-windows-ix86+x86_64, r-oldrel-windows-ix86+x86_64