CRAN Package Check Results for Package ISDA.R

Last updated on 2017-12-11 08:48:42 CET.

Flavor Version Tinstall Tcheck Ttotal Status Flags
r-devel-linux-x86_64-debian-clang 1.0 0.68 16.40 17.08 NOTE
r-devel-linux-x86_64-debian-gcc 1.0 0.64 14.84 15.48 NOTE
r-devel-linux-x86_64-fedora-clang 1.0 22.04 NOTE
r-devel-linux-x86_64-fedora-gcc 1.0 20.97 NOTE
r-devel-windows-ix86+x86_64 1.0 5.00 44.00 49.00 NOTE
r-patched-linux-x86_64 1.0 0.66 18.34 19.00 NOTE
r-patched-solaris-x86 1.0 35.50 NOTE
r-release-linux-x86_64 1.0 0.88 18.31 19.19 NOTE
r-release-windows-ix86+x86_64 1.0 3.00 29.00 32.00 NOTE
r-release-osx-x86_64 1.0 NOTE
r-oldrel-windows-ix86+x86_64 1.0 3.00 26.00 29.00 NOTE
r-oldrel-osx-x86_64 1.0 NOTE

Check Details

Version: 1.0
Check: dependencies in R code
Result: NOTE
    'library' or 'require' call to ‘scatterplot3d’ which was already attached by Depends.
     Please remove these calls from your code.
Flavors: r-devel-linux-x86_64-debian-clang, r-devel-linux-x86_64-debian-gcc, r-devel-linux-x86_64-fedora-clang, r-devel-linux-x86_64-fedora-gcc, r-devel-windows-ix86+x86_64, r-patched-linux-x86_64, r-patched-solaris-x86, r-release-linux-x86_64, r-release-windows-ix86+x86_64, r-release-osx-x86_64, r-oldrel-windows-ix86+x86_64, r-oldrel-osx-x86_64

Version: 1.0
Check: S3 generic/method consistency
Result: NOTE
    Found the following apparent S3 methods exported but not registered:
     summary.interval
    See section ‘Registering S3 methods’ in the ‘Writing R Extensions’
    manual.
Flavors: r-devel-linux-x86_64-debian-clang, r-devel-linux-x86_64-debian-gcc, r-devel-linux-x86_64-fedora-clang, r-devel-linux-x86_64-fedora-gcc, r-patched-linux-x86_64, r-patched-solaris-x86, r-release-linux-x86_64

Version: 1.0
Check: R code for possible problems
Result: NOTE
    histInterval : buildHist: no visible global function definition for
     ‘hist’
    intervalGraph3D: no visible global function definition for ‘par’
    regInterval: no visible global function definition for ‘lm’
    Undefined global functions or variables:
     hist lm par
    Consider adding
     importFrom("graphics", "hist", "par")
     importFrom("stats", "lm")
    to your NAMESPACE file.
Flavors: r-devel-linux-x86_64-debian-clang, r-devel-linux-x86_64-debian-gcc, r-devel-linux-x86_64-fedora-clang, r-devel-linux-x86_64-fedora-gcc, r-devel-windows-ix86+x86_64, r-patched-linux-x86_64, r-patched-solaris-x86, r-release-linux-x86_64, r-release-windows-ix86+x86_64, r-release-osx-x86_64, r-oldrel-windows-ix86+x86_64, r-oldrel-osx-x86_64