CRAN Package Check Results for Package ISDA.R

Last updated on 2016-02-13 19:47:11.

Flavor Version Tinstall Tcheck Ttotal Status Flags
r-devel-linux-x86_64-debian-gcc 1.0 0.57 9.74 10.31 NOTE
r-devel-linux-x86_64-fedora-clang 1.0 18.14 NOTE
r-devel-linux-x86_64-fedora-gcc 1.0 16.96 NOTE
r-devel-osx-x86_64-clang 1.0 20.36 NOTE
r-devel-windows-ix86+x86_64 1.0 4.00 22.00 26.00 NOTE
r-patched-linux-x86_64 1.0 0.75 10.76 11.51 NOTE
r-patched-solaris-sparc 1.0 119.90 NOTE
r-patched-solaris-x86 1.0 28.10 NOTE
r-release-linux-x86_64 1.0 0.72 10.32 11.04 NOTE
r-release-osx-x86_64-mavericks 1.0 NOTE
r-release-windows-ix86+x86_64 1.0 2.00 17.00 19.00 NOTE
r-oldrel-windows-ix86+x86_64 1.0 3.00 21.00 24.00 NOTE

Check Details

Version: 1.0
Check: dependencies in R code
Result: NOTE
    'library' or 'require' call to ‘scatterplot3d’ which was already attached by Depends.
     Please remove these calls from your code.
Flavors: r-devel-linux-x86_64-debian-gcc, r-devel-linux-x86_64-fedora-clang, r-devel-linux-x86_64-fedora-gcc, r-devel-osx-x86_64-clang, r-devel-windows-ix86+x86_64, r-patched-linux-x86_64, r-patched-solaris-sparc, r-patched-solaris-x86, r-release-linux-x86_64, r-release-osx-x86_64-mavericks, r-release-windows-ix86+x86_64, r-oldrel-windows-ix86+x86_64

Version: 1.0
Check: S3 generic/method consistency
Result: NOTE
    Found the following apparent S3 methods exported but not registered:
     summary.interval
    See section ‘Registering S3 methods’ in the ‘Writing R Extensions’
    manual.
Flavors: r-devel-linux-x86_64-debian-gcc, r-devel-linux-x86_64-fedora-clang, r-devel-linux-x86_64-fedora-gcc, r-devel-osx-x86_64-clang, r-patched-linux-x86_64, r-patched-solaris-sparc, r-patched-solaris-x86, r-release-linux-x86_64

Version: 1.0
Check: R code for possible problems
Result: NOTE
    histInterval : buildHist: no visible global function definition for
     ‘hist’
    intervalGraph3D: no visible global function definition for ‘par’
    regInterval: no visible global function definition for ‘lm’
    Undefined global functions or variables:
     hist lm par
    Consider adding
     importFrom("graphics", "hist", "par")
     importFrom("stats", "lm")
    to your NAMESPACE file.
Flavors: r-devel-linux-x86_64-debian-gcc, r-devel-linux-x86_64-fedora-clang, r-devel-linux-x86_64-fedora-gcc, r-devel-osx-x86_64-clang, r-devel-windows-ix86+x86_64