CRAN Package Check Results for Package ISDA.R

Last updated on 2014-08-21 07:49:14.

Flavor Version Tinstall Tcheck Ttotal Status Flags
r-devel-linux-x86_64-debian-clang 1.0 0.66 10.63 11.30 NOTE
r-devel-linux-x86_64-debian-gcc 1.0 0.61 10.55 11.16 NOTE
r-devel-linux-x86_64-fedora-clang 1.0 26.58 NOTE
r-devel-linux-x86_64-fedora-gcc 1.0 20.50 NOTE
r-devel-osx-x86_64-clang 1.0 25.23 NOTE
r-devel-windows-ix86+x86_64 1.0 3.00 19.00 22.00 NOTE
r-patched-linux-x86_64 1.0 0.60 10.52 11.12 NOTE
r-patched-solaris-sparc 1.0 178.20 NOTE
r-patched-solaris-x86 1.0 32.70 NOTE
r-release-linux-ix86 1.0 1.12 17.05 18.17 NOTE
r-release-linux-x86_64 1.0 0.64 11.05 11.69 NOTE
r-release-osx-x86_64-mavericks 1.0 NOTE
r-release-osx-x86_64-snowleopard 1.0 NOTE
r-release-windows-ix86+x86_64 1.0 4.00 20.00 24.00 NOTE
r-oldrel-windows-ix86+x86_64 1.0 2.00 20.00 22.00 NOTE

Check Details

Version: 1.0
Check: dependencies in R code
Result: NOTE
    'library' or 'require' call to ‘scatterplot3d’ which was already attached by Depends.
     Please remove these calls from your code.
    See the information on DESCRIPTION files in the chapter ‘Creating R
    packages’ of the ‘Writing R Extensions’ manual.
Flavors: r-devel-linux-x86_64-debian-clang, r-devel-linux-x86_64-debian-gcc, r-devel-linux-x86_64-fedora-clang, r-devel-linux-x86_64-fedora-gcc, r-devel-osx-x86_64-clang, r-devel-windows-ix86+x86_64, r-patched-linux-x86_64, r-patched-solaris-sparc, r-patched-solaris-x86, r-release-linux-ix86, r-release-linux-x86_64, r-release-osx-x86_64-mavericks, r-release-osx-x86_64-snowleopard, r-release-windows-ix86+x86_64, r-oldrel-windows-ix86+x86_64