CRAN Package Check Results for Package ISDA.R

Last updated on 2016-12-10 23:48:43.

Flavor Version Tinstall Tcheck Ttotal Status Flags
r-devel-linux-x86_64-debian-clang 1.0 0.66 13.15 13.82 NOTE
r-devel-linux-x86_64-debian-gcc 1.0 0.68 13.54 14.22 NOTE
r-devel-linux-x86_64-fedora-clang 1.0 22.73 NOTE --no-stop-on-test-error
r-devel-linux-x86_64-fedora-gcc 1.0 20.72 NOTE --no-stop-on-test-error
r-devel-macos-x86_64-clang 1.0 20.26 NOTE --no-stop-on-test-error
r-devel-windows-ix86+x86_64 1.0 5.00 37.00 42.00 NOTE
r-patched-linux-x86_64 1.0 0.61 11.12 11.73 NOTE
r-patched-solaris-sparc 1.0 124.20 NOTE
r-patched-solaris-x86 1.0 28.90 NOTE
r-release-linux-x86_64 1.0 0.59 11.25 11.84 NOTE
r-release-osx-x86_64-mavericks 1.0 NOTE
r-release-windows-ix86+x86_64 1.0 2.00 28.00 30.00 NOTE
r-oldrel-windows-ix86+x86_64 1.0 3.00 25.00 28.00 NOTE

Check Details

Version: 1.0
Check: dependencies in R code
Result: NOTE
    'library' or 'require' call to ‘scatterplot3d’ which was already attached by Depends.
     Please remove these calls from your code.
Flavors: r-devel-linux-x86_64-debian-clang, r-devel-linux-x86_64-debian-gcc, r-devel-windows-ix86+x86_64, r-patched-linux-x86_64, r-patched-solaris-sparc, r-patched-solaris-x86, r-release-linux-x86_64, r-release-osx-x86_64-mavericks, r-release-windows-ix86+x86_64, r-oldrel-windows-ix86+x86_64

Version: 1.0
Check: S3 generic/method consistency
Result: NOTE
    Found the following apparent S3 methods exported but not registered:
     summary.interval
    See section ‘Registering S3 methods’ in the ‘Writing R Extensions’
    manual.
Flavors: r-devel-linux-x86_64-debian-clang, r-devel-linux-x86_64-debian-gcc, r-patched-linux-x86_64, r-patched-solaris-sparc, r-patched-solaris-x86, r-release-linux-x86_64

Version: 1.0
Check: R code for possible problems
Result: NOTE
    histInterval : buildHist: no visible global function definition for
     ‘hist’
    intervalGraph3D: no visible global function definition for ‘par’
    regInterval: no visible global function definition for ‘lm’
    Undefined global functions or variables:
     hist lm par
    Consider adding
     importFrom("graphics", "hist", "par")
     importFrom("stats", "lm")
    to your NAMESPACE file.
Flavors: r-devel-linux-x86_64-debian-clang, r-devel-linux-x86_64-debian-gcc, r-devel-windows-ix86+x86_64, r-patched-linux-x86_64, r-patched-solaris-sparc, r-patched-solaris-x86, r-release-linux-x86_64, r-release-osx-x86_64-mavericks, r-release-windows-ix86+x86_64

Version: 1.0
Flags: --no-stop-on-test-error
Check: dependencies in R code
Result: NOTE
    'library' or 'require' call to ‘scatterplot3d’ which was already attached by Depends.
     Please remove these calls from your code.
Flavors: r-devel-linux-x86_64-fedora-clang, r-devel-linux-x86_64-fedora-gcc, r-devel-macos-x86_64-clang

Version: 1.0
Flags: --no-stop-on-test-error
Check: S3 generic/method consistency
Result: NOTE
    Found the following apparent S3 methods exported but not registered:
     summary.interval
    See section ‘Registering S3 methods’ in the ‘Writing R Extensions’
    manual.
Flavors: r-devel-linux-x86_64-fedora-clang, r-devel-linux-x86_64-fedora-gcc, r-devel-macos-x86_64-clang

Version: 1.0
Flags: --no-stop-on-test-error
Check: R code for possible problems
Result: NOTE
    histInterval : buildHist: no visible global function definition for
     ‘hist’
    intervalGraph3D: no visible global function definition for ‘par’
    regInterval: no visible global function definition for ‘lm’
    Undefined global functions or variables:
     hist lm par
    Consider adding
     importFrom("graphics", "hist", "par")
     importFrom("stats", "lm")
    to your NAMESPACE file.
Flavors: r-devel-linux-x86_64-fedora-clang, r-devel-linux-x86_64-fedora-gcc, r-devel-macos-x86_64-clang